{"id":734881,"date":"2025-08-27T22:36:33","date_gmt":"2025-08-27T19:36:33","guid":{"rendered":"https:\/\/roveyayinevi.com.tr\/index.php\/urun\/tanrinin-gozbebegi-insan\/"},"modified":"2026-04-16T02:42:52","modified_gmt":"2026-04-15T23:42:52","slug":"tanrinin-gozbebegi-insan","status":"publish","type":"product","link":"https:\/\/roveyayinevi.com.tr\/index.php\/urun\/tanrinin-gozbebegi-insan\/","title":{"rendered":"Tanr\u0131&#8217;n\u0131n G\u00f6zbebe\u011fi \u0130nsan"},"content":{"rendered":"<p>Kur\u2019an, akl\u0131n\u0131 kullanan, \u00f6zg\u00fcr iradesiyle se\u00e7imler yaparak mevcudu daha iyiye g\u00f6t\u00fcrmeyi ama\u00e7layan; herkesin ya\u015fam hakk\u0131na, mutlulu\u011fu arama \u00e7abas\u0131na sayg\u0131l\u0131 olan, toplumda var olan farkl\u0131 kesimlerin ya\u015fam ideallerine, beklentilerine sayg\u0131 duyan insan\u0131 var k\u0131lma amac\u0131ndad\u0131r. B\u00f6yle bir dinamizme kavu\u015fturduktan sonra Allah insan\u0131 mevcut d\u00fcnyay\u0131 \u0131slah etmeye davet eder. Bu \u0131slah, her \u015feyden \u00f6nce yanl\u0131\u015f alg\u0131lar\u0131n \u0131slah\u0131yla ba\u015flamal\u0131d\u0131r. Ba\u011fr\u0131nda cennet potansiyelleri ta\u015f\u0131yan yery\u00fcz\u00fcn\u00fc \u2018sek\u00fcler\u2019 ilan ederek tahkir eden ve insan\u0131, imar ve \u0131slah edece\u011fi bu d\u00fcnyaya, arzulara, maddi olana yabanc\u0131la\u015ft\u0131ran bir d\u00fc\u015f\u00fcnce gelene\u011fini \u0131slah bu \u00e7aban\u0131n mihverini olu\u015fturmal\u0131d\u0131r. Ezeli hikmetin d\u0131\u015favurumu olarak d\u00fcnyam\u0131z\u0131n; Tanr\u0131\u2019n\u0131n g\u00f6zbebe\u011fi olarak da insan\u0131n hak etti\u011fi muamele budur.<\/p>\n","protected":false},"excerpt":{"rendered":"<p>Kur\u2019an, akl\u0131n\u0131 kullanan, \u00f6zg\u00fcr iradesiyle se\u00e7imler yaparak mevcudu daha iyiye g\u00f6t\u00fcrmeyi ama\u00e7layan; herkesin ya\u015fam hakk\u0131na, mutlulu\u011fu arama \u00e7abas\u0131na sayg\u0131l\u0131 olan, toplumda var olan farkl\u0131 kesimlerin ya\u015fam<span class=\"excerpt-hellip\"> [\u2026]<\/span><\/p>\n","protected":false},"featured_media":0,"template":"","meta":{"_monsterinsights_skip_tracking":false,"_monsterinsights_sitenote_active":false,"_monsterinsights_sitenote_note":"","_monsterinsights_sitenote_category":0},"product_brand":[],"product_cat":[12718,12719,13025],"product_tag":[],"class_list":{"0":"post-734881","1":"product","2":"type-product","3":"status-publish","5":"product_cat-din","6":"product_cat-islam","7":"product_cat-islam-ve-gunumuz-islam-dusuncesi","8":"pa_cilt-ciltsiz","9":"pa_tur-kitap","10":"pa_yayinevi-otto-yayinlari","11":"pa_yazar-saban-ali-duzgun","13":"first","14":"instock","15":"sale","16":"shipping-taxable","17":"purchasable","18":"product-type-simple"},"_links":{"self":[{"href":"https:\/\/roveyayinevi.com.tr\/index.php\/wp-json\/wp\/v2\/product\/734881","targetHints":{"allow":["GET"]}}],"collection":[{"href":"https:\/\/roveyayinevi.com.tr\/index.php\/wp-json\/wp\/v2\/product"}],"about":[{"href":"https:\/\/roveyayinevi.com.tr\/index.php\/wp-json\/wp\/v2\/types\/product"}],"wp:attachment":[{"href":"https:\/\/roveyayinevi.com.tr\/index.php\/wp-json\/wp\/v2\/media?parent=734881"}],"wp:term":[{"taxonomy":"product_brand","embeddable":true,"href":"https:\/\/roveyayinevi.com.tr\/index.php\/wp-json\/wp\/v2\/product_brand?post=734881"},{"taxonomy":"product_cat","embeddable":true,"href":"https:\/\/roveyayinevi.com.tr\/index.php\/wp-json\/wp\/v2\/product_cat?post=734881"},{"taxonomy":"product_tag","embeddable":true,"href":"https:\/\/roveyayinevi.com.tr\/index.php\/wp-json\/wp\/v2\/product_tag?post=734881"}],"curies":[{"name":"wp","href":"https:\/\/api.w.org\/{rel}","templated":true}]}}