{"id":734880,"date":"2025-08-27T22:36:33","date_gmt":"2025-08-27T19:36:33","guid":{"rendered":"https:\/\/roveyayinevi.com.tr\/index.php\/urun\/hakikat-hareket-ve-insa\/"},"modified":"2026-04-16T02:42:52","modified_gmt":"2026-04-15T23:42:52","slug":"hakikat-hareket-ve-insa","status":"publish","type":"product","link":"https:\/\/roveyayinevi.com.tr\/index.php\/urun\/hakikat-hareket-ve-insa\/","title":{"rendered":"Hakikat, Hareket ve \u0130n\u015fa"},"content":{"rendered":"<p>Bug\u00fcn karma\u015f\u0131kl\u0131\u011f\u0131n ve belirsizli\u011fin h\u00e2kim oldu\u011fu; m\u00fccadelelerle, \u00e7eli\u015fkilerle karakterize edilen, her biriminde b\u00f6l\u00fcnm\u00fc\u015fl\u00fc\u011f\u00fcn h\u00fck\u00fcm s\u00fcrd\u00fc\u011f\u00fc bir d\u00fcnyada ya\u015f\u0131yoruz. Bu karma\u015f\u0131k yap\u0131, olaylar\u0131 kat\u0131 bir nedensellik ile a\u00e7\u0131klamay\u0131 ve yarg\u0131lamay\u0131 imk\u00e2ns\u0131z hale getirmektedir. Bu kaotik ortamda farkl\u0131 olarak tan\u0131mlanan her birim (din, \u0131rk, toplum, siyasal parti, vs.) kendini \u00e7oklu nedensellikler i\u00e7inde bulmaktad\u0131r. Bu \u00e7o\u011fulluk, bir yandan i\u00e7ine do\u011fdu\u011fumuz kimliklere ek \u2018bile\u015fik kimlikler\u2019 yaratmay\u0131 di\u011fer yandan bu yeni durumu dikkate alan bir dil ve s\u00f6ylem geli\u015ftirmeyi gerektirmektedir. Bu kitap, fark edilmeyenleri fark edilir k\u0131lmak; etkisizle\u015ftirilenleri etkin birer kudret olarak ya\u015fam \u0131rma\u011f\u0131na katmak isteyenlere yol rehberli\u011fi yapmas\u0131 i\u00e7in haz\u0131rland\u0131. <\/p>\n","protected":false},"excerpt":{"rendered":"<p>Bug\u00fcn karma\u015f\u0131kl\u0131\u011f\u0131n ve belirsizli\u011fin h\u00e2kim oldu\u011fu; m\u00fccadelelerle, \u00e7eli\u015fkilerle karakterize edilen, her biriminde b\u00f6l\u00fcnm\u00fc\u015fl\u00fc\u011f\u00fcn h\u00fck\u00fcm s\u00fcrd\u00fc\u011f\u00fc bir d\u00fcnyada ya\u015f\u0131yoruz. Bu karma\u015f\u0131k yap\u0131, olaylar\u0131 kat\u0131 bir nedensellik ile<span class=\"excerpt-hellip\"> [\u2026]<\/span><\/p>\n","protected":false},"featured_media":0,"template":"","meta":{"_monsterinsights_skip_tracking":false,"_monsterinsights_sitenote_active":false,"_monsterinsights_sitenote_note":"","_monsterinsights_sitenote_category":0},"product_brand":[],"product_cat":[12718,12719,18109],"product_tag":[],"class_list":{"0":"post-734880","1":"product","2":"type-product","3":"status-publish","5":"product_cat-din","6":"product_cat-islam","7":"product_cat-islam-tarihi","8":"pa_cilt-ciltsiz","9":"pa_tur-kitap","10":"pa_yayinevi-otto-yayinlari","11":"pa_yazar-saban-ali-duzgun","13":"first","14":"instock","15":"sale","16":"shipping-taxable","17":"purchasable","18":"product-type-simple"},"_links":{"self":[{"href":"https:\/\/roveyayinevi.com.tr\/index.php\/wp-json\/wp\/v2\/product\/734880","targetHints":{"allow":["GET"]}}],"collection":[{"href":"https:\/\/roveyayinevi.com.tr\/index.php\/wp-json\/wp\/v2\/product"}],"about":[{"href":"https:\/\/roveyayinevi.com.tr\/index.php\/wp-json\/wp\/v2\/types\/product"}],"wp:attachment":[{"href":"https:\/\/roveyayinevi.com.tr\/index.php\/wp-json\/wp\/v2\/media?parent=734880"}],"wp:term":[{"taxonomy":"product_brand","embeddable":true,"href":"https:\/\/roveyayinevi.com.tr\/index.php\/wp-json\/wp\/v2\/product_brand?post=734880"},{"taxonomy":"product_cat","embeddable":true,"href":"https:\/\/roveyayinevi.com.tr\/index.php\/wp-json\/wp\/v2\/product_cat?post=734880"},{"taxonomy":"product_tag","embeddable":true,"href":"https:\/\/roveyayinevi.com.tr\/index.php\/wp-json\/wp\/v2\/product_tag?post=734880"}],"curies":[{"name":"wp","href":"https:\/\/api.w.org\/{rel}","templated":true}]}}