{"id":734878,"date":"2025-08-27T22:36:30","date_gmt":"2025-08-27T19:36:30","guid":{"rendered":"https:\/\/roveyayinevi.com.tr\/index.php\/urun\/saatin-arka-yuzu\/"},"modified":"2026-04-16T02:42:52","modified_gmt":"2026-04-15T23:42:52","slug":"saatin-arka-yuzu","status":"publish","type":"product","link":"https:\/\/roveyayinevi.com.tr\/index.php\/urun\/saatin-arka-yuzu\/","title":{"rendered":"Saatin Arka Y\u00fcz\u00fc"},"content":{"rendered":"<p>Zaman, kendini saatin \u00f6n y\u00fcz\u00fcnde ne kadar g\u00f6sterir? Orada akan zaman m\u0131d\u0131r yoksa zaman\u0131n bir soyutlamas\u0131 m\u0131? Hi\u00e7bir zaman biriminin olmad\u0131\u011f\u0131, belirsiz bir r\u00fczg\u00e2r\u0131n tozlar\u0131 biriktirdi\u011fi, \u0131\u015f\u0131\u011f\u0131n duvar boyas\u0131n\u0131 soldurdu\u011fu, belki k\u00fc\u00e7\u00fck bir \u00f6r\u00fcmce\u011fin kendisine d\u00fcnya kurdu\u011fu bir yerdir saatin arka y\u00fcz\u00fc. G\u00fcr\u00fclt\u00fcs\u00fcn\u00fc sadece sezebilece\u011fimiz bir nehir gibi de\u011fi\u015fken h\u0131zlarda akar orada zaman. Saatin \u00f6n y\u00fcz\u00fcnde guguk diyen bir ku\u015f, saniye sektirmemeye \u00e7al\u0131\u015farak ko\u015fu\u015ftursa da, zaman\u0131 herkes i\u00e7in ortak ve anla\u015f\u0131labilir birimlerle anlatmaya u\u011fra\u015fsa da, arka y\u00fcz\u00fcnde her \u015feyin \u00f6znel oldu\u011funu bilen bir Zaman\u2019\u0131n yaz\u0131lar\u0131d\u0131r bunlar. Merhaba&#8230; Mehmet Zaman Sa\u00e7l\u0131o\u011flu <\/p>\n","protected":false},"excerpt":{"rendered":"<p>Zaman, kendini saatin \u00f6n y\u00fcz\u00fcnde ne kadar g\u00f6sterir? Orada akan zaman m\u0131d\u0131r yoksa zaman\u0131n bir soyutlamas\u0131 m\u0131? Hi\u00e7bir zaman biriminin olmad\u0131\u011f\u0131, belirsiz bir r\u00fczg\u00e2r\u0131n tozlar\u0131 biriktirdi\u011fi,<span class=\"excerpt-hellip\"> [\u2026]<\/span><\/p>\n","protected":false},"featured_media":0,"template":"","meta":{"_monsterinsights_skip_tracking":false,"_monsterinsights_sitenote_active":false,"_monsterinsights_sitenote_note":"","_monsterinsights_sitenote_category":0},"product_brand":[],"product_cat":[12777,12291],"product_tag":[],"class_list":{"0":"post-734878","1":"product","2":"type-product","3":"status-publish","5":"product_cat-deneme","6":"product_cat-edebiyat","7":"pa_cilt-ciltsiz","8":"pa_tur-kitap","9":"pa_yayinevi-bilgi-yayinevi","10":"pa_yazar-mehmet-zaman-saclioglu","12":"first","13":"instock","14":"sale","15":"shipping-taxable","16":"purchasable","17":"product-type-simple"},"_links":{"self":[{"href":"https:\/\/roveyayinevi.com.tr\/index.php\/wp-json\/wp\/v2\/product\/734878","targetHints":{"allow":["GET"]}}],"collection":[{"href":"https:\/\/roveyayinevi.com.tr\/index.php\/wp-json\/wp\/v2\/product"}],"about":[{"href":"https:\/\/roveyayinevi.com.tr\/index.php\/wp-json\/wp\/v2\/types\/product"}],"wp:attachment":[{"href":"https:\/\/roveyayinevi.com.tr\/index.php\/wp-json\/wp\/v2\/media?parent=734878"}],"wp:term":[{"taxonomy":"product_brand","embeddable":true,"href":"https:\/\/roveyayinevi.com.tr\/index.php\/wp-json\/wp\/v2\/product_brand?post=734878"},{"taxonomy":"product_cat","embeddable":true,"href":"https:\/\/roveyayinevi.com.tr\/index.php\/wp-json\/wp\/v2\/product_cat?post=734878"},{"taxonomy":"product_tag","embeddable":true,"href":"https:\/\/roveyayinevi.com.tr\/index.php\/wp-json\/wp\/v2\/product_tag?post=734878"}],"curies":[{"name":"wp","href":"https:\/\/api.w.org\/{rel}","templated":true}]}}