{"id":734873,"date":"2025-08-27T22:36:25","date_gmt":"2025-08-27T19:36:25","guid":{"rendered":"https:\/\/roveyayinevi.com.tr\/index.php\/urun\/bir-koy-ogretmeninin-anilari\/"},"modified":"2026-04-16T02:42:52","modified_gmt":"2026-04-15T23:42:52","slug":"bir-koy-ogretmeninin-anilari","status":"publish","type":"product","link":"https:\/\/roveyayinevi.com.tr\/index.php\/urun\/bir-koy-ogretmeninin-anilari\/","title":{"rendered":"Bir K\u00f6y \u00d6\u011fretmeninin An\u0131lar\u0131"},"content":{"rendered":"<p>Emekli ilkokul \u00f6\u011fretmeni Abdullah Tan,  1950\u2019lili y\u0131llardaki k\u00f6y hayat\u0131n\u0131 ve \u00f6\u011fretmen okuluna gidi\u015f ser\u00fcveniyle ba\u015fl\u0131yor anlatmaya. Ard\u0131ndan ma\u011fduriyet b\u00f6lgelerinde okulsuz k\u00f6ylerde \u00f6\u011fretmenlik s\u00fcreci devam ediyor. Anadolu\u2019daki yoklu\u011fu ve yoksullu\u011fu dile getiriyor. Ard\u0131ndan Bel\u00e7ika\u2019ya \u00f6\u011fretmen olarak gidiyor. T\u00fcrk-Bel\u00e7ikal\u0131, M\u00fcsl\u00fcman-H\u0131ristiyan, ya\u015fl\u0131-gen\u00e7\u2026 Bir\u00e7ok \u00e7at\u0131\u015fman\u0131n i\u00e7inde var olmaya \u00e7al\u0131\u015f\u0131yor. Be\u015f y\u0131ll\u0131k bir Avrupa deneyiminden sonra yurda d\u00f6n\u00fcyor. Anadolu insan\u0131n\u0131n ve \u00f6\u011fretmeninin an\u0131lar\u0131 devam ediyor\u2026   <\/p>\n","protected":false},"excerpt":{"rendered":"<p>Emekli ilkokul \u00f6\u011fretmeni Abdullah Tan, 1950\u2019lili y\u0131llardaki k\u00f6y hayat\u0131n\u0131 ve \u00f6\u011fretmen okuluna gidi\u015f ser\u00fcveniyle ba\u015fl\u0131yor anlatmaya. Ard\u0131ndan ma\u011fduriyet b\u00f6lgelerinde okulsuz k\u00f6ylerde \u00f6\u011fretmenlik s\u00fcreci devam ediyor. Anadolu\u2019daki<span class=\"excerpt-hellip\"> [\u2026]<\/span><\/p>\n","protected":false},"featured_media":0,"template":"","meta":{"_monsterinsights_skip_tracking":false,"_monsterinsights_sitenote_active":false,"_monsterinsights_sitenote_note":"","_monsterinsights_sitenote_category":0},"product_brand":[],"product_cat":[13701,12291],"product_tag":[],"class_list":{"0":"post-734873","1":"product","2":"type-product","3":"status-publish","5":"product_cat-ani-mektup-gunluk","6":"product_cat-edebiyat","7":"pa_cilt-ciltsiz","8":"pa_tur-kitap","9":"pa_yayinevi-myrina-yayinlari","10":"pa_yazar-abdullah-tan","12":"first","13":"instock","14":"sale","15":"shipping-taxable","16":"purchasable","17":"product-type-simple"},"_links":{"self":[{"href":"https:\/\/roveyayinevi.com.tr\/index.php\/wp-json\/wp\/v2\/product\/734873","targetHints":{"allow":["GET"]}}],"collection":[{"href":"https:\/\/roveyayinevi.com.tr\/index.php\/wp-json\/wp\/v2\/product"}],"about":[{"href":"https:\/\/roveyayinevi.com.tr\/index.php\/wp-json\/wp\/v2\/types\/product"}],"wp:attachment":[{"href":"https:\/\/roveyayinevi.com.tr\/index.php\/wp-json\/wp\/v2\/media?parent=734873"}],"wp:term":[{"taxonomy":"product_brand","embeddable":true,"href":"https:\/\/roveyayinevi.com.tr\/index.php\/wp-json\/wp\/v2\/product_brand?post=734873"},{"taxonomy":"product_cat","embeddable":true,"href":"https:\/\/roveyayinevi.com.tr\/index.php\/wp-json\/wp\/v2\/product_cat?post=734873"},{"taxonomy":"product_tag","embeddable":true,"href":"https:\/\/roveyayinevi.com.tr\/index.php\/wp-json\/wp\/v2\/product_tag?post=734873"}],"curies":[{"name":"wp","href":"https:\/\/api.w.org\/{rel}","templated":true}]}}