{"id":734870,"date":"2025-08-27T22:36:21","date_gmt":"2025-08-27T19:36:21","guid":{"rendered":"https:\/\/roveyayinevi.com.tr\/index.php\/urun\/uzuntusuz-yasamak\/"},"modified":"2025-11-05T07:21:56","modified_gmt":"2025-11-05T04:21:56","slug":"uzuntusuz-yasamak","status":"publish","type":"product","link":"https:\/\/roveyayinevi.com.tr\/index.php\/urun\/uzuntusuz-yasamak\/","title":{"rendered":"\u00dcz\u00fcnt\u00fcs\u00fcz Ya\u015famak"},"content":{"rendered":"<p>\u00dcz\u00fcnt\u00fcy\u00fc nas\u0131l yenece\u011fiz?Hayata nas\u0131l bakaca\u011f\u0131z?Olaylar\u0131 nas\u0131l de\u011ferlendirece\u011fiz?\u0130nsan olarak, bizim bu d\u00fcnyadaki \u00f6ncelikli g\u00f6revimiz nelerdir?Ve en \u00f6nemlisi, hangi \u00f6zellik ve al\u0131\u015fkanl\u0131klarla kendimizi s\u0131radan ve basit bir yarat\u0131k olmaktan kurtulabiliriz?\u00dcz\u00fcnt\u00fcler, kafam\u0131z\u0131 ve kalbimize \u00fc\u015f\u00fc\u015fen sinekler gibidir. Rahats\u0131z ettikleri do\u011frudur, ancak onlar\u0131n k\u00fc\u00e7\u00fcc\u00fck bir hamleyle kovalanabilecekleri de unutulmamal\u0131d\u0131r. Ama nas\u0131l? \u0130\u015fte bu kitap, bunun cevab\u0131n\u0131 vermeye \u00e7al\u0131\u015ft\u0131.<\/p>\n","protected":false},"excerpt":{"rendered":"<p>\u00dcz\u00fcnt\u00fcy\u00fc nas\u0131l yenece\u011fiz?Hayata nas\u0131l bakaca\u011f\u0131z?Olaylar\u0131 nas\u0131l de\u011ferlendirece\u011fiz?\u0130nsan olarak, bizim bu d\u00fcnyadaki \u00f6ncelikli g\u00f6revimiz nelerdir?Ve en \u00f6nemlisi, hangi \u00f6zellik ve al\u0131\u015fkanl\u0131klarla kendimizi s\u0131radan ve basit bir yarat\u0131k<span class=\"excerpt-hellip\"> [\u2026]<\/span><\/p>\n","protected":false},"featured_media":0,"template":"","meta":{"_monsterinsights_skip_tracking":false,"_monsterinsights_sitenote_active":false,"_monsterinsights_sitenote_note":"","_monsterinsights_sitenote_category":0},"product_brand":[],"product_cat":[12364,12376],"product_tag":[],"class_list":{"0":"post-734870","1":"product","2":"type-product","3":"status-publish","5":"product_cat-genel-konular","6":"product_cat-kisisel-gelisim","7":"pa_cilt-ciltsiz","8":"pa_tur-kitap","9":"pa_yayinevi-foliant-yayinlari","10":"pa_yazar-vehbi-vakkasoglu","12":"first","13":"instock","14":"sale","15":"shipping-taxable","16":"purchasable","17":"product-type-simple"},"_links":{"self":[{"href":"https:\/\/roveyayinevi.com.tr\/index.php\/wp-json\/wp\/v2\/product\/734870","targetHints":{"allow":["GET"]}}],"collection":[{"href":"https:\/\/roveyayinevi.com.tr\/index.php\/wp-json\/wp\/v2\/product"}],"about":[{"href":"https:\/\/roveyayinevi.com.tr\/index.php\/wp-json\/wp\/v2\/types\/product"}],"wp:attachment":[{"href":"https:\/\/roveyayinevi.com.tr\/index.php\/wp-json\/wp\/v2\/media?parent=734870"}],"wp:term":[{"taxonomy":"product_brand","embeddable":true,"href":"https:\/\/roveyayinevi.com.tr\/index.php\/wp-json\/wp\/v2\/product_brand?post=734870"},{"taxonomy":"product_cat","embeddable":true,"href":"https:\/\/roveyayinevi.com.tr\/index.php\/wp-json\/wp\/v2\/product_cat?post=734870"},{"taxonomy":"product_tag","embeddable":true,"href":"https:\/\/roveyayinevi.com.tr\/index.php\/wp-json\/wp\/v2\/product_tag?post=734870"}],"curies":[{"name":"wp","href":"https:\/\/api.w.org\/{rel}","templated":true}]}}