{"id":734867,"date":"2025-08-27T22:36:19","date_gmt":"2025-08-27T19:36:19","guid":{"rendered":"https:\/\/roveyayinevi.com.tr\/index.php\/urun\/problem-cocuk-mu\/"},"modified":"2026-04-16T02:42:52","modified_gmt":"2026-04-15T23:42:52","slug":"problem-cocuk-mu","status":"publish","type":"product","link":"https:\/\/roveyayinevi.com.tr\/index.php\/urun\/problem-cocuk-mu\/","title":{"rendered":"Problem \u00c7ocuk Mu?"},"content":{"rendered":"<p>Bu kitap, yazar\u0131n bizzat \u00e7ocuk geli\u015fimi ile ilgili yapt\u0131\u011f\u0131 bilimsel \u00e7al\u0131\u015fmalar\u0131n \u0131\u015f\u0131\u011f\u0131nda haz\u0131rlanm\u0131\u015ft\u0131r. Kitab\u0131n odak noktas\u0131 \u00e7ocuk ve do\u011fal ihtiya\u00e7lar\u0131d\u0131r. Bu do\u011frultuda yeti\u015fkinlere \u00e7ocuklar\u0131n g\u00fcn\u00fcm\u00fczde ya\u015fad\u0131klar\u0131 sorunlar ve \u00e7\u00f6z\u00fcm yollar\u0131 konusunda en ge\u00e7erli tavsiyeler sunulmu\u015ftur.Nitekim, d\u00fcnya ba\u015f d\u00f6nd\u00fcr\u00fcc\u00fc bir h\u0131zda de\u011fi\u015fim g\u00f6steriyor. Yeni geli\u015fmelerin bir\u00e7o\u011fu aileyi ve \u00e7ocuklar\u0131 tehdit edici sonu\u00e7lar do\u011furuyor. Ebeveyn olarak nas\u0131l bir tav\u0131r tak\u0131naca\u011f\u0131m\u0131z\u0131 ve hangi rolleri benimsememiz gerekti\u011fi hususunda s\u00fcrekli olarak kendimizi g\u00fcncellemeye ihtiyac\u0131m\u0131z var. Ancak, bilgi \u00e7\u00f6pl\u00fc\u011f\u00fcne d\u00f6nen kaynaklar i\u00e7inde do\u011fruyu nas\u0131l bulabiliriz, bilemiyoruz. Prof. Dr. Serdal Seven\u2019in Geli\u015fimsel Bak\u0131\u015f A\u00e7\u0131s\u0131yla haz\u0131rlad\u0131\u011f\u0131 bu eser, \u00e7ocu\u011fun do\u011fal ihtiya\u00e7lar\u0131n\u0131 kavrama noktas\u0131nda ebeveynlerin ba\u015fucu kitab\u0131 olacak.<\/p>\n","protected":false},"excerpt":{"rendered":"<p>Bu kitap, yazar\u0131n bizzat \u00e7ocuk geli\u015fimi ile ilgili yapt\u0131\u011f\u0131 bilimsel \u00e7al\u0131\u015fmalar\u0131n \u0131\u015f\u0131\u011f\u0131nda haz\u0131rlanm\u0131\u015ft\u0131r. Kitab\u0131n odak noktas\u0131 \u00e7ocuk ve do\u011fal ihtiya\u00e7lar\u0131d\u0131r. Bu do\u011frultuda yeti\u015fkinlere \u00e7ocuklar\u0131n g\u00fcn\u00fcm\u00fczde ya\u015fad\u0131klar\u0131<span class=\"excerpt-hellip\"> [\u2026]<\/span><\/p>\n","protected":false},"featured_media":0,"template":"","meta":{"_monsterinsights_skip_tracking":false,"_monsterinsights_sitenote_active":false,"_monsterinsights_sitenote_note":"","_monsterinsights_sitenote_category":0},"product_brand":[],"product_cat":[26509,13365],"product_tag":[],"class_list":{"0":"post-734867","1":"product","2":"type-product","3":"status-publish","5":"product_cat-cocuk-gelisimi","6":"product_cat-saglik","7":"pa_cilt-ciltsiz","8":"pa_tur-kitap","9":"pa_yayinevi-selen-yayinevi","10":"pa_yazar-serdal-seven","12":"first","13":"instock","14":"sale","15":"shipping-taxable","16":"purchasable","17":"product-type-simple"},"_links":{"self":[{"href":"https:\/\/roveyayinevi.com.tr\/index.php\/wp-json\/wp\/v2\/product\/734867","targetHints":{"allow":["GET"]}}],"collection":[{"href":"https:\/\/roveyayinevi.com.tr\/index.php\/wp-json\/wp\/v2\/product"}],"about":[{"href":"https:\/\/roveyayinevi.com.tr\/index.php\/wp-json\/wp\/v2\/types\/product"}],"wp:attachment":[{"href":"https:\/\/roveyayinevi.com.tr\/index.php\/wp-json\/wp\/v2\/media?parent=734867"}],"wp:term":[{"taxonomy":"product_brand","embeddable":true,"href":"https:\/\/roveyayinevi.com.tr\/index.php\/wp-json\/wp\/v2\/product_brand?post=734867"},{"taxonomy":"product_cat","embeddable":true,"href":"https:\/\/roveyayinevi.com.tr\/index.php\/wp-json\/wp\/v2\/product_cat?post=734867"},{"taxonomy":"product_tag","embeddable":true,"href":"https:\/\/roveyayinevi.com.tr\/index.php\/wp-json\/wp\/v2\/product_tag?post=734867"}],"curies":[{"name":"wp","href":"https:\/\/api.w.org\/{rel}","templated":true}]}}