{"id":734865,"date":"2025-08-27T22:36:17","date_gmt":"2025-08-27T19:36:17","guid":{"rendered":"https:\/\/roveyayinevi.com.tr\/index.php\/urun\/merhamet-2\/"},"modified":"2026-04-16T02:42:52","modified_gmt":"2026-04-15T23:42:52","slug":"merhamet-2","status":"publish","type":"product","link":"https:\/\/roveyayinevi.com.tr\/index.php\/urun\/merhamet-2\/","title":{"rendered":"Merhamet"},"content":{"rendered":"<p>Menfaat\u00e7i duygular \u00fczerine oturmu\u015f bir modern ya\u015fam felsefesi egemen g\u00fcn\u00fcm\u00fczde. \u00c7ekine \u00e7ekine izledi\u011fimiz haber programlar\u0131ndan \u015fahit oldu\u011fumuz onca olaydan, bu felsefenin insan ruhuyla uyu\u015fmad\u0131\u011f\u0131n\u0131 a\u00e7\u0131k\u00e7a g\u00f6r\u00fcyoruz.Oysa, kar\u0131ncay\u0131 bile incitmekten \u00e7ekinen bir gelene\u011fin evlad\u0131 olan bizlerin, merhamet \u00fczerine bina edilmi\u015f bir ya\u015fam modeline ihtiyac\u0131m\u0131z vard\u0131. Bu da ancak Esma\u2019\u00fcl H\u00fcsna\u2019n\u0131n ya\u015fam\u0131m\u0131za yeniden girmesiyle, \u0130lah\u00ee isimler \u00e7er\u00e7evesinde geli\u015fmi\u015f etkili ve evrensel bir ki\u015filik portresinin olu\u015fumuyla m\u00fcmk\u00fcn olacakt\u0131.Peki ge\u00e7 mi kald\u0131k? Hay\u0131r!Uzun y\u0131llard\u0131r Emsa\u2019\u00fcl H\u00fcsna konusunda ara\u015ft\u0131rmalar yapan Hatice Fahrunnisa Kayk\u0131, bu \u00e7al\u0131\u015fmas\u0131nda \u201cmerhamet\u201di merkeze koyarak g\u00fcn\u00fcm\u00fcz insan\u0131n\u0131 ele ald\u0131. \u201cAllah\u2019\u0131n ahlak\u0131 ile ahlaklanman\u0131n\u201d temel modelini olu\u015fturan Esma\u2019\u00fcl H\u00fcsna\u2019y\u0131 farkl\u0131 boyutlarda tan\u0131tarak bu isimlerin bireysel ve toplumsal geli\u015fimimizi nas\u0131l etkiledi\u011fini irdeledi.<\/p>\n","protected":false},"excerpt":{"rendered":"<p>Menfaat\u00e7i duygular \u00fczerine oturmu\u015f bir modern ya\u015fam felsefesi egemen g\u00fcn\u00fcm\u00fczde. \u00c7ekine \u00e7ekine izledi\u011fimiz haber programlar\u0131ndan \u015fahit oldu\u011fumuz onca olaydan, bu felsefenin insan ruhuyla uyu\u015fmad\u0131\u011f\u0131n\u0131 a\u00e7\u0131k\u00e7a g\u00f6r\u00fcyoruz.Oysa,<span class=\"excerpt-hellip\"> [\u2026]<\/span><\/p>\n","protected":false},"featured_media":0,"template":"","meta":{"_monsterinsights_skip_tracking":false,"_monsterinsights_sitenote_active":false,"_monsterinsights_sitenote_note":"","_monsterinsights_sitenote_category":0},"product_brand":[],"product_cat":[13036,12718,12719],"product_tag":[],"class_list":{"0":"post-734865","1":"product","2":"type-product","3":"status-publish","5":"product_cat-arastirma-inceleme-islam","6":"product_cat-din","7":"product_cat-islam","8":"pa_cilt-ciltsiz","9":"pa_tur-kitap","10":"pa_yayinevi-foliant-yayinlari","11":"pa_yazar-hatice-fahrunnisa-kayki","13":"first","14":"instock","15":"sale","16":"shipping-taxable","17":"purchasable","18":"product-type-simple"},"_links":{"self":[{"href":"https:\/\/roveyayinevi.com.tr\/index.php\/wp-json\/wp\/v2\/product\/734865","targetHints":{"allow":["GET"]}}],"collection":[{"href":"https:\/\/roveyayinevi.com.tr\/index.php\/wp-json\/wp\/v2\/product"}],"about":[{"href":"https:\/\/roveyayinevi.com.tr\/index.php\/wp-json\/wp\/v2\/types\/product"}],"wp:attachment":[{"href":"https:\/\/roveyayinevi.com.tr\/index.php\/wp-json\/wp\/v2\/media?parent=734865"}],"wp:term":[{"taxonomy":"product_brand","embeddable":true,"href":"https:\/\/roveyayinevi.com.tr\/index.php\/wp-json\/wp\/v2\/product_brand?post=734865"},{"taxonomy":"product_cat","embeddable":true,"href":"https:\/\/roveyayinevi.com.tr\/index.php\/wp-json\/wp\/v2\/product_cat?post=734865"},{"taxonomy":"product_tag","embeddable":true,"href":"https:\/\/roveyayinevi.com.tr\/index.php\/wp-json\/wp\/v2\/product_tag?post=734865"}],"curies":[{"name":"wp","href":"https:\/\/api.w.org\/{rel}","templated":true}]}}