{"id":734862,"date":"2025-08-27T22:36:13","date_gmt":"2025-08-27T19:36:13","guid":{"rendered":"https:\/\/roveyayinevi.com.tr\/index.php\/urun\/bozkirin-hekimi-balca\/"},"modified":"2026-04-16T02:42:52","modified_gmt":"2026-04-15T23:42:52","slug":"bozkirin-hekimi-balca","status":"publish","type":"product","link":"https:\/\/roveyayinevi.com.tr\/index.php\/urun\/bozkirin-hekimi-balca\/","title":{"rendered":"Bozk\u0131r\u0131n Hekimi Balca"},"content":{"rendered":"<p>G\u00f6kt\u00fcrkler, yere d\u00fc\u015fen t\u00f6relerini kald\u0131rmak, y\u0131k\u0131lan illerini yeniden devlet yapmak ad\u0131na tarihin tozlu sayfalar\u0131 aras\u0131nda b\u00fcy\u00fck bir ba\u011f\u0131ms\u0131zl\u0131k m\u00fccadelesi ba\u015flat\u0131r. Ejderha Y\u0131l\u0131\u2019n\u0131n t\u00fcm g\u00f6stergeleri ba\u011f\u0131ms\u0131zl\u0131\u011fa i\u015faret ederken Karluk boyunun yi\u011fit insanlar\u0131 \u00c7in\u2019e ba\u015fkald\u0131ran herkesin yan\u0131nda olaca\u011f\u0131na dair ant i\u00e7mi\u015ftir. K\u00fcr\u015fad\u2019\u0131n isyan\u0131ndan A\u015fina Fenzi\u2019ye kadar ge\u00e7en s\u00fcrede akmayan kan, d\u00fc\u015fmeyen g\u00f6zya\u015f\u0131 kalmaz. Umutlar\u0131n t\u00fckenmeye ba\u015flad\u0131\u011f\u0131 bir anda \u00c7ogay Kuz Da\u011flar\u0131\u2019ndan gelen gizli bir mektup, kuruyan kalplere umut olur. Kutlu\u011f Bey\u2019in \u00f6rg\u00fct\u00fcne g\u00fc\u00e7 katacak halka ise Karluk boyunun otac\u0131s\u0131 Balca\u2019da sakl\u0131d\u0131r.Bozk\u0131r\u0131n Hekimi Balca ile G\u00f6kt\u00fcrkler\u2019in ba\u011f\u0131ms\u0131zl\u0131k ad\u0131na verdikleri ak\u0131l almaz m\u00fccadeleyi okuyacaks\u0131n\u0131z. Ayn\u0131 zamanda pek \u00e7ok T\u00fcrk ananesinin \u00e7\u0131k\u0131\u015f noktas\u0131n\u0131 ve T\u00fcrk otac\u0131l\u0131\u011f\u0131n\u0131n, t\u0131bb\u0131n\u0131n ne derecede ileri oldu\u011funu g\u00f6rerek hayretler i\u00e7erisinde kalacaks\u0131n\u0131z.\u00c7in icad\u0131 oldu\u011fu san\u0131lan pek \u00e7ok icad\u0131n asl\u0131nda Uygurlar\u2019\u0131n elinden \u00e7\u0131kt\u0131\u011f\u0131n\u0131 g\u00f6rd\u00fc\u011f\u00fcn\u00fczde onlar\u0131n bug\u00fcnk\u00fc ba\u011f\u0131ms\u0131zl\u0131k m\u00fccadelelerinin beyhude olmad\u0131\u011f\u0131n\u0131 anlayacak ve onlar\u0131n ba\u011f\u0131ms\u0131zl\u0131\u011f\u0131n\u0131n T\u00fcrk k\u00fclt\u00fcr\u00fcn\u00fcn de ba\u011f\u0131ms\u0131zl\u0131\u011f\u0131 anlam\u0131na geldi\u011fini g\u00f6receksiniz.<\/p>\n","protected":false},"excerpt":{"rendered":"<p>G\u00f6kt\u00fcrkler, yere d\u00fc\u015fen t\u00f6relerini kald\u0131rmak, y\u0131k\u0131lan illerini yeniden devlet yapmak ad\u0131na tarihin tozlu sayfalar\u0131 aras\u0131nda b\u00fcy\u00fck bir ba\u011f\u0131ms\u0131zl\u0131k m\u00fccadelesi ba\u015flat\u0131r. Ejderha Y\u0131l\u0131\u2019n\u0131n t\u00fcm g\u00f6stergeleri ba\u011f\u0131ms\u0131zl\u0131\u011fa i\u015faret<span class=\"excerpt-hellip\"> [\u2026]<\/span><\/p>\n","protected":false},"featured_media":0,"template":"","meta":{"_monsterinsights_skip_tracking":false,"_monsterinsights_sitenote_active":false,"_monsterinsights_sitenote_note":"","_monsterinsights_sitenote_category":0},"product_brand":[],"product_cat":[12291,12745],"product_tag":[],"class_list":{"0":"post-734862","1":"product","2":"type-product","3":"status-publish","5":"product_cat-edebiyat","6":"product_cat-tarihi-roman","7":"pa_cilt-ciltsiz","8":"pa_tur-kitap","9":"pa_yayinevi-foliant-yayinlari","10":"pa_yazar-eda-geyik","12":"first","13":"instock","14":"sale","15":"shipping-taxable","16":"purchasable","17":"product-type-simple"},"_links":{"self":[{"href":"https:\/\/roveyayinevi.com.tr\/index.php\/wp-json\/wp\/v2\/product\/734862","targetHints":{"allow":["GET"]}}],"collection":[{"href":"https:\/\/roveyayinevi.com.tr\/index.php\/wp-json\/wp\/v2\/product"}],"about":[{"href":"https:\/\/roveyayinevi.com.tr\/index.php\/wp-json\/wp\/v2\/types\/product"}],"wp:attachment":[{"href":"https:\/\/roveyayinevi.com.tr\/index.php\/wp-json\/wp\/v2\/media?parent=734862"}],"wp:term":[{"taxonomy":"product_brand","embeddable":true,"href":"https:\/\/roveyayinevi.com.tr\/index.php\/wp-json\/wp\/v2\/product_brand?post=734862"},{"taxonomy":"product_cat","embeddable":true,"href":"https:\/\/roveyayinevi.com.tr\/index.php\/wp-json\/wp\/v2\/product_cat?post=734862"},{"taxonomy":"product_tag","embeddable":true,"href":"https:\/\/roveyayinevi.com.tr\/index.php\/wp-json\/wp\/v2\/product_tag?post=734862"}],"curies":[{"name":"wp","href":"https:\/\/api.w.org\/{rel}","templated":true}]}}