{"id":734856,"date":"2025-08-27T22:36:05","date_gmt":"2025-08-27T19:36:05","guid":{"rendered":"https:\/\/roveyayinevi.com.tr\/index.php\/urun\/cesur-karinca\/"},"modified":"2026-04-16T02:42:52","modified_gmt":"2026-04-15T23:42:52","slug":"cesur-karinca","status":"publish","type":"product","link":"https:\/\/roveyayinevi.com.tr\/index.php\/urun\/cesur-karinca\/","title":{"rendered":"Cesur Kar\u0131nca"},"content":{"rendered":"<p>\u2022 Amazon Kar\u0131ncalar\u0131 ile K\u0131rm\u0131z\u0131 Orman Kar\u0131ncalar\u0131\u2019n\u0131n amans\u0131z sava\u015f\u0131&#8230;\u2022 Yavru prenses kar\u0131ncay\u0131 kurtarmak i\u00e7in tehlikelere at\u0131lan cesur kar\u0131nca Lasius\u2019un maceralar\u0131&#8230;\u2022 Ormanda kaybolanlar\u0131n yard\u0131m\u0131na ko\u015fan yard\u0131mseverler&#8230;\u2022 Ate\u015f b\u00f6ce\u011fi ile kar\u0131ncan\u0131n fedakarl\u0131k ve ibret y\u00fckl\u00fc yolculu\u011fu&#8230;\u2022 Ve daha bir\u00e7ok hikaye&#8230;Kitab\u0131 betimleyen e\u015fsiz ill\u00fcstrasyonlar e\u015fli\u011finde, b\u00f6ceklerin inan\u0131lmaz ya\u015fam\u0131n\u0131 seyretmeye haz\u0131r m\u0131s\u0131n\u0131z?Cesur Kar\u0131nca, k\u00fc\u00e7\u00fck okurlar\u0131m\u0131z\u0131 keyifli bir okumaya davet ediyor.<\/p>\n","protected":false},"excerpt":{"rendered":"<p>\u2022 Amazon Kar\u0131ncalar\u0131 ile K\u0131rm\u0131z\u0131 Orman Kar\u0131ncalar\u0131\u2019n\u0131n amans\u0131z sava\u015f\u0131&#8230;\u2022 Yavru prenses kar\u0131ncay\u0131 kurtarmak i\u00e7in tehlikelere at\u0131lan cesur kar\u0131nca Lasius\u2019un maceralar\u0131&#8230;\u2022 Ormanda kaybolanlar\u0131n yard\u0131m\u0131na ko\u015fan yard\u0131mseverler&#8230;\u2022 Ate\u015f<span class=\"excerpt-hellip\"> [\u2026]<\/span><\/p>\n","protected":false},"featured_media":0,"template":"","meta":{"_monsterinsights_skip_tracking":false,"_monsterinsights_sitenote_active":false,"_monsterinsights_sitenote_note":"","_monsterinsights_sitenote_category":0},"product_brand":[],"product_cat":[12274,12523],"product_tag":[],"class_list":{"0":"post-734856","1":"product","2":"type-product","3":"status-publish","5":"product_cat-cocuk-ve-genclik-kitaplari","6":"product_cat-masallar","7":"pa_cilt-ciltsiz","8":"pa_tur-kitap","9":"pa_yayinevi-selen-yayinevi","10":"pa_yazar-valeri-kastryucin","12":"first","13":"instock","14":"sale","15":"shipping-taxable","16":"purchasable","17":"product-type-simple"},"_links":{"self":[{"href":"https:\/\/roveyayinevi.com.tr\/index.php\/wp-json\/wp\/v2\/product\/734856","targetHints":{"allow":["GET"]}}],"collection":[{"href":"https:\/\/roveyayinevi.com.tr\/index.php\/wp-json\/wp\/v2\/product"}],"about":[{"href":"https:\/\/roveyayinevi.com.tr\/index.php\/wp-json\/wp\/v2\/types\/product"}],"wp:attachment":[{"href":"https:\/\/roveyayinevi.com.tr\/index.php\/wp-json\/wp\/v2\/media?parent=734856"}],"wp:term":[{"taxonomy":"product_brand","embeddable":true,"href":"https:\/\/roveyayinevi.com.tr\/index.php\/wp-json\/wp\/v2\/product_brand?post=734856"},{"taxonomy":"product_cat","embeddable":true,"href":"https:\/\/roveyayinevi.com.tr\/index.php\/wp-json\/wp\/v2\/product_cat?post=734856"},{"taxonomy":"product_tag","embeddable":true,"href":"https:\/\/roveyayinevi.com.tr\/index.php\/wp-json\/wp\/v2\/product_tag?post=734856"}],"curies":[{"name":"wp","href":"https:\/\/api.w.org\/{rel}","templated":true}]}}