{"id":734842,"date":"2025-08-27T22:35:50","date_gmt":"2025-08-27T19:35:50","guid":{"rendered":"https:\/\/roveyayinevi.com.tr\/index.php\/urun\/gencler-icin-peygamberler-tarihi\/"},"modified":"2026-04-16T02:42:51","modified_gmt":"2026-04-15T23:42:51","slug":"gencler-icin-peygamberler-tarihi","status":"publish","type":"product","link":"https:\/\/roveyayinevi.com.tr\/index.php\/urun\/gencler-icin-peygamberler-tarihi\/","title":{"rendered":"Gen\u00e7ler \u0130\u00e7in Peygamberler Tarihi"},"content":{"rendered":"<p>Yaratt\u0131\u011f\u0131 canl\u0131lar\u0131n b\u00fct\u00fcn ihtiya\u00e7lar\u0131n\u0131 eksiksiz kar\u015f\u0131layan, insan olsun, hayvan olsun, hepsini bir nazl\u0131 \u00e7ocuk gibi besleyen Allah, b\u00f6ylelikle kullar\u0131n\u0131 ne kadar sevdi\u011fini a\u00e7\u0131k\u00e7a g\u00f6sterdi. Ve onlar\u0131n en \u015fereflisi olan bizleri, yine merhameti ile ebedi cennetlere davet etti.Fakat en d\u00fcz yolda bile \u015fa\u015f\u0131ran insano\u011flu, cennete ula\u015fmak i\u00e7in takip edece\u011fi yolu bilemiyordu. \u00c7\u00fcnk\u00fc o mukaddes yol, sadece peygamberlere bildirilmi\u015fti. Merhametli Rabbimiz, bunun i\u00e7in Hz. Adem\u2019le ba\u015flay\u0131p, onlara her as\u0131rda peygamber g\u00f6nderdi. Say\u0131lar\u0131 y\u00fcz bini a\u015fan bu el\u00e7iler, Peygamber Efendimizle sona erene kadar, o k\u0131ymetli yolculara do\u011frularla yanl\u0131\u015flar\u0131 g\u00f6stermeye \u00e7al\u0131\u015ft\u0131. Ve o cennete ula\u015fman\u0131n sadece Allah\u2019\u0131 bulup, onu raz\u0131 etmekle m\u00fcmk\u00fcn oldu\u011funu, bunun i\u00e7in gerekenleri tarif etti.Fakat peygamberlik vazifesi a\u011f\u0131rd\u0131. Onlar bu vazife i\u00e7in herhangi bir \u00fccret veya sevap beklemese de, \u00e7ileler ve i\u015fkenceler onlar\u0131 bekliyordu. Bu y\u00fczden pek \u00e7ok peygamber ta\u015fa tutuldu, bir\u00e7o\u011fu yaraland\u0131, bir k\u0131sm\u0131 da hayat\u0131n\u0131 bu yolda kaybederek \u015fehit d\u00fc\u015ft\u00fc.Elinizdeki kitapta o y\u00fcce peygamberlerin zorlu hayatlar\u0131ndan kesitler bulacaks\u0131n\u0131z.Bu kitab\u0131 okurken ister istemez d\u00fc\u015f\u00fcneceksiniz: G\u00fcn\u00fcm\u00fczde ya\u015fananlar, peygamberler tarihinde ya\u015fanan olaylara benziyor mu? Pandemi-Koronavir\u00fcs benzeri olaylar, peygamberler tarihinde ya\u015fand\u0131 m\u0131?<\/p>\n","protected":false},"excerpt":{"rendered":"<p>Yaratt\u0131\u011f\u0131 canl\u0131lar\u0131n b\u00fct\u00fcn ihtiya\u00e7lar\u0131n\u0131 eksiksiz kar\u015f\u0131layan, insan olsun, hayvan olsun, hepsini bir nazl\u0131 \u00e7ocuk gibi besleyen Allah, b\u00f6ylelikle kullar\u0131n\u0131 ne kadar sevdi\u011fini a\u00e7\u0131k\u00e7a g\u00f6sterdi. Ve onlar\u0131n<span class=\"excerpt-hellip\"> [\u2026]<\/span><\/p>\n","protected":false},"featured_media":0,"template":"","meta":{"_monsterinsights_skip_tracking":false,"_monsterinsights_sitenote_active":false,"_monsterinsights_sitenote_note":"","_monsterinsights_sitenote_category":0},"product_brand":[],"product_cat":[12274,18802],"product_tag":[],"class_list":{"0":"post-734842","1":"product","2":"type-product","3":"status-publish","5":"product_cat-cocuk-ve-genclik-kitaplari","6":"product_cat-din-egitimi","7":"pa_cilt-ciltsiz","8":"pa_tur-kitap","9":"pa_yayinevi-foliant-yayinlari","10":"pa_yazar-cuneyd-suavi","12":"first","13":"instock","14":"sale","15":"shipping-taxable","16":"purchasable","17":"product-type-simple"},"_links":{"self":[{"href":"https:\/\/roveyayinevi.com.tr\/index.php\/wp-json\/wp\/v2\/product\/734842","targetHints":{"allow":["GET"]}}],"collection":[{"href":"https:\/\/roveyayinevi.com.tr\/index.php\/wp-json\/wp\/v2\/product"}],"about":[{"href":"https:\/\/roveyayinevi.com.tr\/index.php\/wp-json\/wp\/v2\/types\/product"}],"wp:attachment":[{"href":"https:\/\/roveyayinevi.com.tr\/index.php\/wp-json\/wp\/v2\/media?parent=734842"}],"wp:term":[{"taxonomy":"product_brand","embeddable":true,"href":"https:\/\/roveyayinevi.com.tr\/index.php\/wp-json\/wp\/v2\/product_brand?post=734842"},{"taxonomy":"product_cat","embeddable":true,"href":"https:\/\/roveyayinevi.com.tr\/index.php\/wp-json\/wp\/v2\/product_cat?post=734842"},{"taxonomy":"product_tag","embeddable":true,"href":"https:\/\/roveyayinevi.com.tr\/index.php\/wp-json\/wp\/v2\/product_tag?post=734842"}],"curies":[{"name":"wp","href":"https:\/\/api.w.org\/{rel}","templated":true}]}}