{"id":734837,"date":"2025-08-27T22:35:44","date_gmt":"2025-08-27T19:35:44","guid":{"rendered":"https:\/\/roveyayinevi.com.tr\/index.php\/urun\/omer-bin-abdulaziz\/"},"modified":"2026-04-16T02:42:51","modified_gmt":"2026-04-15T23:42:51","slug":"omer-bin-abdulaziz","status":"publish","type":"product","link":"https:\/\/roveyayinevi.com.tr\/index.php\/urun\/omer-bin-abdulaziz\/","title":{"rendered":"\u00d6mer Bin Abd\u00fclaziz"},"content":{"rendered":"<p>Herkeste bir umutsuzluk vard\u0131. \u0130\u00e7 sava\u015flar dinmek bilmiyor, karde\u015f kavgalar\u0131 son bulmuyordu. Her ge\u00e7en g\u00fcn bir \u00f6ncekini arat\u0131r kasvetteydi. Mutluluk g\u00fcnleri \u00e7ok gerilerde kalm\u0131\u015ft\u0131.Kavga, sava\u015f ve kar\u0131\u015f\u0131kl\u0131\u011f\u0131n h\u00fck\u00fcm s\u00fcrd\u00fc\u011f\u00fc bir ortamda yeti\u015fti \u00d6mer. B\u00fct\u00fcn olanlara tan\u0131kl\u0131k etti ve g\u00fcn\u00fcn birinde imdada yeti\u015fti.Ancak vaziyet \u00e7ok zordu. H\u0131rsla, ihtirasla, tamahla ba\u011flanm\u0131\u015f kalpler \u00e7elikten bir duvar gibi kar\u015f\u0131s\u0131na \u00e7\u0131kt\u0131 ve yol almas\u0131n\u0131 engellemek istedi.\u00d6mer hedefini \u00e7izmi\u015fti. Sava\u015flar\u0131 sonland\u0131rmal\u0131, karde\u015fleri bar\u0131\u015ft\u0131rmal\u0131yd\u0131. Hele haks\u0131zl\u0131klar\u0131n ezici bask\u0131s\u0131ndan inleyenler yok muydu? Onlar \u00d6mer\u2019in y\u00fcre\u011fini da\u011fl\u0131yordu. Bir an \u00f6nce rahata kavu\u015fturmal\u0131yd\u0131.Hedefine ula\u015fmal\u0131yd\u0131 \u00d6mer. \u0130sterse \u00f6n\u00fcne \u00e7\u0131kan \u00f6l\u00fcm olsun, hi\u00e7 fark etmezdi. Onunla kar\u015f\u0131la\u015fmaya \u00e7oktan karar vermi\u015fti.\u00dcmmetin y\u00fcz y\u00fcze geldi\u011fi fitne ate\u015fini s\u00f6nd\u00fcren ilk m\u00fcceddid \u00d6mer bin Abd\u00fclaziz\u2019in nefes kesen m\u00fccadelesinin roman\u0131&#8230;<\/p>\n","protected":false},"excerpt":{"rendered":"<p>Herkeste bir umutsuzluk vard\u0131. \u0130\u00e7 sava\u015flar dinmek bilmiyor, karde\u015f kavgalar\u0131 son bulmuyordu. Her ge\u00e7en g\u00fcn bir \u00f6ncekini arat\u0131r kasvetteydi. Mutluluk g\u00fcnleri \u00e7ok gerilerde kalm\u0131\u015ft\u0131.Kavga, sava\u015f ve<span class=\"excerpt-hellip\"> [\u2026]<\/span><\/p>\n","protected":false},"featured_media":0,"template":"","meta":{"_monsterinsights_skip_tracking":false,"_monsterinsights_sitenote_active":false,"_monsterinsights_sitenote_note":"","_monsterinsights_sitenote_category":0},"product_brand":[],"product_cat":[12291,12745],"product_tag":[],"class_list":{"0":"post-734837","1":"product","2":"type-product","3":"status-publish","5":"product_cat-edebiyat","6":"product_cat-tarihi-roman","7":"pa_cilt-ciltsiz","8":"pa_tur-kitap","9":"pa_yayinevi-foliant-yayinlari","10":"pa_yazar-ikram-arslan","12":"first","13":"instock","14":"sale","15":"shipping-taxable","16":"purchasable","17":"product-type-simple"},"_links":{"self":[{"href":"https:\/\/roveyayinevi.com.tr\/index.php\/wp-json\/wp\/v2\/product\/734837","targetHints":{"allow":["GET"]}}],"collection":[{"href":"https:\/\/roveyayinevi.com.tr\/index.php\/wp-json\/wp\/v2\/product"}],"about":[{"href":"https:\/\/roveyayinevi.com.tr\/index.php\/wp-json\/wp\/v2\/types\/product"}],"wp:attachment":[{"href":"https:\/\/roveyayinevi.com.tr\/index.php\/wp-json\/wp\/v2\/media?parent=734837"}],"wp:term":[{"taxonomy":"product_brand","embeddable":true,"href":"https:\/\/roveyayinevi.com.tr\/index.php\/wp-json\/wp\/v2\/product_brand?post=734837"},{"taxonomy":"product_cat","embeddable":true,"href":"https:\/\/roveyayinevi.com.tr\/index.php\/wp-json\/wp\/v2\/product_cat?post=734837"},{"taxonomy":"product_tag","embeddable":true,"href":"https:\/\/roveyayinevi.com.tr\/index.php\/wp-json\/wp\/v2\/product_tag?post=734837"}],"curies":[{"name":"wp","href":"https:\/\/api.w.org\/{rel}","templated":true}]}}