{"id":734819,"date":"2025-08-27T22:35:17","date_gmt":"2025-08-27T19:35:17","guid":{"rendered":"https:\/\/roveyayinevi.com.tr\/index.php\/urun\/trabzonun-yasam-sekli-ve-mutfak-kulturu\/"},"modified":"2026-04-16T02:42:51","modified_gmt":"2026-04-15T23:42:51","slug":"trabzonun-yasam-sekli-ve-mutfak-kulturu","status":"publish","type":"product","link":"https:\/\/roveyayinevi.com.tr\/index.php\/urun\/trabzonun-yasam-sekli-ve-mutfak-kulturu\/","title":{"rendered":"Trabzon&#8217;un Ya\u015fam \u015eekli ve Mutfak K\u00fclt\u00fcr\u00fc"},"content":{"rendered":"<p>1.      TRABZON\u2019UN YA\u015eAM \u015eEKL\u0130 VE MUTFAK K\u00dcLT\u00dcR\u00dc 2.      HAMS\u0130 BALI\u011eI 3.      HAMS\u0130 BALI\u011eI \u00dcR\u00dcNLER\u0130 4.      \u00c7ORBALAR VE APARAT\u0130FLER HAKKINDA GENEL B\u0130LG\u0130 5.      BALIKLAR HAKKINDA GENEL B\u0130LG\u0130 6.      HAMUR \u0130\u015eLER\u0130 HAKKINDA GENEL B\u0130LG\u0130 7.      TARIM \u00dcR\u00dcNLER\u0130 HAKKINDA GENEL B\u0130LG\u0130 8.      SEBZELER HAKKINDA GENEL B\u0130LG\u0130 9.      SALATALAR HAKKINDA GENEL B\u0130LG\u0130 10.  SEBZE KIZARTMALARI VE KAVURMALARI HAKKINDA GENEL B\u0130LG\u0130 11.  TATLILAR HAKKINDA GENEL B\u0130LG\u0130  <\/p>\n","protected":false},"excerpt":{"rendered":"<p>1. TRABZON\u2019UN YA\u015eAM \u015eEKL\u0130 VE MUTFAK K\u00dcLT\u00dcR\u00dc 2. HAMS\u0130 BALI\u011eI 3. HAMS\u0130 BALI\u011eI \u00dcR\u00dcNLER\u0130 4. \u00c7ORBALAR VE APARAT\u0130FLER HAKKINDA GENEL B\u0130LG\u0130 5. BALIKLAR HAKKINDA GENEL B\u0130LG\u0130<span class=\"excerpt-hellip\"> [\u2026]<\/span><\/p>\n","protected":false},"featured_media":0,"template":"","meta":{"_monsterinsights_skip_tracking":false,"_monsterinsights_sitenote_active":false,"_monsterinsights_sitenote_note":"","_monsterinsights_sitenote_category":0},"product_brand":[],"product_cat":[13054,88605],"product_tag":[],"class_list":{"0":"post-734819","1":"product","2":"type-product","3":"status-publish","5":"product_cat-gezi-ve-rehber-kitaplari","6":"product_cat-turkiye-rehberi","7":"pa_cilt-ciltsiz","8":"pa_tur-kitap","9":"pa_yayinevi-gazi-kitabevi","10":"pa_yazar-fegan-mutlu","12":"first","13":"instock","14":"sale","15":"shipping-taxable","16":"purchasable","17":"product-type-simple"},"_links":{"self":[{"href":"https:\/\/roveyayinevi.com.tr\/index.php\/wp-json\/wp\/v2\/product\/734819","targetHints":{"allow":["GET"]}}],"collection":[{"href":"https:\/\/roveyayinevi.com.tr\/index.php\/wp-json\/wp\/v2\/product"}],"about":[{"href":"https:\/\/roveyayinevi.com.tr\/index.php\/wp-json\/wp\/v2\/types\/product"}],"wp:attachment":[{"href":"https:\/\/roveyayinevi.com.tr\/index.php\/wp-json\/wp\/v2\/media?parent=734819"}],"wp:term":[{"taxonomy":"product_brand","embeddable":true,"href":"https:\/\/roveyayinevi.com.tr\/index.php\/wp-json\/wp\/v2\/product_brand?post=734819"},{"taxonomy":"product_cat","embeddable":true,"href":"https:\/\/roveyayinevi.com.tr\/index.php\/wp-json\/wp\/v2\/product_cat?post=734819"},{"taxonomy":"product_tag","embeddable":true,"href":"https:\/\/roveyayinevi.com.tr\/index.php\/wp-json\/wp\/v2\/product_tag?post=734819"}],"curies":[{"name":"wp","href":"https:\/\/api.w.org\/{rel}","templated":true}]}}