{"id":734815,"date":"2025-08-27T22:35:13","date_gmt":"2025-08-27T19:35:13","guid":{"rendered":"https:\/\/roveyayinevi.com.tr\/index.php\/urun\/savas-calismalari-el-kitabi\/"},"modified":"2026-04-16T02:42:51","modified_gmt":"2026-04-15T23:42:51","slug":"savas-calismalari-el-kitabi","status":"publish","type":"product","link":"https:\/\/roveyayinevi.com.tr\/index.php\/urun\/savas-calismalari-el-kitabi\/","title":{"rendered":"Sava\u015f \u00c7al\u0131\u015fmalar\u0131 El Kitab\u0131"},"content":{"rendered":"<p>Sava\u015f\u0131n insanl\u0131k tarihi kadar eski oldu\u011fu kli\u015fesi s\u0131kl\u0131kla tekrar edilir. Bunun do\u011frulu\u011fu veya yanl\u0131\u015fl\u0131\u011f\u0131 son 500 y\u0131ld\u0131r tart\u0131\u015f\u0131lmaktad\u0131r. Ancak ilgin\u00e7 bir \u015fekilde sava\u015f\u0131n bilimin konusu haline gelmesi olduk\u00e7a yenidir. I. D\u00fcnya Sava\u015f\u0131\u2019n\u0131n biti\u015fi ve uluslararas\u0131 ili\u015fkiler disiplininin kurulmas\u0131yla sava\u015f bilimin konusu haline geldi. Bir ba\u015fka b\u00fcy\u00fck sava\u015f II. D\u00fcnya Sava\u015f\u0131 sayesinde fen bilimleri dahil mevcut akademik disiplinlerin neredeyse tamam\u0131 sava\u015f\u0131 incelemeye hi\u00e7 de\u011filse yan etkileri ve tahribat\u0131yla u\u011fra\u015fmaya ba\u015flad\u0131. Ancak T\u00fcrkiye\u2019de Sava\u015f \u00c7al\u0131\u015fmalar\u0131 alan\u0131 d\u00fcnyadaki geli\u015fmelerden geri kalm\u0131\u015ft\u0131r.Bu kitab\u0131n haz\u0131rlanmas\u0131n\u0131n ama\u00e7lar\u0131ndan en \u00f6nemlisi T\u00fcrk\u00e7e literat\u00fcrdeki bo\u015flu\u011fun doldurulmas\u0131 ve yeni bir ba\u015flang\u0131\u00e7 yap\u0131lmas\u0131n\u0131 sa\u011flamakt\u0131r. \u201cSava\u015f \u00c7al\u0131\u015fmalar\u0131 El Kitab\u0131\u201d giri\u015f niteli\u011finde bir referans eserdir. Sava\u015f ve askeri bilimlerle ilgili alt disiplinleri beraber ve b\u00fct\u00fcnl\u00fck i\u00e7inde tan\u0131tmay\u0131 ama\u00e7lamaktad\u0131r. Akademisyenlere ve genel okuyucu kitlesine temel bilgi ve kavramlar\u0131 rahatl\u0131kla anlayabilecekleri \u015fekilde sunmakt\u0131r. Bunun yan\u0131nda sava\u015f\u0131n ne kadar \u00f6nemli ve karma\u015f\u0131k oldu\u011funu ve bilimsel olarak incelenmesinin \u00f6nemi g\u00f6stermektir.Kitapta askeri tarih, g\u00fcvenlik \u00e7al\u0131\u015fmalar\u0131, savunma \u00e7al\u0131\u015fmalar\u0131, istihbarat \u00e7al\u0131\u015fmalar\u0131, askeri sosyoloji, askeri etik, askeri harek\u00e2t ara\u015ft\u0131rmas\u0131, askeri d\u00fc\u015f\u00fcncenin geli\u015fimi, sava\u015fta medyan\u0131n rol\u00fc ile sava\u015f oyunlar\u0131 gibi alan\u0131n \u00e7ok \u00f6nemli konular\u0131 uzmanlar\u0131 taraf\u0131ndan yaz\u0131lm\u0131\u015ft\u0131r.Askeri tarihle ilgili \u00e7al\u0131\u015fmalar\u0131yla tan\u0131nan Prof. Dr. Mesut Uyar\u2019\u0131n edit\u00f6rl\u00fc\u011f\u00fcnde haz\u0131rlanan \u201cSava\u015f \u00c7al\u0131\u015fmalar\u0131 El Kitab\u0131\u201d alan\u0131nda \u00f6nemli bir bo\u015flu\u011fu dolduracak ve okuyucular\u0131n sava\u015f\u0131 bilimsel olarak incelemesini sa\u011flayacakt\u0131r.<\/p>\n","protected":false},"excerpt":{"rendered":"<p>Sava\u015f\u0131n insanl\u0131k tarihi kadar eski oldu\u011fu kli\u015fesi s\u0131kl\u0131kla tekrar edilir. Bunun do\u011frulu\u011fu veya yanl\u0131\u015fl\u0131\u011f\u0131 son 500 y\u0131ld\u0131r tart\u0131\u015f\u0131lmaktad\u0131r. Ancak ilgin\u00e7 bir \u015fekilde sava\u015f\u0131n bilimin konusu haline<span class=\"excerpt-hellip\"> [\u2026]<\/span><\/p>\n","protected":false},"featured_media":0,"template":"","meta":{"_monsterinsights_skip_tracking":false,"_monsterinsights_sitenote_active":false,"_monsterinsights_sitenote_note":"","_monsterinsights_sitenote_category":0},"product_brand":[],"product_cat":[12312,12304],"product_tag":[],"class_list":{"0":"post-734815","1":"product","2":"type-product","3":"status-publish","5":"product_cat-diger","6":"product_cat-tarih","7":"pa_cilt-ciltsiz","8":"pa_tur-kitap","9":"pa_yayinevi-kronik-kitap","10":"pa_yazar-mesut-uyar","12":"first","13":"instock","14":"sale","15":"shipping-taxable","16":"purchasable","17":"product-type-simple"},"_links":{"self":[{"href":"https:\/\/roveyayinevi.com.tr\/index.php\/wp-json\/wp\/v2\/product\/734815","targetHints":{"allow":["GET"]}}],"collection":[{"href":"https:\/\/roveyayinevi.com.tr\/index.php\/wp-json\/wp\/v2\/product"}],"about":[{"href":"https:\/\/roveyayinevi.com.tr\/index.php\/wp-json\/wp\/v2\/types\/product"}],"wp:attachment":[{"href":"https:\/\/roveyayinevi.com.tr\/index.php\/wp-json\/wp\/v2\/media?parent=734815"}],"wp:term":[{"taxonomy":"product_brand","embeddable":true,"href":"https:\/\/roveyayinevi.com.tr\/index.php\/wp-json\/wp\/v2\/product_brand?post=734815"},{"taxonomy":"product_cat","embeddable":true,"href":"https:\/\/roveyayinevi.com.tr\/index.php\/wp-json\/wp\/v2\/product_cat?post=734815"},{"taxonomy":"product_tag","embeddable":true,"href":"https:\/\/roveyayinevi.com.tr\/index.php\/wp-json\/wp\/v2\/product_tag?post=734815"}],"curies":[{"name":"wp","href":"https:\/\/api.w.org\/{rel}","templated":true}]}}