{"id":734810,"date":"2025-08-27T22:35:08","date_gmt":"2025-08-27T19:35:08","guid":{"rendered":"https:\/\/roveyayinevi.com.tr\/index.php\/urun\/korebe\/"},"modified":"2026-04-16T02:42:50","modified_gmt":"2026-04-15T23:42:50","slug":"korebe","status":"publish","type":"product","link":"https:\/\/roveyayinevi.com.tr\/index.php\/urun\/korebe\/","title":{"rendered":"K\u00f6rebe"},"content":{"rendered":"<p>Bazen \u00f6n\u00fcndeki yola bakar, seni neyin bekledi\u011fini bilmeden harekete ge\u00e7ersin, merak edersin, heyecanlan\u0131r, yola koyulmaktan kendini al\u0131koyamazs\u0131n. Bazen de sonunu bile bile atars\u0131n ad\u0131mlar\u0131n\u0131. Neler ya\u015fayaca\u011f\u0131n\u0131 az \u00e7ok hisseder, sonu olmayan bir hik\u00e2yenin bir par\u00e7as\u0131 olaca\u011f\u0131n\u0131, \u00f6zellikle o hik\u00e2yenin senden neler g\u00f6t\u00fcrece\u011fini bilerek gene de y\u00fcr\u00fcrs\u00fcn. Yolun sonunda seni bekleyen u\u00e7urum korkutmaz seni ama varl\u0131\u011f\u0131ndan haberdars\u0131nd\u0131r. \u0130\u00e7inde hissetti\u011fin k\u0131p\u0131rt\u0131 \u00e7eler akl\u0131n\u0131. Kendini kand\u0131rman hi\u00e7 de zor olmaz. Ama emin ol, g\u00fcn gelecek, o yola neden girdi\u011fini g\u00f6zlerinde ya\u015flarla kendine soracaks\u0131n ve verebilece\u011fin hi\u00e7bir cevap kalbindeki ac\u0131y\u0131 dindirmeyecek.   Ben sende yanaca\u011f\u0131m\u0131 bilerek kald\u0131m, Sense \u00f6ld\u00fcrece\u011fini bilerek yakt\u0131n.<\/p>\n","protected":false},"excerpt":{"rendered":"<p>Bazen \u00f6n\u00fcndeki yola bakar, seni neyin bekledi\u011fini bilmeden harekete ge\u00e7ersin, merak edersin, heyecanlan\u0131r, yola koyulmaktan kendini al\u0131koyamazs\u0131n. Bazen de sonunu bile bile atars\u0131n ad\u0131mlar\u0131n\u0131. Neler ya\u015fayaca\u011f\u0131n\u0131<span class=\"excerpt-hellip\"> [\u2026]<\/span><\/p>\n","protected":false},"featured_media":0,"template":"","meta":{"_monsterinsights_skip_tracking":false,"_monsterinsights_sitenote_active":false,"_monsterinsights_sitenote_note":"","_monsterinsights_sitenote_category":0},"product_brand":[],"product_cat":[12291,12711],"product_tag":[],"class_list":{"0":"post-734810","1":"product","2":"type-product","3":"status-publish","5":"product_cat-edebiyat","6":"product_cat-roman-oyku","7":"pa_cilt-ciltsiz","8":"pa_tur-kitap","9":"pa_yayinevi-yeni-insan-yayinlari","10":"pa_yazar-sengul-schlensog","12":"first","13":"instock","14":"sale","15":"shipping-taxable","16":"purchasable","17":"product-type-simple"},"_links":{"self":[{"href":"https:\/\/roveyayinevi.com.tr\/index.php\/wp-json\/wp\/v2\/product\/734810","targetHints":{"allow":["GET"]}}],"collection":[{"href":"https:\/\/roveyayinevi.com.tr\/index.php\/wp-json\/wp\/v2\/product"}],"about":[{"href":"https:\/\/roveyayinevi.com.tr\/index.php\/wp-json\/wp\/v2\/types\/product"}],"wp:attachment":[{"href":"https:\/\/roveyayinevi.com.tr\/index.php\/wp-json\/wp\/v2\/media?parent=734810"}],"wp:term":[{"taxonomy":"product_brand","embeddable":true,"href":"https:\/\/roveyayinevi.com.tr\/index.php\/wp-json\/wp\/v2\/product_brand?post=734810"},{"taxonomy":"product_cat","embeddable":true,"href":"https:\/\/roveyayinevi.com.tr\/index.php\/wp-json\/wp\/v2\/product_cat?post=734810"},{"taxonomy":"product_tag","embeddable":true,"href":"https:\/\/roveyayinevi.com.tr\/index.php\/wp-json\/wp\/v2\/product_tag?post=734810"}],"curies":[{"name":"wp","href":"https:\/\/api.w.org\/{rel}","templated":true}]}}