{"id":734798,"date":"2025-08-27T22:34:55","date_gmt":"2025-08-27T19:34:55","guid":{"rendered":"https:\/\/roveyayinevi.com.tr\/index.php\/urun\/saatim-tik-ka-tik-ka\/"},"modified":"2026-04-16T02:42:50","modified_gmt":"2026-04-15T23:42:50","slug":"saatim-tik-ka-tik-ka","status":"publish","type":"product","link":"https:\/\/roveyayinevi.com.tr\/index.php\/urun\/saatim-tik-ka-tik-ka\/","title":{"rendered":"Saatim Tik Ka Tik Ka"},"content":{"rendered":"<p>Duru, ablas\u0131 \u0130da\u2019y\u0131 k\u00fct\u00fcphaneden \u00e7\u0131karken g\u00f6r\u00fcnce \u00e7ok \u015fa\u015f\u0131r\u0131r. \u0130da okumay\u0131 sevmez ki! \u00d6yleyse, neden belediyenin okuma yar\u0131\u015fmas\u0131na kat\u0131l\u0131yor?Yar\u0131\u015fma i\u00e7in okunmas\u0131 gereken pek \u00e7ok kitap var. \u0130da bunu g\u00f6ze ald\u0131\u011f\u0131na g\u00f6re, ucunda \u00e7ok b\u00fcy\u00fck bir \u00f6d\u00fcl olmal\u0131. Belki de bu \u00f6d\u00fcl, d\u00fcnyan\u0131n b\u00fct\u00fcn bilgisayar oyunlar\u0131d\u0131r!Duru, ablas\u0131na yard\u0131m etmek istiyor. Ama daha ikinci s\u0131n\u0131fa gitti\u011fi i\u00e7in \u00e7ok kal\u0131n kitaplar okuyam\u0131yor. Neyse ki evde kitaplar d\u00fcnyas\u0131n\u0131n sihirli kap\u0131s\u0131n\u0131 a\u00e7abilen biri var: T\u0130KKA!Dilge G\u00fcney kitap sevgisi, karde\u015flik, okul, rekabet, arkada\u015fl\u0131k ve aile ili\u015fkileri \u00fczerine g\u00fczel s\u00f6zler s\u00f6yl\u00fcyor; keyifli bir anlat\u0131m, akan bir kurgu ve ezberbozan bir yakla\u015f\u0131mla&#8230;<\/p>\n","protected":false},"excerpt":{"rendered":"<p>Duru, ablas\u0131 \u0130da\u2019y\u0131 k\u00fct\u00fcphaneden \u00e7\u0131karken g\u00f6r\u00fcnce \u00e7ok \u015fa\u015f\u0131r\u0131r. \u0130da okumay\u0131 sevmez ki! \u00d6yleyse, neden belediyenin okuma yar\u0131\u015fmas\u0131na kat\u0131l\u0131yor?Yar\u0131\u015fma i\u00e7in okunmas\u0131 gereken pek \u00e7ok kitap var. \u0130da<span class=\"excerpt-hellip\"> [\u2026]<\/span><\/p>\n","protected":false},"featured_media":0,"template":"","meta":{"_monsterinsights_skip_tracking":false,"_monsterinsights_sitenote_active":false,"_monsterinsights_sitenote_note":"","_monsterinsights_sitenote_category":0},"product_brand":[],"product_cat":[12275,12274],"product_tag":[],"class_list":{"0":"post-734798","1":"product","2":"type-product","3":"status-publish","5":"product_cat-6-12-yas-kitaplari","6":"product_cat-cocuk-ve-genclik-kitaplari","7":"pa_cilt-ciltsiz","8":"pa_tur-kitap","9":"pa_yayinevi-altin-kitaplar-ozel-urun","10":"pa_yazar-dilge-guney","12":"first","13":"instock","14":"sale","15":"shipping-taxable","16":"purchasable","17":"product-type-simple"},"_links":{"self":[{"href":"https:\/\/roveyayinevi.com.tr\/index.php\/wp-json\/wp\/v2\/product\/734798","targetHints":{"allow":["GET"]}}],"collection":[{"href":"https:\/\/roveyayinevi.com.tr\/index.php\/wp-json\/wp\/v2\/product"}],"about":[{"href":"https:\/\/roveyayinevi.com.tr\/index.php\/wp-json\/wp\/v2\/types\/product"}],"wp:attachment":[{"href":"https:\/\/roveyayinevi.com.tr\/index.php\/wp-json\/wp\/v2\/media?parent=734798"}],"wp:term":[{"taxonomy":"product_brand","embeddable":true,"href":"https:\/\/roveyayinevi.com.tr\/index.php\/wp-json\/wp\/v2\/product_brand?post=734798"},{"taxonomy":"product_cat","embeddable":true,"href":"https:\/\/roveyayinevi.com.tr\/index.php\/wp-json\/wp\/v2\/product_cat?post=734798"},{"taxonomy":"product_tag","embeddable":true,"href":"https:\/\/roveyayinevi.com.tr\/index.php\/wp-json\/wp\/v2\/product_tag?post=734798"}],"curies":[{"name":"wp","href":"https:\/\/api.w.org\/{rel}","templated":true}]}}