{"id":734792,"date":"2025-08-27T22:34:49","date_gmt":"2025-08-27T19:34:49","guid":{"rendered":"https:\/\/roveyayinevi.com.tr\/index.php\/urun\/tom-sawyerin-maceralari-11\/"},"modified":"2026-04-16T02:42:50","modified_gmt":"2026-04-15T23:42:50","slug":"tom-sawyerin-maceralari-11","status":"publish","type":"product","link":"https:\/\/roveyayinevi.com.tr\/index.php\/urun\/tom-sawyerin-maceralari-11\/","title":{"rendered":"Tom Sawyer&#8217;\u0131n Maceralar\u0131"},"content":{"rendered":"<p>Tom Sawyer i\u00e7in do\u011fan her yeni g\u00fcn yepyeni bir macera demek.  K\u00e2h bir korsan olup \u0131ss\u0131z bir adada diledi\u011fi gibi ya\u015f\u0131yor k\u00e2h kazma k\u00fcrekle define av\u0131na \u00e7\u0131k\u0131yor. Bir g\u00fcn haydut oluyor, ertesi g\u00fcn kahraman. Engin hayal g\u00fcc\u00fc ve zek\u00e2s\u0131 sayesinde girdi\u011fi her k\u0131l\u0131\u011f\u0131n hakk\u0131n\u0131 veren Tom, bir an bile durup dinlenmeden yepyeni maceralar\u0131n pe\u015fine d\u00fc\u015f\u00fcyor. <\/p>\n","protected":false},"excerpt":{"rendered":"<p>Tom Sawyer i\u00e7in do\u011fan her yeni g\u00fcn yepyeni bir macera demek. K\u00e2h bir korsan olup \u0131ss\u0131z bir adada diledi\u011fi gibi ya\u015f\u0131yor k\u00e2h kazma k\u00fcrekle define av\u0131na<span class=\"excerpt-hellip\"> [\u2026]<\/span><\/p>\n","protected":false},"featured_media":0,"template":"","meta":{"_monsterinsights_skip_tracking":false,"_monsterinsights_sitenote_active":false,"_monsterinsights_sitenote_note":"","_monsterinsights_sitenote_category":0},"product_brand":[],"product_cat":[12274,12467],"product_tag":[],"class_list":{"0":"post-734792","1":"product","2":"type-product","3":"status-publish","5":"product_cat-cocuk-ve-genclik-kitaplari","6":"product_cat-dunya-klasikleri","7":"pa_cilt-ciltsiz","8":"pa_tur-kitap","9":"pa_yayinevi-beyaz-balina-yayinlari","10":"pa_yazar-mark-twain","12":"first","13":"instock","14":"sale","15":"shipping-taxable","16":"purchasable","17":"product-type-simple"},"_links":{"self":[{"href":"https:\/\/roveyayinevi.com.tr\/index.php\/wp-json\/wp\/v2\/product\/734792","targetHints":{"allow":["GET"]}}],"collection":[{"href":"https:\/\/roveyayinevi.com.tr\/index.php\/wp-json\/wp\/v2\/product"}],"about":[{"href":"https:\/\/roveyayinevi.com.tr\/index.php\/wp-json\/wp\/v2\/types\/product"}],"wp:attachment":[{"href":"https:\/\/roveyayinevi.com.tr\/index.php\/wp-json\/wp\/v2\/media?parent=734792"}],"wp:term":[{"taxonomy":"product_brand","embeddable":true,"href":"https:\/\/roveyayinevi.com.tr\/index.php\/wp-json\/wp\/v2\/product_brand?post=734792"},{"taxonomy":"product_cat","embeddable":true,"href":"https:\/\/roveyayinevi.com.tr\/index.php\/wp-json\/wp\/v2\/product_cat?post=734792"},{"taxonomy":"product_tag","embeddable":true,"href":"https:\/\/roveyayinevi.com.tr\/index.php\/wp-json\/wp\/v2\/product_tag?post=734792"}],"curies":[{"name":"wp","href":"https:\/\/api.w.org\/{rel}","templated":true}]}}