{"id":734790,"date":"2025-08-27T22:34:46","date_gmt":"2025-08-27T19:34:46","guid":{"rendered":"https:\/\/roveyayinevi.com.tr\/index.php\/urun\/kilictan-tac-zaman-carki-7\/"},"modified":"2026-04-16T02:42:50","modified_gmt":"2026-04-15T23:42:50","slug":"kilictan-tac-zaman-carki-7","status":"publish","type":"product","link":"https:\/\/roveyayinevi.com.tr\/index.php\/urun\/kilictan-tac-zaman-carki-7\/","title":{"rendered":"K\u0131l\u0131\u00e7tan Ta\u00e7 &#8211; Zaman \u00c7ark\u0131 7"},"content":{"rendered":"<p>\u201cZaman \u00c7ark\u0131 d\u00f6ner, \u00c7a\u011flar gelip ge\u00e7er, efsanele\u015fen an\u0131lar b\u0131rak\u0131r ard\u0131nda. Efsaneler solarak mit olur ve onlar\u0131 do\u011furan \u00c7a\u011f yeniden geldi\u011finde mitler bile unutulur.\u201d   Fantastik edebiyat\u0131n devi Robert Jordan\u2019\u0131n kaleminden \u00e7\u0131kan Zaman \u00c7ark\u0131 destan\u0131 d\u00fcnya \u00e7ap\u0131nda milyonlar\u0131n hayal g\u00fcc\u00fcnde yer etti. Ayr\u0131nt\u0131l\u0131 d\u00fcnyas\u0131, en ince detay\u0131na kadar d\u00fc\u015f\u00fcn\u00fclm\u00fc\u015f b\u00fcy\u00fc sistemi, g\u00f6n\u00fcllere taht kuran karakterleri Zaman \u00c7ark\u0131\u2019n\u0131n okurlar taraf\u0131ndan bu kadar sevilmesinin sadece birka\u00e7 sebebi. Zaman \u00c7ark\u0131\u2019n\u0131n etkileri, Patrick Rothfuss, Brandon Sanderson, Brent Weeks gibi g\u00fcn\u00fcm\u00fcz\u00fcn en b\u00fcy\u00fck fantastik yazarlar\u0131n\u0131n eserlerinde g\u00f6r\u00fclebilir.   \u0130nsanl\u0131\u011f\u0131n kurtulu\u015fu i\u00e7in verilecek sava\u015f ba\u015flam\u0131\u015ft\u0131.   Yenidendo\u011fan Ejder Rand al\u2019Thor, Beyaz Kule\u2019nin tuzaklar\u0131ndan kurtulmu\u015ftu ve Aes Sedailerden baz\u0131lar\u0131 onun arkas\u0131ndan y\u00fcr\u00fcmek i\u00e7in yemin etmi\u015fti. Karanl\u0131k\u2019\u0131n hizmetk\u00e2rlar\u0131n\u0131n sald\u0131r\u0131lar\u0131 ve istilac\u0131 Seanchan\u2019\u0131n tehditleriyle kar\u015f\u0131la\u015fan Rand sava\u015f\u0131 Terkedilmi\u015f Sammael\u2019in kalesi Illian\u2019a ta\u015f\u0131yacakt\u0131.   Ebou Dar\u2019da Elayne, Aviendha ve Mat, Karanl\u0131k Varl\u0131k\u2019\u0131n g\u00fcc\u00fcn\u00fc k\u0131rabilecek ter\u2019angreal\u2019i elde etmek i\u00e7in \u00e7abalasalar da kar\u015f\u0131lar\u0131nda kadim bir lanet bulacaklard\u0131.   Salidar\u2019daki Egwene al\u2019Vere ise Tar Valon\u2019u geri almak ve Aes Sedai\u2019yi birle\u015ftirmek i\u00e7in bir ordu toplamaktayd\u0131.   Ejderha, bir kez daha zaman\u0131n r\u00fczg\u00e2rlar\u0131nda havalanacak.   \u201cZaman \u00c7ark\u0131 d\u0131\u015f\u0131nda aktif olarak i\u00e7inde bulundu\u011fum ba\u015fka hi\u00e7bir hayran grubu olmad\u0131.\u201d \u2013Marie Brennan   \u201cZaman \u00c7ark\u0131, akla Tolkien\u2019in \u015faheserlerini getiriyor.\u201d \u2013Publishers Weekly <\/p>\n","protected":false},"excerpt":{"rendered":"<p>\u201cZaman \u00c7ark\u0131 d\u00f6ner, \u00c7a\u011flar gelip ge\u00e7er, efsanele\u015fen an\u0131lar b\u0131rak\u0131r ard\u0131nda. Efsaneler solarak mit olur ve onlar\u0131 do\u011furan \u00c7a\u011f yeniden geldi\u011finde mitler bile unutulur.\u201d Fantastik edebiyat\u0131n devi<span class=\"excerpt-hellip\"> [\u2026]<\/span><\/p>\n","protected":false},"featured_media":0,"template":"","meta":{"_monsterinsights_skip_tracking":false,"_monsterinsights_sitenote_active":false,"_monsterinsights_sitenote_note":"","_monsterinsights_sitenote_category":0},"product_brand":[],"product_cat":[12291,14777],"product_tag":[],"class_list":{"0":"post-734790","1":"product","2":"type-product","3":"status-publish","5":"product_cat-edebiyat","6":"product_cat-fantastik","7":"pa_cilt-ciltsiz","8":"pa_tur-kitap","9":"pa_yayinevi-ithaki-yayinlari","10":"pa_yazar-robert-jordan","12":"first","13":"instock","14":"sale","15":"shipping-taxable","16":"purchasable","17":"product-type-simple"},"_links":{"self":[{"href":"https:\/\/roveyayinevi.com.tr\/index.php\/wp-json\/wp\/v2\/product\/734790","targetHints":{"allow":["GET"]}}],"collection":[{"href":"https:\/\/roveyayinevi.com.tr\/index.php\/wp-json\/wp\/v2\/product"}],"about":[{"href":"https:\/\/roveyayinevi.com.tr\/index.php\/wp-json\/wp\/v2\/types\/product"}],"wp:attachment":[{"href":"https:\/\/roveyayinevi.com.tr\/index.php\/wp-json\/wp\/v2\/media?parent=734790"}],"wp:term":[{"taxonomy":"product_brand","embeddable":true,"href":"https:\/\/roveyayinevi.com.tr\/index.php\/wp-json\/wp\/v2\/product_brand?post=734790"},{"taxonomy":"product_cat","embeddable":true,"href":"https:\/\/roveyayinevi.com.tr\/index.php\/wp-json\/wp\/v2\/product_cat?post=734790"},{"taxonomy":"product_tag","embeddable":true,"href":"https:\/\/roveyayinevi.com.tr\/index.php\/wp-json\/wp\/v2\/product_tag?post=734790"}],"curies":[{"name":"wp","href":"https:\/\/api.w.org\/{rel}","templated":true}]}}