{"id":734788,"date":"2025-08-27T22:34:44","date_gmt":"2025-08-27T19:34:44","guid":{"rendered":"https:\/\/roveyayinevi.com.tr\/index.php\/urun\/planetary-cilt-4-uzayzaman-arkeolojisi\/"},"modified":"2026-04-16T02:42:50","modified_gmt":"2026-04-15T23:42:50","slug":"planetary-cilt-4-uzayzaman-arkeolojisi","status":"publish","type":"product","link":"https:\/\/roveyayinevi.com.tr\/index.php\/urun\/planetary-cilt-4-uzayzaman-arkeolojisi\/","title":{"rendered":"Planetary Cilt 4 &#8211; Uzayzaman Arkeolojisi"},"content":{"rendered":"<p>\u201c\u00c7izgi roman tarihinin en iyi isimlerinden ak\u0131l almaz bir seri.\u201d \u2013SCI FI UNIVERSE   Gizem ve macera dolu PLANETARY serisinde hik\u00e2ye d\u00f6rd\u00fcnc\u00fc cilt UZAYZAMAN ARKEOLOJ\u0130S\u0130 ile \u015fa\u015f\u0131rt\u0131c\u0131 bir \u015fekilde sona eriyor. Elijah Snow, Jakita Wagner ve Davulcu\u2019nun ba\u015f d\u00fc\u015fmanlar\u0131 D\u00f6rtl\u00fc\u2019n\u00fcn s\u0131rlar\u0131 ve D\u00fcnya gezegenine kar\u015f\u0131 y\u00fcr\u00fctt\u00fckleri gizli plan a\u00e7\u0131\u011fa \u00e7\u0131k\u0131yor. Onlara kar\u015f\u0131 verilecek son sava\u015f yakla\u015f\u0131rken kimsenin tahmin etmedi\u011fi s\u00fcrpriz bir karakter de oyuna geri d\u00f6n\u00fcyor. <\/p>\n","protected":false},"excerpt":{"rendered":"<p>\u201c\u00c7izgi roman tarihinin en iyi isimlerinden ak\u0131l almaz bir seri.\u201d \u2013SCI FI UNIVERSE Gizem ve macera dolu PLANETARY serisinde hik\u00e2ye d\u00f6rd\u00fcnc\u00fc cilt UZAYZAMAN ARKEOLOJ\u0130S\u0130 ile \u015fa\u015f\u0131rt\u0131c\u0131<span class=\"excerpt-hellip\"> [\u2026]<\/span><\/p>\n","protected":false},"featured_media":0,"template":"","meta":{"_monsterinsights_skip_tracking":false,"_monsterinsights_sitenote_active":false,"_monsterinsights_sitenote_note":"","_monsterinsights_sitenote_category":0},"product_brand":[],"product_cat":[12416,12291],"product_tag":[],"class_list":{"0":"post-734788","1":"product","2":"type-product","3":"status-publish","5":"product_cat-cizgi-roman","6":"product_cat-edebiyat","7":"pa_cilt-ciltsiz","8":"pa_tur-kitap","9":"pa_yayinevi-ithaki-yayinlari","10":"pa_yazar-warren-ellis","12":"first","13":"instock","14":"sale","15":"shipping-taxable","16":"purchasable","17":"product-type-simple"},"_links":{"self":[{"href":"https:\/\/roveyayinevi.com.tr\/index.php\/wp-json\/wp\/v2\/product\/734788","targetHints":{"allow":["GET"]}}],"collection":[{"href":"https:\/\/roveyayinevi.com.tr\/index.php\/wp-json\/wp\/v2\/product"}],"about":[{"href":"https:\/\/roveyayinevi.com.tr\/index.php\/wp-json\/wp\/v2\/types\/product"}],"wp:attachment":[{"href":"https:\/\/roveyayinevi.com.tr\/index.php\/wp-json\/wp\/v2\/media?parent=734788"}],"wp:term":[{"taxonomy":"product_brand","embeddable":true,"href":"https:\/\/roveyayinevi.com.tr\/index.php\/wp-json\/wp\/v2\/product_brand?post=734788"},{"taxonomy":"product_cat","embeddable":true,"href":"https:\/\/roveyayinevi.com.tr\/index.php\/wp-json\/wp\/v2\/product_cat?post=734788"},{"taxonomy":"product_tag","embeddable":true,"href":"https:\/\/roveyayinevi.com.tr\/index.php\/wp-json\/wp\/v2\/product_tag?post=734788"}],"curies":[{"name":"wp","href":"https:\/\/api.w.org\/{rel}","templated":true}]}}