{"id":734781,"date":"2025-08-27T22:34:35","date_gmt":"2025-08-27T19:34:35","guid":{"rendered":"https:\/\/roveyayinevi.com.tr\/index.php\/urun\/gunebakan\/"},"modified":"2026-04-16T02:42:50","modified_gmt":"2026-04-15T23:42:50","slug":"gunebakan","status":"publish","type":"product","link":"https:\/\/roveyayinevi.com.tr\/index.php\/urun\/gunebakan\/","title":{"rendered":"G\u00fcnebakan"},"content":{"rendered":"<p>Aidiyet de hayalleri de insan\u0131 hayata ba\u011flayan g\u00fc\u00e7l\u00fc duygulardand\u0131r. Hayat dolu olan \u0130pek, tutkuyla ba\u011fl\u0131 oldu\u011fu topraklarda t\u00fcm \u00f6mr\u00fcn\u00fc burada ya\u015faman\u0131n hayalini kurarken y\u0131llar sonra \u00e7iftli\u011fin sahibinin hi\u00e7 g\u00f6rmedi\u011fi k\u0131z\u0131 ve \u00e7ocuklar\u0131 geri d\u00f6nd\u00fc\u011f\u00fcnde \u00e7iftlik hayat\u0131n\u0131n da hayallerinin de elinden al\u0131naca\u011f\u0131n\u0131 hisseder. \u0130pek, duygular\u0131, hayalleri ve de\u011fer yarg\u0131lar\u0131 i\u00e7in sava\u015fmak durumunda kal\u0131rken okuru bazen g\u00fcnebakanlar\u0131n aras\u0131nda, bazen \u015f\u0131r\u0131l \u015f\u0131r\u0131l akan bir derenin k\u0131y\u0131s\u0131nda gezdirecek. Birbirine ba\u011fl\u0131 s\u0131cac\u0131k ailesinin oldu\u011fu eve de davet edecek, aile ba\u011flar\u0131n\u0131 kesen ba\u015fka bir ailenin \u00f6dedi\u011fi bedellere de \u015fahitlik ettirecek. \u0130pek ya kal\u0131p hi\u00e7 ho\u015flanmad\u0131\u011f\u0131 bencil ve bir o kadar da yak\u0131\u015f\u0131kl\u0131 bir adamla bu i\u015fi s\u00fcrd\u00fcrecek ya da tutkuyla ba\u011fl\u0131 oldu\u011fu topraklardan gidecekti. T\u00fcm bunlar olurken sevgi, do\u011fa, sadakat, aile, arkada\u015fl\u0131k ili\u015fkilerinin \u0131\u015f\u0131\u011f\u0131 ona yol g\u00f6sterecek. Ve elbette a\u015fk, en olmad\u0131k zamanda en olmad\u0131k ki\u015filerin kap\u0131s\u0131n\u0131 \u00e7alacak. A\u015fk, ya g\u00fcnebakanlar gibi g\u00fcne\u015fi seyrettirecek ya da ak\u015fam oldu\u011funda boynunu b\u00fckt\u00fcr\u00fcp g\u00fcne\u015fin tekrar do\u011fmas\u0131n\u0131 bekletecek. Sonunda sevgisine de inand\u0131klar\u0131 de\u011ferlere de sahip \u00e7\u0131kanlar kazanacak\u2026 <\/p>\n","protected":false},"excerpt":{"rendered":"<p>Aidiyet de hayalleri de insan\u0131 hayata ba\u011flayan g\u00fc\u00e7l\u00fc duygulardand\u0131r. Hayat dolu olan \u0130pek, tutkuyla ba\u011fl\u0131 oldu\u011fu topraklarda t\u00fcm \u00f6mr\u00fcn\u00fc burada ya\u015faman\u0131n hayalini kurarken y\u0131llar sonra \u00e7iftli\u011fin<span class=\"excerpt-hellip\"> [\u2026]<\/span><\/p>\n","protected":false},"featured_media":0,"template":"","meta":{"_monsterinsights_skip_tracking":false,"_monsterinsights_sitenote_active":false,"_monsterinsights_sitenote_note":"","_monsterinsights_sitenote_category":0},"product_brand":[],"product_cat":[12291,12711],"product_tag":[],"class_list":{"0":"post-734781","1":"product","2":"type-product","3":"status-publish","5":"product_cat-edebiyat","6":"product_cat-roman-oyku","7":"pa_cilt-ciltsiz","8":"pa_tur-kitap","9":"pa_yayinevi-muptela-yayinevi","10":"pa_yazar-aysegul-cicekoglu","12":"first","13":"instock","14":"sale","15":"shipping-taxable","16":"purchasable","17":"product-type-simple"},"_links":{"self":[{"href":"https:\/\/roveyayinevi.com.tr\/index.php\/wp-json\/wp\/v2\/product\/734781","targetHints":{"allow":["GET"]}}],"collection":[{"href":"https:\/\/roveyayinevi.com.tr\/index.php\/wp-json\/wp\/v2\/product"}],"about":[{"href":"https:\/\/roveyayinevi.com.tr\/index.php\/wp-json\/wp\/v2\/types\/product"}],"wp:attachment":[{"href":"https:\/\/roveyayinevi.com.tr\/index.php\/wp-json\/wp\/v2\/media?parent=734781"}],"wp:term":[{"taxonomy":"product_brand","embeddable":true,"href":"https:\/\/roveyayinevi.com.tr\/index.php\/wp-json\/wp\/v2\/product_brand?post=734781"},{"taxonomy":"product_cat","embeddable":true,"href":"https:\/\/roveyayinevi.com.tr\/index.php\/wp-json\/wp\/v2\/product_cat?post=734781"},{"taxonomy":"product_tag","embeddable":true,"href":"https:\/\/roveyayinevi.com.tr\/index.php\/wp-json\/wp\/v2\/product_tag?post=734781"}],"curies":[{"name":"wp","href":"https:\/\/api.w.org\/{rel}","templated":true}]}}