{"id":734779,"date":"2025-08-27T22:34:32","date_gmt":"2025-08-27T19:34:32","guid":{"rendered":"https:\/\/roveyayinevi.com.tr\/index.php\/urun\/edenin-kaderi\/"},"modified":"2026-04-13T02:52:02","modified_gmt":"2026-04-12T23:52:02","slug":"edenin-kaderi","status":"publish","type":"product","link":"https:\/\/roveyayinevi.com.tr\/index.php\/urun\/edenin-kaderi\/","title":{"rendered":"Eden&#8217;\u0131n Kaderi"},"content":{"rendered":"<p>E\u011fer gerekirse senin i\u00e7in \u015feytanla y\u00fczle\u015firim   Eden ile Calder, hayatlar\u0131n\u0131 mahveden tarikattan kurtulmay\u0131 ba\u015farabilmi\u015flerdi ancak her ikisi de di\u011ferinin korkun\u00e7 felakette can verdi\u011fine inan\u0131yordu. O zamana kadar t\u00fcm tehlikelerle el ele y\u00fczle\u015ftikleri i\u00e7in, bu yeni d\u00fcnyada kim olacaklar\u0131n\u0131 bulmak art\u0131k her zamankinden daha zordu.   Calder olanlar i\u00e7in kendini su\u00e7luyor ve daima \u00f6l\u00fcm\u00fcn k\u0131y\u0131s\u0131nda geziniyordu. Ya\u015fama tutunman\u0131n tek yolunu Eden\u2019\u0131n resimlerini yaparak onun hayaline s\u0131\u011f\u0131nmakta bulmu\u015ftu.   Eden ise ona evini a\u00e7an varl\u0131kl\u0131 i\u015fadam\u0131n\u0131n torununa piyano dersleri veriyor ancak tuttu\u011fu yas onu i\u00e7ten i\u00e7e yiyip bitiriyordu. Tam da yeni bir kay\u0131pla sars\u0131ld\u0131\u011f\u0131 s\u0131rada, ge\u00e7mi\u015fine dair en korktu\u011fu sorunun cevab\u0131 kap\u0131s\u0131na dayanm\u0131\u015ft\u0131.   T\u00fcm mesafelere, aradan ge\u00e7en y\u0131llara ve kaderin hain oyunlar\u0131na ra\u011fmen daima a\u015fklar\u0131na tutunan Eden ile Calder\u2019\u0131n \u00f6n\u00fcnde son bir s\u0131nav vard\u0131.<\/p>\n","protected":false},"excerpt":{"rendered":"<p>E\u011fer gerekirse senin i\u00e7in \u015feytanla y\u00fczle\u015firim Eden ile Calder, hayatlar\u0131n\u0131 mahveden tarikattan kurtulmay\u0131 ba\u015farabilmi\u015flerdi ancak her ikisi de di\u011ferinin korkun\u00e7 felakette can verdi\u011fine inan\u0131yordu. O zamana<span class=\"excerpt-hellip\"> [\u2026]<\/span><\/p>\n","protected":false},"featured_media":0,"template":"","meta":{"_monsterinsights_skip_tracking":false,"_monsterinsights_sitenote_active":false,"_monsterinsights_sitenote_note":"","_monsterinsights_sitenote_category":0},"product_brand":[],"product_cat":[12291,12711],"product_tag":[],"class_list":{"0":"post-734779","1":"product","2":"type-product","3":"status-publish","5":"product_cat-edebiyat","6":"product_cat-roman-oyku","7":"pa_cilt-ciltsiz","8":"pa_tur-kitap","9":"pa_yayinevi-yabanci-yayinevi","10":"pa_yazar-mia-sheridan","12":"first","13":"instock","14":"sale","15":"shipping-taxable","16":"purchasable","17":"product-type-simple"},"_links":{"self":[{"href":"https:\/\/roveyayinevi.com.tr\/index.php\/wp-json\/wp\/v2\/product\/734779","targetHints":{"allow":["GET"]}}],"collection":[{"href":"https:\/\/roveyayinevi.com.tr\/index.php\/wp-json\/wp\/v2\/product"}],"about":[{"href":"https:\/\/roveyayinevi.com.tr\/index.php\/wp-json\/wp\/v2\/types\/product"}],"wp:attachment":[{"href":"https:\/\/roveyayinevi.com.tr\/index.php\/wp-json\/wp\/v2\/media?parent=734779"}],"wp:term":[{"taxonomy":"product_brand","embeddable":true,"href":"https:\/\/roveyayinevi.com.tr\/index.php\/wp-json\/wp\/v2\/product_brand?post=734779"},{"taxonomy":"product_cat","embeddable":true,"href":"https:\/\/roveyayinevi.com.tr\/index.php\/wp-json\/wp\/v2\/product_cat?post=734779"},{"taxonomy":"product_tag","embeddable":true,"href":"https:\/\/roveyayinevi.com.tr\/index.php\/wp-json\/wp\/v2\/product_tag?post=734779"}],"curies":[{"name":"wp","href":"https:\/\/api.w.org\/{rel}","templated":true}]}}