{"id":734777,"date":"2025-08-27T22:34:31","date_gmt":"2025-08-27T19:34:31","guid":{"rendered":"https:\/\/roveyayinevi.com.tr\/index.php\/urun\/turkiyede-iktisat-politikalari-ve-istihdam\/"},"modified":"2026-04-16T02:42:49","modified_gmt":"2026-04-15T23:42:49","slug":"turkiyede-iktisat-politikalari-ve-istihdam","status":"publish","type":"product","link":"https:\/\/roveyayinevi.com.tr\/index.php\/urun\/turkiyede-iktisat-politikalari-ve-istihdam\/","title":{"rendered":"T\u00fcrkiye&#8217;de \u0130ktisat Politikalar\u0131 ve \u0130stihdam"},"content":{"rendered":"<p>1.      Birinci B\u00f6l\u00fcm \u2022 \u0130ktisat Politikasi: Kavramsal \u00c7er\u00e7eve, Ama\u00e7lar Ve Ara\u00e7lar 2.      \u0130kinci B\u00f6l\u00fcm \u2022 \u0130ktisat Politikasinin Hedefleri, \u00c7e\u015fitleri, Se\u00e7imi Ve Uygulamalari 3.      \u00dc\u00e7\u00fcnc\u00fc B\u00f6l\u00fcm \u2022 \u0130ktisat Politikasi Modeli Olu\u015fturma Sorunu Ve \u0130ktisat Politikasinda Gecikmeler 4.      D\u00f6rd\u00fcnc\u00fc B\u00f6l\u00fcm \u2022 Yeni Ekonomik Anlayi\u015f: Bilgi Ekonomisi 5.      Be\u015finci B\u00f6l\u00fcm \u2022 \u0130stihdam, \u0130\u015fsizlik Kavramlari Ve \u0130stihdam Teorileri \u0130le T\u00fcrkiye\u2019de \u0130stihdam Politikalari 6.      Altinci B\u00f6l\u00fcm \u2022 T\u00fcrkiye\u2019de Uygulanan Para Politikasi Ve \u0130stihdam Arasindaki \u0130li\u015fkinin Ampirik Analizi: 2011-2021 D\u00f6nemi 7.      Yedinci B\u00f6l\u00fcm \u2022 T\u00fcrkiye\u2019de Maliye Politikasi Ve \u0130stihdam (1990 \u2013 2020) 8.      Sekizinci B\u00f6l\u00fcm \u2022 T\u00fcrkiye\u2019de Do\u011frudan Yabanci Sermaye Politikasi Ve \u0130stihdam (1990-2020) 9.      Dokuzuncu B\u00f6l\u00fcm \u2022 T\u00fcrkiye\u2019de Fiyat \u0130stikrari Politikasi Ve \u0130stihdam 10.  Onuncu B\u00f6l\u00fcm \u2022 T\u00fcrkiye\u2019de Sanayi Politikalari Ve \u0130stihdam 11.  On Birinci B\u00f6l\u00fcm \u2022 Tarim Politikalari Ve \u0130sdihdam (1990-2020) 12.  On \u0130kinci B\u00f6l\u00fcm \u2022 T\u00fcrkiye\u2019de Hizmetler Sekt\u00f6r\u00fcne Y\u00f6nelik Politikalar Ve \u0130stihdam (1990-2020) 13.  On \u00dc\u00e7\u00fcnc\u00fc B\u00f6l\u00fcm \u2022 Teknoloji Ve \u0130stihdam \u0130li\u015fkisinin Analizi 14.  On D\u00f6rd\u00fcnc\u00fc B\u00f6l\u00fcm \u2022 Sosyal Giri\u015fimcilik Kavrami Ve \u0130stihdam 15.  On Be\u015finci B\u00f6l\u00fcm \u2022 T\u00fcrkiye\u2019de Finansal \u0130stikrar Politikalari Ve \u0130stihdam (1990-2020) 16.  On Altinci B\u00f6l\u00fcm \u2022 T\u00fcrkiye\u2019de 1990-2019 Arasi D\u00f6nemde Sa\u011flikta \u0130stihdam 17.  On Yedinci B\u00f6l\u00fcm \u2022 T\u00fcrkiye\u2019de Kalkinma Politikalari Ve \u0130stihdam (1990-2020) 18.  On Sekizinci B\u00f6l\u00fcm \u2022 T\u00fcrkiye\u2019de Giri\u015fimcilik Politikalari Ve Kadin Giri\u015fimcili\u011fin \u0130stihdama Etkisi (1990-2020) 19.  On Dokuzuncu B\u00f6l\u00fcm \u2022 Kovid-19 Salgini Ba\u015flangicinda Emek Piyasalarinin Refleksi: G\u00fcney Avrupa \u00dclkeleri \u00dczerine Bir \u0130nceleme <\/p>\n","protected":false},"excerpt":{"rendered":"<p>1. Birinci B\u00f6l\u00fcm \u2022 \u0130ktisat Politikasi: Kavramsal \u00c7er\u00e7eve, Ama\u00e7lar Ve Ara\u00e7lar 2. \u0130kinci B\u00f6l\u00fcm \u2022 \u0130ktisat Politikasinin Hedefleri, \u00c7e\u015fitleri, Se\u00e7imi Ve Uygulamalari 3. \u00dc\u00e7\u00fcnc\u00fc B\u00f6l\u00fcm \u2022<span class=\"excerpt-hellip\"> [\u2026]<\/span><\/p>\n","protected":false},"featured_media":0,"template":"","meta":{"_monsterinsights_skip_tracking":false,"_monsterinsights_sitenote_active":false,"_monsterinsights_sitenote_note":"","_monsterinsights_sitenote_category":0},"product_brand":[],"product_cat":[13043,14144],"product_tag":[],"class_list":{"0":"post-734777","1":"product","2":"type-product","3":"status-publish","5":"product_cat-ekonomi","6":"product_cat-turkiye-ekonomisi","7":"pa_cilt-ciltsiz","8":"pa_tur-kitap","9":"pa_yayinevi-gazi-kitabevi","10":"pa_yazar-nihat-altuntepe","12":"first","13":"instock","14":"sale","15":"shipping-taxable","16":"purchasable","17":"product-type-simple"},"_links":{"self":[{"href":"https:\/\/roveyayinevi.com.tr\/index.php\/wp-json\/wp\/v2\/product\/734777","targetHints":{"allow":["GET"]}}],"collection":[{"href":"https:\/\/roveyayinevi.com.tr\/index.php\/wp-json\/wp\/v2\/product"}],"about":[{"href":"https:\/\/roveyayinevi.com.tr\/index.php\/wp-json\/wp\/v2\/types\/product"}],"wp:attachment":[{"href":"https:\/\/roveyayinevi.com.tr\/index.php\/wp-json\/wp\/v2\/media?parent=734777"}],"wp:term":[{"taxonomy":"product_brand","embeddable":true,"href":"https:\/\/roveyayinevi.com.tr\/index.php\/wp-json\/wp\/v2\/product_brand?post=734777"},{"taxonomy":"product_cat","embeddable":true,"href":"https:\/\/roveyayinevi.com.tr\/index.php\/wp-json\/wp\/v2\/product_cat?post=734777"},{"taxonomy":"product_tag","embeddable":true,"href":"https:\/\/roveyayinevi.com.tr\/index.php\/wp-json\/wp\/v2\/product_tag?post=734777"}],"curies":[{"name":"wp","href":"https:\/\/api.w.org\/{rel}","templated":true}]}}