{"id":734769,"date":"2025-08-27T22:34:24","date_gmt":"2025-08-27T19:34:24","guid":{"rendered":"https:\/\/roveyayinevi.com.tr\/index.php\/urun\/hilda-ve-muhtesem-gecit-toreni\/"},"modified":"2026-04-16T02:42:49","modified_gmt":"2026-04-15T23:42:49","slug":"hilda-ve-muhtesem-gecit-toreni","status":"publish","type":"product","link":"https:\/\/roveyayinevi.com.tr\/index.php\/urun\/hilda-ve-muhtesem-gecit-toreni\/","title":{"rendered":"Hilda ve Muhte\u015fem Ge\u00e7it T\u00f6reni"},"content":{"rendered":"<p>Hilda, yabani do\u011fan\u0131n i\u00e7indeki g\u00fczel evini b\u0131rak\u0131p annesi ve \u00e7ok sevdi\u011fi geyik tilkisi ile birlikte Trolberg \u015fehrine ta\u015f\u0131nmak zorunda kal\u0131r. Ama buray\u0131 hi\u00e7 sevemez \u00e7\u00fcnk\u00fc burada ne t\u0131rmanacak da\u011f ne ke\u015ffedilecek ma\u011fara ne de arkada\u015f edinecek tuhaf yarat\u0131klar vard\u0131r. Ortada hi\u00e7 ilgin\u00e7 bir \u015fey yoksa nas\u0131l macera ya\u015fayacakt\u0131r ki? Fakat Hilda\u2019n\u0131n \u00e7ok da kayg\u0131lanmas\u0131na gerek kalmaz \u00e7\u00fcnk\u00fc kendini beklemedi\u011fi bir ser\u00fcvenin i\u00e7inde bulur. Muhte\u015fem Trolberg Sergisi i\u00e7in yap\u0131lacak grup \u00e7al\u0131\u015fmas\u0131, Hilda\u2019n\u0131n yeni maceras\u0131n\u0131n da ba\u015flang\u0131c\u0131 olur.Ejderler, su ruhlar\u0131, h\u0131r\u00e7\u0131n elfler, geveze Alfur, yeni dostlar\u0131 Frida ve David, konu\u015fan Kuzgun ve tabii okuldaki haylaz \u00e7ocuklar\u2026 Hilda bu sefer al\u0131\u015fk\u0131n oldu\u011fu yabani do\u011fadan uzakta ve metropol ya\u015fam\u0131n\u0131n tam ortas\u0131nda. Fakat metropolde de olsa yine etraf\u0131 fantastik yarat\u0131klarla dolu. Netflix orijinal yap\u0131m\u0131 Hilda\u2019n\u0131n ikinci kitab\u0131 Hilda ve Muhte\u015fem Ge\u00e7it T\u00f6reni, mavi sa\u00e7l\u0131 cesur k\u0131z\u0131n b\u00fcy\u00fck \u015fehirdeki heyecanl\u0131, komik ve s\u00fcrprizlerle dolu \u00f6yk\u00fcs\u00fcn\u00fc anlat\u0131yor.<\/p>\n","protected":false},"excerpt":{"rendered":"<p>Hilda, yabani do\u011fan\u0131n i\u00e7indeki g\u00fczel evini b\u0131rak\u0131p annesi ve \u00e7ok sevdi\u011fi geyik tilkisi ile birlikte Trolberg \u015fehrine ta\u015f\u0131nmak zorunda kal\u0131r. Ama buray\u0131 hi\u00e7 sevemez \u00e7\u00fcnk\u00fc burada<span class=\"excerpt-hellip\"> [\u2026]<\/span><\/p>\n","protected":false},"featured_media":0,"template":"","meta":{"_monsterinsights_skip_tracking":false,"_monsterinsights_sitenote_active":false,"_monsterinsights_sitenote_note":"","_monsterinsights_sitenote_category":0},"product_brand":[],"product_cat":[12275,12274],"product_tag":[],"class_list":{"0":"post-734769","1":"product","2":"type-product","3":"status-publish","5":"product_cat-6-12-yas-kitaplari","6":"product_cat-cocuk-ve-genclik-kitaplari","7":"pa_cilt-ciltsiz","8":"pa_tur-kitap","9":"pa_yayinevi-taze-kitap","10":"pa_yazar-stephen-davies","12":"first","13":"instock","14":"sale","15":"shipping-taxable","16":"purchasable","17":"product-type-simple"},"_links":{"self":[{"href":"https:\/\/roveyayinevi.com.tr\/index.php\/wp-json\/wp\/v2\/product\/734769","targetHints":{"allow":["GET"]}}],"collection":[{"href":"https:\/\/roveyayinevi.com.tr\/index.php\/wp-json\/wp\/v2\/product"}],"about":[{"href":"https:\/\/roveyayinevi.com.tr\/index.php\/wp-json\/wp\/v2\/types\/product"}],"wp:attachment":[{"href":"https:\/\/roveyayinevi.com.tr\/index.php\/wp-json\/wp\/v2\/media?parent=734769"}],"wp:term":[{"taxonomy":"product_brand","embeddable":true,"href":"https:\/\/roveyayinevi.com.tr\/index.php\/wp-json\/wp\/v2\/product_brand?post=734769"},{"taxonomy":"product_cat","embeddable":true,"href":"https:\/\/roveyayinevi.com.tr\/index.php\/wp-json\/wp\/v2\/product_cat?post=734769"},{"taxonomy":"product_tag","embeddable":true,"href":"https:\/\/roveyayinevi.com.tr\/index.php\/wp-json\/wp\/v2\/product_tag?post=734769"}],"curies":[{"name":"wp","href":"https:\/\/api.w.org\/{rel}","templated":true}]}}