{"id":734743,"date":"2025-08-27T22:33:59","date_gmt":"2025-08-27T19:33:59","guid":{"rendered":"https:\/\/roveyayinevi.com.tr\/index.php\/urun\/tevfik-fikret\/"},"modified":"2026-04-16T02:42:48","modified_gmt":"2026-04-15T23:42:48","slug":"tevfik-fikret","status":"publish","type":"product","link":"https:\/\/roveyayinevi.com.tr\/index.php\/urun\/tevfik-fikret\/","title":{"rendered":"Tevfik Fikret"},"content":{"rendered":"<p>Bat\u0131\u2019n\u0131n kap\u0131s\u0131n\u0131 ilk a\u00e7an sanat\u00e7\u0131 Tevfik Fikret, bu\u0308tu\u0308n zamanlar i\u00e7in edebiyat\u0131m\u0131z\u0131n ana akt\u00f6rlerinden birisi. Yap\u0131tlar\u0131, ya\u015fam\u0131 ve edebiyat\u0131m\u0131za getirdi\u011fi yeniliklerle bu\u0308yu\u0308k bir temel ta\u015f\u0131. Di\u011fer bir deyi\u015fle, okul y\u0131llar\u0131ndan itibaren hep duydu\u011fumuz, bir \u015fekilde kar\u015f\u0131m\u0131za \u00e7\u0131kan \u00f6nemli isimlerden biridir; ama kimdir ger\u00e7ekten Tevfik Fikret, \u00f6nemi nedir, onu lay\u0131k\u0131yla tan\u0131d\u0131\u011f\u0131m\u0131z\u0131 s\u00f6yleyebilir miyiz?Tevfik Fikret kitab\u0131, 106 y\u0131l sonra ona \u00e7ok farkl\u0131 bir bi\u00e7imde bakmay\u0131 deneyen bir arma\u011fan. Kitab\u0131n d\u00f6rtte u\u0308\u00e7u\u0308nu\u0308 \u201cdu\u0308nku\u0308 metinler\u201d, d\u00f6rtte birini 1970 sonras\u0131 yazarlar\u0131n \u201cbugu\u0308nku\u0308 metinler\u201di olu\u015fturuyor. Bu se\u00e7im, ge\u00e7mi\u015ften bugu\u0308ne uzanan yu\u0308zy\u0131ll\u0131k de\u011ferlendirmeler retrospektifi sunuyor. Bu kurgu, yazarlar\u0131n sanat\u00e7\u0131y\u0131 zaman i\u00e7inde ele al\u0131\u015flar\u0131ndaki \u2013de\u011fi\u015fen ve geli\u015fen\u2013 dil, bi\u00e7em, du\u0308nya g\u00f6ru\u0308\u015fu\u0308, edebiyat anlay\u0131\u015f\u0131 ve ele\u015ftiri tutumlar\u0131n\u0131 da belgeliyor.Tevfik Fikret, Ko\u00e7 \u00dcniversitesi Yay\u0131nlar\u0131\u2019n\u0131n yeni dizisi \u201cArma\u011fan Kitaplar\u201d\u0131n da ilk kitab\u0131 ayn\u0131 zamanda. Y\u0131lmaz G\u00fcney, Halit Ziya U\u015fakl\u0131gil, Yahya Kemal Beyatl\u0131, Nurullah Ata\u00e7, Sait Faik Abas\u0131yan\u0131k, Sabahattin Ali, Fikret Muall\u00e2 Sayg\u0131, Ya\u015far Kemal, \u00c2\u015f\u0131k Veysel \u015eat\u0131ro\u011flu kitaplar\u0131yla devam etmesi planlanan \u201cArma\u011fan Kitaplar\u201d dizisini Turgut \u00c7eviker yay\u0131na haz\u0131rl\u0131yor. Bol g\u00f6rsel malzeme e\u015fli\u011finde, s\u00f6z konusu isimler hakk\u0131nda yay\u0131mlanm\u0131\u015f b\u00fct\u00fcn yaz\u0131lar elden ge\u00e7irilerek, \u00f6zg\u00fcn anlat\u0131mlar s\u00fcz\u00fclerek olu\u015fturulmu\u015f bir derleme niteli\u011findeki bu arma\u011fan kitaplar\u0131, \u00e7ok yazarl\u0131 biyografiler olarak da de\u011ferlendirmek m\u00fcmk\u00fcn.<\/p>\n","protected":false},"excerpt":{"rendered":"<p>Bat\u0131\u2019n\u0131n kap\u0131s\u0131n\u0131 ilk a\u00e7an sanat\u00e7\u0131 Tevfik Fikret, bu\u0308tu\u0308n zamanlar i\u00e7in edebiyat\u0131m\u0131z\u0131n ana akt\u00f6rlerinden birisi. Yap\u0131tlar\u0131, ya\u015fam\u0131 ve edebiyat\u0131m\u0131za getirdi\u011fi yeniliklerle bu\u0308yu\u0308k bir temel ta\u015f\u0131. Di\u011fer bir<span class=\"excerpt-hellip\"> [\u2026]<\/span><\/p>\n","protected":false},"featured_media":0,"template":"","meta":{"_monsterinsights_skip_tracking":false,"_monsterinsights_sitenote_active":false,"_monsterinsights_sitenote_note":"","_monsterinsights_sitenote_category":0},"product_brand":[],"product_cat":[13946,12304],"product_tag":[],"class_list":{"0":"post-734743","1":"product","2":"type-product","3":"status-publish","5":"product_cat-biyografi-otobiyografi","6":"product_cat-tarih","7":"pa_cilt-ciltsiz","8":"pa_tur-kitap","9":"pa_yayinevi-koc-universitesi-yayinlari","10":"pa_yazar-turgut-ceviker","12":"first","13":"instock","14":"sale","15":"shipping-taxable","16":"purchasable","17":"product-type-simple"},"_links":{"self":[{"href":"https:\/\/roveyayinevi.com.tr\/index.php\/wp-json\/wp\/v2\/product\/734743","targetHints":{"allow":["GET"]}}],"collection":[{"href":"https:\/\/roveyayinevi.com.tr\/index.php\/wp-json\/wp\/v2\/product"}],"about":[{"href":"https:\/\/roveyayinevi.com.tr\/index.php\/wp-json\/wp\/v2\/types\/product"}],"wp:attachment":[{"href":"https:\/\/roveyayinevi.com.tr\/index.php\/wp-json\/wp\/v2\/media?parent=734743"}],"wp:term":[{"taxonomy":"product_brand","embeddable":true,"href":"https:\/\/roveyayinevi.com.tr\/index.php\/wp-json\/wp\/v2\/product_brand?post=734743"},{"taxonomy":"product_cat","embeddable":true,"href":"https:\/\/roveyayinevi.com.tr\/index.php\/wp-json\/wp\/v2\/product_cat?post=734743"},{"taxonomy":"product_tag","embeddable":true,"href":"https:\/\/roveyayinevi.com.tr\/index.php\/wp-json\/wp\/v2\/product_tag?post=734743"}],"curies":[{"name":"wp","href":"https:\/\/api.w.org\/{rel}","templated":true}]}}