{"id":734733,"date":"2025-08-27T22:33:50","date_gmt":"2025-08-27T19:33:50","guid":{"rendered":"https:\/\/roveyayinevi.com.tr\/index.php\/urun\/kuru-gurultu-2\/"},"modified":"2026-04-16T02:42:48","modified_gmt":"2026-04-15T23:42:48","slug":"kuru-gurultu-2","status":"publish","type":"product","link":"https:\/\/roveyayinevi.com.tr\/index.php\/urun\/kuru-gurultu-2\/","title":{"rendered":"Kuru G\u00fcr\u00fclt\u00fc"},"content":{"rendered":"<p>Shakespeare ile aram\u0131zdaki k\u00fclt\u00fcrel, co\u011frafi, zamansal ve alg\u0131sal mesafeleri kapatman\u0131n bir yolu yok belki, ama onun d\u00fcnya ile sahne aras\u0131nda kurdu\u011fu d\u00f6n\u00fc\u015f\u00fcm mek\u00e2nlar\u0131ndaki yans\u0131malar oyununa yeni bir \u00e7evirinin yer de\u011fi\u015ftiren kelimeleriyle kat\u0131lmaya davet ediyoruz sizi. Buldu\u011fu her aral\u0131kta sonsuzca d\u00f6n\u00fc\u015fen ve yaratan saf \u015fiirin dramla bedenlenmi\u015f oyununa.   Not till God make men of some other metal than earth. Would it not grieve a woman to be overmastered with a piece of valiant dust? To make an account of her life to a clod of wayward marl?   Tanr\u0131 erke\u011fin hamurunu topraktan yo\u011furdu\u011fu m\u00fcddet\u00e7e istemem, eksik olsun. Cesur da olsa bir par\u00e7a s\u0131k\u0131\u015ft\u0131r\u0131lm\u0131\u015f topra\u011fa boyun e\u011fmek bir kad\u0131n\u0131n g\u00fcc\u00fcne gitmez mi? Ya da hayat\u0131n\u0131 \u015fekilsiz bir kil topa\u011f\u0131na ba\u011flamak? <\/p>\n","protected":false},"excerpt":{"rendered":"<p>Shakespeare ile aram\u0131zdaki k\u00fclt\u00fcrel, co\u011frafi, zamansal ve alg\u0131sal mesafeleri kapatman\u0131n bir yolu yok belki, ama onun d\u00fcnya ile sahne aras\u0131nda kurdu\u011fu d\u00f6n\u00fc\u015f\u00fcm mek\u00e2nlar\u0131ndaki yans\u0131malar oyununa yeni<span class=\"excerpt-hellip\"> [\u2026]<\/span><\/p>\n","protected":false},"featured_media":0,"template":"","meta":{"_monsterinsights_skip_tracking":false,"_monsterinsights_sitenote_active":false,"_monsterinsights_sitenote_note":"","_monsterinsights_sitenote_category":0},"product_brand":[],"product_cat":[12291,12711],"product_tag":[],"class_list":{"0":"post-734733","1":"product","2":"type-product","3":"status-publish","5":"product_cat-edebiyat","6":"product_cat-roman-oyku","7":"pa_cilt-ciltsiz","8":"pa_tur-kitap","9":"pa_yayinevi-alfa-yayinlari","10":"pa_yazar-william-shakespeare","12":"first","13":"instock","14":"sale","15":"shipping-taxable","16":"purchasable","17":"product-type-simple"},"_links":{"self":[{"href":"https:\/\/roveyayinevi.com.tr\/index.php\/wp-json\/wp\/v2\/product\/734733","targetHints":{"allow":["GET"]}}],"collection":[{"href":"https:\/\/roveyayinevi.com.tr\/index.php\/wp-json\/wp\/v2\/product"}],"about":[{"href":"https:\/\/roveyayinevi.com.tr\/index.php\/wp-json\/wp\/v2\/types\/product"}],"wp:attachment":[{"href":"https:\/\/roveyayinevi.com.tr\/index.php\/wp-json\/wp\/v2\/media?parent=734733"}],"wp:term":[{"taxonomy":"product_brand","embeddable":true,"href":"https:\/\/roveyayinevi.com.tr\/index.php\/wp-json\/wp\/v2\/product_brand?post=734733"},{"taxonomy":"product_cat","embeddable":true,"href":"https:\/\/roveyayinevi.com.tr\/index.php\/wp-json\/wp\/v2\/product_cat?post=734733"},{"taxonomy":"product_tag","embeddable":true,"href":"https:\/\/roveyayinevi.com.tr\/index.php\/wp-json\/wp\/v2\/product_tag?post=734733"}],"curies":[{"name":"wp","href":"https:\/\/api.w.org\/{rel}","templated":true}]}}