{"id":734729,"date":"2025-08-27T22:33:46","date_gmt":"2025-08-27T19:33:46","guid":{"rendered":"https:\/\/roveyayinevi.com.tr\/index.php\/urun\/insan-dogasinin-yasalari\/"},"modified":"2026-04-08T02:52:14","modified_gmt":"2026-04-07T23:52:14","slug":"insan-dogasinin-yasalari","status":"publish","type":"product","link":"https:\/\/roveyayinevi.com.tr\/index.php\/urun\/insan-dogasinin-yasalari\/","title":{"rendered":"\u0130nsan Do\u011fas\u0131n\u0131n Yasalar\u0131"},"content":{"rendered":"<p>\u0130nsan do\u011fas\u0131na dair her \u015feyi \u00f6\u011frenmek \u00fczeresiniz.\u0130nsan Do\u011fas\u0131n\u0131n Yasalar\u0131 sizi sakinle\u015ftirecek, insanlar\u0131 daha stratejik bir \u015fekilde g\u00f6zlemlemenizi sa\u011flayacak, sizi gereksiz yere t\u00fcketen duygusal krizlerden kurtulman\u0131za yard\u0131m edecek.Bu yasalar, insanlar\u0131n davran\u0131\u015flar\u0131n\u0131 yorumlama konusunda ustala\u015fman\u0131za yard\u0131mc\u0131 olacak, onlar\u0131n karakterini anlama yetene\u011finizi geli\u015ftirmenizi sa\u011flayacak.Yasalar size, ka\u00e7\u0131n\u0131lmaz bi\u00e7imde yolunuza \u00e7\u0131kan zehirli tipleri yenilgiye u\u011fratma g\u00fcc\u00fc verecek.\u0130nsanlar\u0131 motive etmenin ve etkilemenin ger\u00e7ek yollar\u0131n\u0131 \u00f6\u011fretecek. Kendi olumsuz davran\u0131\u015f \u00f6r\u00fcnt\u00fclerinizi de\u011fi\u015ftirme g\u00fcc\u00fc kazand\u0131racak.<\/p>\n","protected":false},"excerpt":{"rendered":"<p>\u0130nsan do\u011fas\u0131na dair her \u015feyi \u00f6\u011frenmek \u00fczeresiniz.\u0130nsan Do\u011fas\u0131n\u0131n Yasalar\u0131 sizi sakinle\u015ftirecek, insanlar\u0131 daha stratejik bir \u015fekilde g\u00f6zlemlemenizi sa\u011flayacak, sizi gereksiz yere t\u00fcketen duygusal krizlerden kurtulman\u0131za yard\u0131m<span class=\"excerpt-hellip\"> [\u2026]<\/span><\/p>\n","protected":false},"featured_media":0,"template":"","meta":{"_monsterinsights_skip_tracking":false,"_monsterinsights_sitenote_active":false,"_monsterinsights_sitenote_note":"","_monsterinsights_sitenote_category":0},"product_brand":[],"product_cat":[12364,12376],"product_tag":[],"class_list":{"0":"post-734729","1":"product","2":"type-product","3":"status-publish","5":"product_cat-genel-konular","6":"product_cat-kisisel-gelisim","7":"pa_cilt-ciltsiz","8":"pa_tur-kitap","9":"pa_yayinevi-altin-kitaplar-ozel-urun","10":"pa_yazar-robert-greene","12":"first","13":"instock","14":"sale","15":"shipping-taxable","16":"purchasable","17":"product-type-simple"},"_links":{"self":[{"href":"https:\/\/roveyayinevi.com.tr\/index.php\/wp-json\/wp\/v2\/product\/734729","targetHints":{"allow":["GET"]}}],"collection":[{"href":"https:\/\/roveyayinevi.com.tr\/index.php\/wp-json\/wp\/v2\/product"}],"about":[{"href":"https:\/\/roveyayinevi.com.tr\/index.php\/wp-json\/wp\/v2\/types\/product"}],"wp:attachment":[{"href":"https:\/\/roveyayinevi.com.tr\/index.php\/wp-json\/wp\/v2\/media?parent=734729"}],"wp:term":[{"taxonomy":"product_brand","embeddable":true,"href":"https:\/\/roveyayinevi.com.tr\/index.php\/wp-json\/wp\/v2\/product_brand?post=734729"},{"taxonomy":"product_cat","embeddable":true,"href":"https:\/\/roveyayinevi.com.tr\/index.php\/wp-json\/wp\/v2\/product_cat?post=734729"},{"taxonomy":"product_tag","embeddable":true,"href":"https:\/\/roveyayinevi.com.tr\/index.php\/wp-json\/wp\/v2\/product_tag?post=734729"}],"curies":[{"name":"wp","href":"https:\/\/api.w.org\/{rel}","templated":true}]}}