{"id":734728,"date":"2025-08-27T22:33:45","date_gmt":"2025-08-27T19:33:45","guid":{"rendered":"https:\/\/roveyayinevi.com.tr\/index.php\/urun\/13-bolum-bir-tembel-teneke-romani\/"},"modified":"2026-04-16T02:42:48","modified_gmt":"2026-04-15T23:42:48","slug":"13-bolum-bir-tembel-teneke-romani","status":"publish","type":"product","link":"https:\/\/roveyayinevi.com.tr\/index.php\/urun\/13-bolum-bir-tembel-teneke-romani\/","title":{"rendered":"13. B\u00f6l\u00fcm &#8211; Bir Tembel Teneke Roman\u0131"},"content":{"rendered":"<p>Su\u00e7 Dehalar\u0131, Yetenek[siz], S\u00fcper Yetenekli, Tembel Teneke ve Bilgisavarlar\u2019\u0131n \u00e7oksatan yazar\u0131ndan kahkahalarla g\u00fclece\u011finiz bir roman\u2026 Tembel tenekeler kral\u0131 Cameron Boxer, zaman harcamaya de\u011fer bir \u015fey bulmu\u015ftur. Seyirciler kar\u015f\u0131s\u0131nda \u00e7evrimi\u00e7i oyun oynayarak \u2013\u00fcstelik de yan\u0131nda, bilgisayar oyunlar\u0131ndan kendisi kadar keyif alan kunduz Elvis varken\u2013 hem \u015f\u00f6hret hem de servet kazanabilecektir. Fakat bir sorun vard\u0131r. Cam\u2019in \u00f6n\u00fcne durmadan bir \u015feyler \u00e7\u0131kmaktad\u0131r. Neler mi? Okul! Yanl\u0131\u015fl\u0131kla kurdu\u011fu kul\u00fcp! Ve kunduzlar\u0131n bilgisayar oyunu oynamamas\u0131 gerekti\u011fini d\u00fc\u015f\u00fcnen insanlar! Amac\u0131na, yani me\u015fhur 13. B\u00f6l\u00fcm\u2019e ula\u015fmak i\u00e7in Cam\u2019in bir par\u00e7a d\u00fczenbazl\u0131\u011fa ba\u015fvurmas\u0131, zor durumlardan s\u0131yr\u0131lmas\u0131 ve tembelli\u011fe kendini adamas\u0131 gerekecektir. Bunu ba\u015farabilecek bir tembel teneke varsa o da Cam\u2019dir.<\/p>\n","protected":false},"excerpt":{"rendered":"<p>Su\u00e7 Dehalar\u0131, Yetenek[siz], S\u00fcper Yetenekli, Tembel Teneke ve Bilgisavarlar\u2019\u0131n \u00e7oksatan yazar\u0131ndan kahkahalarla g\u00fclece\u011finiz bir roman\u2026 Tembel tenekeler kral\u0131 Cameron Boxer, zaman harcamaya de\u011fer bir \u015fey bulmu\u015ftur.<span class=\"excerpt-hellip\"> [\u2026]<\/span><\/p>\n","protected":false},"featured_media":0,"template":"","meta":{"_monsterinsights_skip_tracking":false,"_monsterinsights_sitenote_active":false,"_monsterinsights_sitenote_note":"","_monsterinsights_sitenote_category":0},"product_brand":[],"product_cat":[12275,12274],"product_tag":[],"class_list":{"0":"post-734728","1":"product","2":"type-product","3":"status-publish","5":"product_cat-6-12-yas-kitaplari","6":"product_cat-cocuk-ve-genclik-kitaplari","7":"pa_cilt-ciltsiz","8":"pa_tur-kitap","9":"pa_yayinevi-bilgi-yayinevi","10":"pa_yazar-gordon-korman","12":"first","13":"instock","14":"sale","15":"shipping-taxable","16":"purchasable","17":"product-type-simple"},"_links":{"self":[{"href":"https:\/\/roveyayinevi.com.tr\/index.php\/wp-json\/wp\/v2\/product\/734728","targetHints":{"allow":["GET"]}}],"collection":[{"href":"https:\/\/roveyayinevi.com.tr\/index.php\/wp-json\/wp\/v2\/product"}],"about":[{"href":"https:\/\/roveyayinevi.com.tr\/index.php\/wp-json\/wp\/v2\/types\/product"}],"wp:attachment":[{"href":"https:\/\/roveyayinevi.com.tr\/index.php\/wp-json\/wp\/v2\/media?parent=734728"}],"wp:term":[{"taxonomy":"product_brand","embeddable":true,"href":"https:\/\/roveyayinevi.com.tr\/index.php\/wp-json\/wp\/v2\/product_brand?post=734728"},{"taxonomy":"product_cat","embeddable":true,"href":"https:\/\/roveyayinevi.com.tr\/index.php\/wp-json\/wp\/v2\/product_cat?post=734728"},{"taxonomy":"product_tag","embeddable":true,"href":"https:\/\/roveyayinevi.com.tr\/index.php\/wp-json\/wp\/v2\/product_tag?post=734728"}],"curies":[{"name":"wp","href":"https:\/\/api.w.org\/{rel}","templated":true}]}}