{"id":734727,"date":"2025-08-27T22:33:44","date_gmt":"2025-08-27T19:33:44","guid":{"rendered":"https:\/\/roveyayinevi.com.tr\/index.php\/urun\/claranin-yolculugu-gunlerin-sisi\/"},"modified":"2026-04-16T02:42:47","modified_gmt":"2026-04-15T23:42:47","slug":"claranin-yolculugu-gunlerin-sisi","status":"publish","type":"product","link":"https:\/\/roveyayinevi.com.tr\/index.php\/urun\/claranin-yolculugu-gunlerin-sisi\/","title":{"rendered":"Clara&#8217;n\u0131n Yolculu\u011fu &#8211; G\u00fcnlerin Sisi"},"content":{"rendered":"<p>Sezgi g\u00fcc\u00fcyle seyahat edebilen Clara\u2019n\u0131n masals\u0131 maceras\u0131 ikinci kitapla s\u00fcr\u00fcyor. Perilerin \u0131\u015f\u0131lt\u0131s\u0131yla k\u00e2buslar\u0131n tekinsizli\u011fini bir arada bar\u0131nd\u0131ran G\u00fcnlerin Sisi, Clara\u2019n\u0131n ke\u015ffedece\u011fi s\u0131rlarla dolu\u2026 Sezahat ve G\u00fcnlerin Sisi kitaplar\u0131ndan olu\u015fan Clara\u2019n\u0131n Yolculu\u011fu serisiyle gen\u00e7 yeti\u015fkin dal\u0131nda Fransa\u2019n\u0131n en prestijli \u00f6d\u00fcllerinden Le Grand Prix de l&#8217;Imaginaire\u2019i (B\u00fcy\u00fck Hayal G\u00fcc\u00fc \u00d6d\u00fcl\u00fc) kazanan Anne Fakhouri, ayn\u0131 zamanda bir b\u00fcy\u00fcme hik\u00e2yesi olan G\u00fcnlerin Sisi\u2019nde karanl\u0131k \u0131\u015f\u0131lt\u0131larla bezeli nefes kesici bir d\u00fcnya yaratarak Clara\u2019n\u0131n destans\u0131 yolculu\u011funu tamaml\u0131yor. <\/p>\n","protected":false},"excerpt":{"rendered":"<p>Sezgi g\u00fcc\u00fcyle seyahat edebilen Clara\u2019n\u0131n masals\u0131 maceras\u0131 ikinci kitapla s\u00fcr\u00fcyor. Perilerin \u0131\u015f\u0131lt\u0131s\u0131yla k\u00e2buslar\u0131n tekinsizli\u011fini bir arada bar\u0131nd\u0131ran G\u00fcnlerin Sisi, Clara\u2019n\u0131n ke\u015ffedece\u011fi s\u0131rlarla dolu\u2026 Sezahat ve G\u00fcnlerin<span class=\"excerpt-hellip\"> [\u2026]<\/span><\/p>\n","protected":false},"featured_media":0,"template":"","meta":{"_monsterinsights_skip_tracking":false,"_monsterinsights_sitenote_active":false,"_monsterinsights_sitenote_note":"","_monsterinsights_sitenote_category":0},"product_brand":[],"product_cat":[12275,12274],"product_tag":[],"class_list":{"0":"post-734727","1":"product","2":"type-product","3":"status-publish","5":"product_cat-6-12-yas-kitaplari","6":"product_cat-cocuk-ve-genclik-kitaplari","7":"pa_cilt-ciltsiz","8":"pa_tur-kitap","9":"pa_yayinevi-bilgi-yayinevi","10":"pa_yazar-anne-fakhouri","12":"first","13":"instock","14":"sale","15":"shipping-taxable","16":"purchasable","17":"product-type-simple"},"_links":{"self":[{"href":"https:\/\/roveyayinevi.com.tr\/index.php\/wp-json\/wp\/v2\/product\/734727","targetHints":{"allow":["GET"]}}],"collection":[{"href":"https:\/\/roveyayinevi.com.tr\/index.php\/wp-json\/wp\/v2\/product"}],"about":[{"href":"https:\/\/roveyayinevi.com.tr\/index.php\/wp-json\/wp\/v2\/types\/product"}],"wp:attachment":[{"href":"https:\/\/roveyayinevi.com.tr\/index.php\/wp-json\/wp\/v2\/media?parent=734727"}],"wp:term":[{"taxonomy":"product_brand","embeddable":true,"href":"https:\/\/roveyayinevi.com.tr\/index.php\/wp-json\/wp\/v2\/product_brand?post=734727"},{"taxonomy":"product_cat","embeddable":true,"href":"https:\/\/roveyayinevi.com.tr\/index.php\/wp-json\/wp\/v2\/product_cat?post=734727"},{"taxonomy":"product_tag","embeddable":true,"href":"https:\/\/roveyayinevi.com.tr\/index.php\/wp-json\/wp\/v2\/product_tag?post=734727"}],"curies":[{"name":"wp","href":"https:\/\/api.w.org\/{rel}","templated":true}]}}