{"id":734725,"date":"2025-08-27T22:33:43","date_gmt":"2025-08-27T19:33:43","guid":{"rendered":"https:\/\/roveyayinevi.com.tr\/index.php\/urun\/bilim-is-basinda\/"},"modified":"2026-04-16T02:42:47","modified_gmt":"2026-04-15T23:42:47","slug":"bilim-is-basinda","status":"publish","type":"product","link":"https:\/\/roveyayinevi.com.tr\/index.php\/urun\/bilim-is-basinda\/","title":{"rendered":"Bilim \u0130\u015f Ba\u015f\u0131nda"},"content":{"rendered":"<p>Kim demi\u015f bilim tarihi s\u0131k\u0131c\u0131d\u0131r diye! \u0130ngiliz fizik profes\u00f6r\u00fc John Lenihan bu kitab\u0131nda, bilim co\u015fkusunu okurla payla\u015f\u0131yor. \u2022 Radyasyon ayaklar\u0131m\u0131z\u0131 b\u00fcy\u00fct\u00fcr m\u00fc? \u2022 Neden d\u00f6\u015femenin i\u00e7inden a\u015fa\u011f\u0131 d\u00fc\u015fm\u00fcyoruz? \u2022 U\u00e7mak i\u00e7in ku\u015flar\u0131 taklit etmek ne kadar mant\u0131kl\u0131yd\u0131? \u2022 Edison\u2019un bulmad\u0131\u011f\u0131na pi\u015fman oldu\u011fu \u015fey neydi? \u2022 D\u00fcnyan\u0131n manyetik alan\u0131 tersine \u00e7evrilebilir mi? \u2022 \u0130lk trafik kural\u0131n\u0131 koyan ve de uymayan\u0131 idam eden Kral kimdi? \u2022 Pascal neden kumarbazlar\u0131n azizidir? \u2022 Anneler bebeklerini neden hep sol kolunda ta\u015f\u0131r? \u2022 Einstein esir kuram\u0131na nas\u0131l son verdi? \u2022 Bin y\u0131l \u00f6nce petrol\u00fc hamamlar\u0131nda kullanan T\u00fcrk \u015fehri hangisiydi? \u2022 Disko sa\u011f\u0131rl\u0131\u011f\u0131 diye bir \u015fey olabilir mi? \u2022 Atom bombas\u0131n\u0131 \u0130ngilizler mi buldu? \u2022 Yanarda\u011flar\u0131 merkez\u00ee \u0131s\u0131nmada kullanabilir miyiz? \u2022 San Franciscolu hippiler neden muz kabu\u011fu i\u00e7iyordu? \u2022 Dawkins\u2019in dedi\u011fi gibi ger\u00e7ekten de genler evrenin efendileri midir? \u2022 \u0130lk anatomi bilginleri katillerle i\u015fbirli\u011fi mi yap\u0131yordu? Bu kitapta, t\u0131ptan siyasete; astronomiden matemati\u011fe bilimin g\u00fcnl\u00fck hayat\u0131m\u0131zdaki tarihi anla\u015f\u0131l\u0131r bir dille anlat\u0131l\u0131yor.<\/p>\n","protected":false},"excerpt":{"rendered":"<p>Kim demi\u015f bilim tarihi s\u0131k\u0131c\u0131d\u0131r diye! \u0130ngiliz fizik profes\u00f6r\u00fc John Lenihan bu kitab\u0131nda, bilim co\u015fkusunu okurla payla\u015f\u0131yor. \u2022 Radyasyon ayaklar\u0131m\u0131z\u0131 b\u00fcy\u00fct\u00fcr m\u00fc? \u2022 Neden d\u00f6\u015femenin i\u00e7inden<span class=\"excerpt-hellip\"> [\u2026]<\/span><\/p>\n","protected":false},"featured_media":0,"template":"","meta":{"_monsterinsights_skip_tracking":false,"_monsterinsights_sitenote_active":false,"_monsterinsights_sitenote_note":"","_monsterinsights_sitenote_category":0},"product_brand":[],"product_cat":[13005,15998],"product_tag":[],"class_list":{"0":"post-734725","1":"product","2":"type-product","3":"status-publish","5":"product_cat-bilim-muhendislik","6":"product_cat-bilim-tarihi","7":"pa_cilt-ciltsiz","8":"pa_tur-kitap","9":"pa_yayinevi-fol-kitap","10":"pa_yazar-john-lenihan","12":"first","13":"instock","14":"sale","15":"shipping-taxable","16":"purchasable","17":"product-type-simple"},"_links":{"self":[{"href":"https:\/\/roveyayinevi.com.tr\/index.php\/wp-json\/wp\/v2\/product\/734725","targetHints":{"allow":["GET"]}}],"collection":[{"href":"https:\/\/roveyayinevi.com.tr\/index.php\/wp-json\/wp\/v2\/product"}],"about":[{"href":"https:\/\/roveyayinevi.com.tr\/index.php\/wp-json\/wp\/v2\/types\/product"}],"wp:attachment":[{"href":"https:\/\/roveyayinevi.com.tr\/index.php\/wp-json\/wp\/v2\/media?parent=734725"}],"wp:term":[{"taxonomy":"product_brand","embeddable":true,"href":"https:\/\/roveyayinevi.com.tr\/index.php\/wp-json\/wp\/v2\/product_brand?post=734725"},{"taxonomy":"product_cat","embeddable":true,"href":"https:\/\/roveyayinevi.com.tr\/index.php\/wp-json\/wp\/v2\/product_cat?post=734725"},{"taxonomy":"product_tag","embeddable":true,"href":"https:\/\/roveyayinevi.com.tr\/index.php\/wp-json\/wp\/v2\/product_tag?post=734725"}],"curies":[{"name":"wp","href":"https:\/\/api.w.org\/{rel}","templated":true}]}}