{"id":734718,"date":"2025-08-27T22:33:37","date_gmt":"2025-08-27T19:33:37","guid":{"rendered":"https:\/\/roveyayinevi.com.tr\/index.php\/urun\/osmanli-hilali-ahmer-cemiyeti\/"},"modified":"2026-04-16T02:42:47","modified_gmt":"2026-04-15T23:42:47","slug":"osmanli-hilali-ahmer-cemiyeti","status":"publish","type":"product","link":"https:\/\/roveyayinevi.com.tr\/index.php\/urun\/osmanli-hilali-ahmer-cemiyeti\/","title":{"rendered":"Osmanl\u0131 Hilali Ahmer Cemiyeti"},"content":{"rendered":"<p>K\u0131z\u0131lay \/ Hil\u00e2l-i Ahmer Cemiyeti\u2019nin kuruldu\u011fu ilk g\u00fcnden bu yana di\u011fer cemiyetler ve sivil toplum kurulu\u015flar\u0131 aras\u0131nda farkl\u0131 bir yeri oldu\u011funu; i\u00e7 i\u015fleyi\u015fi, mill\u00ee tarihimizdeki yeri, yapt\u0131\u011f\u0131 kapsaml\u0131 faaliyetler ve h\u00e2l\u00e2 milletin g\u00f6nl\u00fcnde de\u011fi\u015fmeyen konumu itibariyle \u00f6nemini korudu\u011funu s\u00f6ylemek m\u00fcmk\u00fcnd\u00fcr. Hil\u00e2l-i Ahmer Cemiyeti\u2019nin tarihini okumak; gerek modernitenin Osmanl\u0131\/T\u00fcrk deneyiminin izlenmesi, gerekse Osmanl\u0131\u2019dan Cumhuriyet\u2019e uzanan devaml\u0131l\u0131\u011f\u0131n takibi gibi temel tarihsel problematikler i\u00e7in adeta bir laboratuvar ortam\u0131 sa\u011flamaktad\u0131r. Hil\u00e2l-i Ahmer Cemiyeti\u2019nin, kurulu\u015f d\u00f6neminde yurt d\u0131\u015f\u0131nda kendisine muadil bir\u00e7ok cemiyete \u00f6nc\u00fcl\u00fck etmi\u015f olmas\u0131, bu cemiyetlerin Hil\u00e2l-i Ahmer ile kar\u015f\u0131la\u015ft\u0131rmal\u0131 incelenerek farkl\u0131 toplumlardaki sivil toplum ve devlet aras\u0131ndaki ili\u015fkilerin farkl\u0131 ve ortak noktalar\u0131n\u0131 yakalayabilme imk\u00e2n\u0131 da sunmaktad\u0131r. G\u00fcn\u00fcm\u00fczde h\u00e2l\u00e2 yurt i\u00e7i ve yurt d\u0131\u015f\u0131 faaliyetleriyle vazge\u00e7ilmez bir yere sahip olan K\u0131z\u0131lay\u2019\u0131n k\u00f6kl\u00fc tarihi bug\u00fcne kadar farkl\u0131 ara\u015ft\u0131rmalara konu olmu\u015f olsa da, t\u00fcm ara\u015ft\u0131rmalar\u0131n ortak noktas\u0131 olarak 1911 \u00f6ncesi d\u00f6nemin kaynak yetersizli\u011finden dolay\u0131 yeterince ayd\u0131nlat\u0131lamad\u0131\u011f\u0131n\u0131 s\u00f6ylemek gerekir. Bu kitap, i\u015fte kurum tarihindeki bu bo\u015flu\u011fu doldurma gayesi ta\u015f\u0131maktad\u0131r. Kitapta ATASE Ar\u015fivi, Uluslararas\u0131 K\u0131z\u0131lha\u00e7 Komitesi Ar\u015fivi, Ba\u015fbakanl\u0131k Osmanl\u0131 Ar\u015fivi gibi ar\u015fivler ba\u015fta olmak \u00fczere bir\u00e7ok birincil kaynaktan elde edilen incelikli veriler titiz bir \u00e7al\u0131\u015fma ile ortaya konmu\u015ftur. Bir sivil toplum kurulu\u015fundan daha fazlas\u0131 olan K\u0131z\u0131lay\u2019\u0131n, yine bir kurum tarihinden daha fazlas\u0131 olan tarihini Dr. H\u00fcsn\u00fc Ada\u2019n\u0131n kaleminden bu kitapla okuyarak gerek Osmanl\u0131\u2019n\u0131n ve Cumhuriyet\u2019in kritik d\u00f6nemlerine gerekse g\u00fcn\u00fcm\u00fcze uzanan toplumsal dinamiklerimize ayd\u0131nlat\u0131c\u0131 bir bak\u0131\u015f a\u00e7\u0131s\u0131 edineceksiniz.<\/p>\n","protected":false},"excerpt":{"rendered":"<p>K\u0131z\u0131lay \/ Hil\u00e2l-i Ahmer Cemiyeti\u2019nin kuruldu\u011fu ilk g\u00fcnden bu yana di\u011fer cemiyetler ve sivil toplum kurulu\u015flar\u0131 aras\u0131nda farkl\u0131 bir yeri oldu\u011funu; i\u00e7 i\u015fleyi\u015fi, mill\u00ee tarihimizdeki yeri,<span class=\"excerpt-hellip\"> [\u2026]<\/span><\/p>\n","protected":false},"featured_media":0,"template":"","meta":{"_monsterinsights_skip_tracking":false,"_monsterinsights_sitenote_active":false,"_monsterinsights_sitenote_note":"","_monsterinsights_sitenote_category":0},"product_brand":[],"product_cat":[13517,12304],"product_tag":[],"class_list":{"0":"post-734718","1":"product","2":"type-product","3":"status-publish","5":"product_cat-osmanli-tarihi","6":"product_cat-tarih","7":"pa_cilt-ciltsiz","8":"pa_tur-kitap","9":"pa_yayinevi-timas-akademi-yayinlari","10":"pa_yazar-husnu-ada","12":"first","13":"instock","14":"sale","15":"shipping-taxable","16":"purchasable","17":"product-type-simple"},"_links":{"self":[{"href":"https:\/\/roveyayinevi.com.tr\/index.php\/wp-json\/wp\/v2\/product\/734718","targetHints":{"allow":["GET"]}}],"collection":[{"href":"https:\/\/roveyayinevi.com.tr\/index.php\/wp-json\/wp\/v2\/product"}],"about":[{"href":"https:\/\/roveyayinevi.com.tr\/index.php\/wp-json\/wp\/v2\/types\/product"}],"wp:attachment":[{"href":"https:\/\/roveyayinevi.com.tr\/index.php\/wp-json\/wp\/v2\/media?parent=734718"}],"wp:term":[{"taxonomy":"product_brand","embeddable":true,"href":"https:\/\/roveyayinevi.com.tr\/index.php\/wp-json\/wp\/v2\/product_brand?post=734718"},{"taxonomy":"product_cat","embeddable":true,"href":"https:\/\/roveyayinevi.com.tr\/index.php\/wp-json\/wp\/v2\/product_cat?post=734718"},{"taxonomy":"product_tag","embeddable":true,"href":"https:\/\/roveyayinevi.com.tr\/index.php\/wp-json\/wp\/v2\/product_tag?post=734718"}],"curies":[{"name":"wp","href":"https:\/\/api.w.org\/{rel}","templated":true}]}}