{"id":734712,"date":"2025-08-27T22:33:32","date_gmt":"2025-08-27T19:33:32","guid":{"rendered":"https:\/\/roveyayinevi.com.tr\/index.php\/urun\/sen-benim-kim-oldugumu-biliyor-musun\/"},"modified":"2026-04-16T02:42:47","modified_gmt":"2026-04-15T23:42:47","slug":"sen-benim-kim-oldugumu-biliyor-musun","status":"publish","type":"product","link":"https:\/\/roveyayinevi.com.tr\/index.php\/urun\/sen-benim-kim-oldugumu-biliyor-musun\/","title":{"rendered":"Sen Benim Kim Oldu\u011fumu Biliyor Musun"},"content":{"rendered":"<p>\u201cSen benim kim oldu\u011fumu biliyor musun?\u201d dikleni\u015fi, \u015f\u00f6hretlinin ve k\u00f6t\u00fc \u015f\u00f6hretlinin, \u00f6z g\u00fcvensiz ki\u015fi ile ayr\u0131cal\u0131k sanr\u0131l\u0131 bireyin mantras\u0131 olmu\u015f durumda. Narsisizm, ayr\u0131cal\u0131k sanr\u0131s\u0131 ve kaba davran\u0131\u015flar yeni d\u00fcnya d\u00fczenine d\u00f6n\u00fc\u015f\u00fcyorlar\u2014normalle\u015fmekle kalm\u0131yor, te\u015fvik bile ediliyorlar. Bunlar asl\u0131nda hem bireysel hem toplumsal d\u00fczeydeki patolojik g\u00fcvencesizlik duygusunun tezah\u00fcrleridir. \u0130lgin\u00e7 olan ise bizim bunlara de\u011fer vermemizdir; sosyal medyada, ana ak\u0131m medyada ve t\u00fcketimcilik k\u00fclt\u00fcr\u00fcnde y\u00fcceltmemizdir; siyasi, kurumsal, akademik liderler ve medya liderleri aras\u0131nda yay\u0131lmalar\u0131n\u0131 ola\u011fan kar\u015f\u0131lamam\u0131z, hatta makbul g\u00f6rmemizdir. Marazl\u0131 ili\u015fkiler \u00fczerinde uzmanla\u015fan Ramani Durvasula bu kitab\u0131yla okurlara narsisizm ve marazl\u0131 ili\u015fkileri saptamak ve tasnif etmekte kullanabilecekleri bir \u00e7er\u00e7eve sunuyor. Marazl\u0131 ki\u015fili\u011fi meydana getiren be\u015f k\u00fcmeye ayr\u0131lm\u0131\u015f toplam otuz bir \u00f6zelli\u011fe y\u00f6nelik incelemesinde bunlar\u0131n patolojik tezah\u00fcrlerini hepimizin g\u00f6sterebilece\u011fi normal davran\u0131\u015flardan ay\u0131r\u0131yor ve en yayg\u0131n bile\u015fimleri ile ortaya \u00e7\u0131kan narsisizm t\u00fcrlerini, ayr\u0131cal\u0131k sanr\u0131lar\u0131n\u0131, psikopatiyi ve sosyopatiyi ayr\u0131nt\u0131land\u0131r\u0131yor. Belli nedenlerden \u00f6t\u00fcr\u00fc marazl\u0131 ili\u015fkilerden uzakla\u015famayacak ki\u015filere ise bir kendini koruma ve marazili\u011fi en aza indirme rehberi sunuyor. Ama bu kitap yaln\u0131zca psikolojik mekanizmalar\u0131 ve ili\u015fkileri incelemiyor: El birli\u011fiyle ayakta tuttu\u011fumuz bu t\u00fcketim odakl\u0131 ve s\u0131\u011f de\u011ferleri \u00f6nceleyen hayat tarz\u0131na kapsaml\u0131 bir toplumsal ele\u015ftiri de getiriyor. Bunun nelerden beslendi\u011fini, nas\u0131l g\u00fc\u00e7lenip yayg\u0131nla\u015ft\u0131\u011f\u0131n\u0131, bizi fark etti\u011fimiz ve etmedi\u011fimiz hangi yollardan etkiledi\u011fini, ayr\u0131ca siyasette, reality programlar\u0131nda, magazin haberlerinde genelge\u00e7er norm haline gelmi\u015f marazili\u011fe kap\u0131lmamak i\u00e7in bireysel olarak neler yapabilece\u011fimizi anlat\u0131yor. \u201cSen Benim Kim Oldu\u011fumu Biliyor musun?\u201d ki\u015fisel ve toplumsal d\u00fczeydeki \u00e7\u00f6z\u00fcmlemeleriyle, ayr\u0131ca \u00e7a\u011fda\u015f insan\u0131n psikolojik i\u015fleyi\u015fine dair saptamalar\u0131yla, hem bireysel hem toplu ya\u015fam\u0131 nas\u0131l y\u00f6nlendirdi\u011fimize dair derinlemesine sorgulamalara kap\u0131 aral\u0131yor. <\/p>\n","protected":false},"excerpt":{"rendered":"<p>\u201cSen benim kim oldu\u011fumu biliyor musun?\u201d dikleni\u015fi, \u015f\u00f6hretlinin ve k\u00f6t\u00fc \u015f\u00f6hretlinin, \u00f6z g\u00fcvensiz ki\u015fi ile ayr\u0131cal\u0131k sanr\u0131l\u0131 bireyin mantras\u0131 olmu\u015f durumda. Narsisizm, ayr\u0131cal\u0131k sanr\u0131s\u0131 ve kaba<span class=\"excerpt-hellip\"> [\u2026]<\/span><\/p>\n","protected":false},"featured_media":0,"template":"","meta":{"_monsterinsights_skip_tracking":false,"_monsterinsights_sitenote_active":false,"_monsterinsights_sitenote_note":"","_monsterinsights_sitenote_category":0},"product_brand":[],"product_cat":[12755,12357],"product_tag":[],"class_list":{"0":"post-734712","1":"product","2":"type-product","3":"status-publish","5":"product_cat-gelisim-psikolojisi","6":"product_cat-psikoloji","7":"pa_cilt-ciltsiz","8":"pa_tur-kitap","9":"pa_yayinevi-gorunmez-adam-yayincilik","10":"pa_yazar-ramani-durvasula","12":"first","13":"instock","14":"sale","15":"shipping-taxable","16":"purchasable","17":"product-type-simple"},"_links":{"self":[{"href":"https:\/\/roveyayinevi.com.tr\/index.php\/wp-json\/wp\/v2\/product\/734712","targetHints":{"allow":["GET"]}}],"collection":[{"href":"https:\/\/roveyayinevi.com.tr\/index.php\/wp-json\/wp\/v2\/product"}],"about":[{"href":"https:\/\/roveyayinevi.com.tr\/index.php\/wp-json\/wp\/v2\/types\/product"}],"wp:attachment":[{"href":"https:\/\/roveyayinevi.com.tr\/index.php\/wp-json\/wp\/v2\/media?parent=734712"}],"wp:term":[{"taxonomy":"product_brand","embeddable":true,"href":"https:\/\/roveyayinevi.com.tr\/index.php\/wp-json\/wp\/v2\/product_brand?post=734712"},{"taxonomy":"product_cat","embeddable":true,"href":"https:\/\/roveyayinevi.com.tr\/index.php\/wp-json\/wp\/v2\/product_cat?post=734712"},{"taxonomy":"product_tag","embeddable":true,"href":"https:\/\/roveyayinevi.com.tr\/index.php\/wp-json\/wp\/v2\/product_tag?post=734712"}],"curies":[{"name":"wp","href":"https:\/\/api.w.org\/{rel}","templated":true}]}}