{"id":734697,"date":"2025-08-27T22:33:18","date_gmt":"2025-08-27T19:33:18","guid":{"rendered":"https:\/\/roveyayinevi.com.tr\/index.php\/urun\/duam-neden-kabul-olmuyor\/"},"modified":"2026-04-16T02:42:46","modified_gmt":"2026-04-15T23:42:46","slug":"duam-neden-kabul-olmuyor","status":"publish","type":"product","link":"https:\/\/roveyayinevi.com.tr\/index.php\/urun\/duam-neden-kabul-olmuyor\/","title":{"rendered":"Duam Neden Kabul Olmuyor?"},"content":{"rendered":"<p>\u201cDua ediyorum ediyorum bir de\u011fi\u015fiklik g\u00f6rmedim.\u201d \u201cBenim duam kabul olmuyor san\u0131r\u0131m.\u201d \u201cDua edince ne de\u011fi\u015fecek ki?\u201d \u201cDua etmesem de Allah istediklerimi vermez mi?\u201d \u201cDua etmenin ne \u00f6nemi var?\u201d \u201cDua edece\u011fim ama g\u00fcnahk\u00e2r\u0131m, kabul olur mu?\u201d \u201cBenim de duama da cevap verilir mi?\u201d * * * Bu sorular\u0131n cevab\u0131n\u0131 merak ediyorsan, elindeki kitab\u0131 okumal\u0131s\u0131n. <\/p>\n","protected":false},"excerpt":{"rendered":"<p>\u201cDua ediyorum ediyorum bir de\u011fi\u015fiklik g\u00f6rmedim.\u201d \u201cBenim duam kabul olmuyor san\u0131r\u0131m.\u201d \u201cDua edince ne de\u011fi\u015fecek ki?\u201d \u201cDua etmesem de Allah istediklerimi vermez mi?\u201d \u201cDua etmenin ne<span class=\"excerpt-hellip\"> [\u2026]<\/span><\/p>\n","protected":false},"featured_media":0,"template":"","meta":{"_monsterinsights_skip_tracking":false,"_monsterinsights_sitenote_active":false,"_monsterinsights_sitenote_note":"","_monsterinsights_sitenote_category":0},"product_brand":[],"product_cat":[12718,12719,12720],"product_tag":[],"class_list":{"0":"post-734697","1":"product","2":"type-product","3":"status-publish","5":"product_cat-din","6":"product_cat-islam","7":"product_cat-tasavvuf-mezhepler-tarikatlar","8":"pa_cilt-ciltsiz","9":"pa_tur-kitap","10":"pa_yayinevi-nesil-yayinlari","11":"pa_yazar-mehmed-paksu","13":"first","14":"instock","15":"sale","16":"shipping-taxable","17":"purchasable","18":"product-type-simple"},"_links":{"self":[{"href":"https:\/\/roveyayinevi.com.tr\/index.php\/wp-json\/wp\/v2\/product\/734697","targetHints":{"allow":["GET"]}}],"collection":[{"href":"https:\/\/roveyayinevi.com.tr\/index.php\/wp-json\/wp\/v2\/product"}],"about":[{"href":"https:\/\/roveyayinevi.com.tr\/index.php\/wp-json\/wp\/v2\/types\/product"}],"wp:attachment":[{"href":"https:\/\/roveyayinevi.com.tr\/index.php\/wp-json\/wp\/v2\/media?parent=734697"}],"wp:term":[{"taxonomy":"product_brand","embeddable":true,"href":"https:\/\/roveyayinevi.com.tr\/index.php\/wp-json\/wp\/v2\/product_brand?post=734697"},{"taxonomy":"product_cat","embeddable":true,"href":"https:\/\/roveyayinevi.com.tr\/index.php\/wp-json\/wp\/v2\/product_cat?post=734697"},{"taxonomy":"product_tag","embeddable":true,"href":"https:\/\/roveyayinevi.com.tr\/index.php\/wp-json\/wp\/v2\/product_tag?post=734697"}],"curies":[{"name":"wp","href":"https:\/\/api.w.org\/{rel}","templated":true}]}}