{"id":734682,"date":"2025-08-27T22:33:03","date_gmt":"2025-08-27T19:33:03","guid":{"rendered":"https:\/\/roveyayinevi.com.tr\/index.php\/urun\/tesekkur-ederim-tanrim\/"},"modified":"2026-04-16T02:42:46","modified_gmt":"2026-04-15T23:42:46","slug":"tesekkur-ederim-tanrim","status":"publish","type":"product","link":"https:\/\/roveyayinevi.com.tr\/index.php\/urun\/tesekkur-ederim-tanrim\/","title":{"rendered":"Te\u015fekk\u00fcr Ederim Tanr\u0131m"},"content":{"rendered":"<p>K\u00fcs m\u00fcy\u00fcz Tanr\u0131m? kitab\u0131yla zaman\u0131n efendisi Sat\u00fcrn\u2019\u00fc anlatarak geni\u015f kitlelere b\u00fcy\u00fck bir fark\u0131ndal\u0131k kazand\u0131ran Astrolog Olgu Ilg\u0131n, bu kez de \u015fans\u0131n imparatoru, mutlulu\u011fun sihirbaz\u0131, bereket ve iyilik gezegeni J\u00fcpiter\u2019i yazd\u0131.    Bazen senin i\u00e7in zaman gelir. Sevinmenin, b\u00fcy\u00fcmenin, zenginle\u015fmenin, \u00e2\u015f\u0131k olman\u0131n, ba\u015far\u0131n\u0131n, bereketin, \u015fenli\u011fin, mutlulu\u011fun&#8230; Hep bekledin, hep istedin, hep inand\u0131n. \u0130\u015fte \u015fimdi geldi. Zaman gelir, \u00f6yle bir gelir ki hayat bir festivale d\u00f6ner. Birden \u0131\u015f\u0131klar yanar. \u0130\u00e7inde ve d\u0131\u015f\u0131nda feraha do\u011fru bir geli\u015fme, b\u00fcy\u00fcme olur. G\u00f6zlerin g\u00fcler, kalbin kahkaha atar. Varl\u0131\u011f\u0131n bir g\u00fcl gibi a\u00e7ar. Yuvan \u00e7i\u00e7eklenir, c\u00fczdan\u0131n bereketlenir, kalbin \u015f\u00fck\u00fcrle dolar. \u015e\u00fckret, \u015f\u00fckret, \u015f\u00fckret. Daha \u00e7ok \u015f\u00fckret. \u015e\u00fck\u00fcr r\u0131zk\u0131 art\u0131r\u0131r. \u015e\u00fckrettik\u00e7e daha \u00e7ok gelir. \u00c7\u00fcnk\u00fc \u015fimdi senin zaman\u0131n geldi; bollu\u011fun, bereketin, g\u00fczel \u015fans\u0131n, iyimserli\u011fin, ilahi adaletin vakti geldi. \u015eimdi iyi \u015fans zaman\u0131. \u015e\u00fckrettin, sabrettin, \u015fimdi seyretme an\u0131. Bolluk, iyi \u015fans ve ne\u015fenin gezegeni J\u00fcpiter sana b\u00fct\u00fcn bunlar\u0131 vermek i\u00e7in kap\u0131n\u0131 \u00e7al\u0131yor. Art\u0131k haz\u0131rs\u0131n, \u015fans\u0131n\u0131 yakala, inan ve bir daha da b\u0131rakma.  J\u00fcpiter\u2019in hangi bur\u00e7ta sana ne vaat ediyor? J\u00fcpiter\u2019i hangi evde a\u011f\u0131rl\u0131yorsun? Transit J\u00fcpiter sana neler getirecek, \u015fans\u0131n nas\u0131l d\u00f6necek? J\u00fcpiter bereketini art\u0131rmak i\u00e7in ne yapmal\u0131? Hangi renkler, kokular, davran\u0131\u015flar J\u00fcpiter\u2019in getirdi\u011fi \u015fans\u0131 b\u00fcy\u00fct\u00fcr? Sadece do\u011fum y\u0131l\u0131na bakarak \u015fans\u0131n ne zaman ve nerede kap\u0131n\u0131 \u00e7alaca\u011f\u0131n\u0131, onu art\u0131rmak i\u00e7in neler yapaca\u011f\u0131n\u0131 \u00f6\u011freneceksin. \u015e\u00fckrettin, sabrettin, geldi. Hadi yakala!  <\/p>\n","protected":false},"excerpt":{"rendered":"<p>K\u00fcs m\u00fcy\u00fcz Tanr\u0131m? kitab\u0131yla zaman\u0131n efendisi Sat\u00fcrn\u2019\u00fc anlatarak geni\u015f kitlelere b\u00fcy\u00fck bir fark\u0131ndal\u0131k kazand\u0131ran Astrolog Olgu Ilg\u0131n, bu kez de \u015fans\u0131n imparatoru, mutlulu\u011fun sihirbaz\u0131, bereket ve<span class=\"excerpt-hellip\"> [\u2026]<\/span><\/p>\n","protected":false},"featured_media":0,"template":"","meta":{"_monsterinsights_skip_tracking":false,"_monsterinsights_sitenote_active":false,"_monsterinsights_sitenote_note":"","_monsterinsights_sitenote_category":0},"product_brand":[],"product_cat":[12364,12376],"product_tag":[],"class_list":{"0":"post-734682","1":"product","2":"type-product","3":"status-publish","5":"product_cat-genel-konular","6":"product_cat-kisisel-gelisim","7":"pa_cilt-ciltsiz","8":"pa_tur-kitap","9":"pa_yayinevi-dogan-novus","10":"pa_yazar-olgu-ilgin","12":"first","13":"instock","14":"sale","15":"shipping-taxable","16":"purchasable","17":"product-type-simple"},"_links":{"self":[{"href":"https:\/\/roveyayinevi.com.tr\/index.php\/wp-json\/wp\/v2\/product\/734682","targetHints":{"allow":["GET"]}}],"collection":[{"href":"https:\/\/roveyayinevi.com.tr\/index.php\/wp-json\/wp\/v2\/product"}],"about":[{"href":"https:\/\/roveyayinevi.com.tr\/index.php\/wp-json\/wp\/v2\/types\/product"}],"wp:attachment":[{"href":"https:\/\/roveyayinevi.com.tr\/index.php\/wp-json\/wp\/v2\/media?parent=734682"}],"wp:term":[{"taxonomy":"product_brand","embeddable":true,"href":"https:\/\/roveyayinevi.com.tr\/index.php\/wp-json\/wp\/v2\/product_brand?post=734682"},{"taxonomy":"product_cat","embeddable":true,"href":"https:\/\/roveyayinevi.com.tr\/index.php\/wp-json\/wp\/v2\/product_cat?post=734682"},{"taxonomy":"product_tag","embeddable":true,"href":"https:\/\/roveyayinevi.com.tr\/index.php\/wp-json\/wp\/v2\/product_tag?post=734682"}],"curies":[{"name":"wp","href":"https:\/\/api.w.org\/{rel}","templated":true}]}}