{"id":734675,"date":"2025-08-27T22:32:56","date_gmt":"2025-08-27T19:32:56","guid":{"rendered":"https:\/\/roveyayinevi.com.tr\/index.php\/urun\/irakta-turkce-ogretiminin-tarihsel-gelisimi\/"},"modified":"2026-04-16T02:42:46","modified_gmt":"2026-04-15T23:42:46","slug":"irakta-turkce-ogretiminin-tarihsel-gelisimi","status":"publish","type":"product","link":"https:\/\/roveyayinevi.com.tr\/index.php\/urun\/irakta-turkce-ogretiminin-tarihsel-gelisimi\/","title":{"rendered":"Irak&#8217;ta T\u00fcrk\u00e7e \u00d6\u011fretiminin Tarihsel Geli\u015fimi"},"content":{"rendered":"<p>Ya\u015fayan diller i\u00e7erisinde d\u00fcnyan\u0131n en eski yaz\u0131 dillerinden T\u00fcrk\u00e7enin ye\u015ferdi\u011fi ve y\u00fczy\u0131llarca ya\u015fad\u0131\u011f\u0131 co\u011frafyalardan biri de T\u00fcrkmeneli\u2019dir. T\u00fcrklerin Anadolu\u2019ya geldikleri 11. y\u00fczy\u0131ldan itibaren yurt tuttuklar\u0131 T\u00fcrkmeneli co\u011frafyas\u0131 1000 y\u0131ll\u0131k kadim T\u00fcrkmen topra\u011f\u0131d\u0131r. \u00d6zellikle Osmanl\u0131 d\u00f6neminden itibaren ba\u015fta Kerk\u00fck olmak \u00fczere, en g\u00fcneyden kuzeye do\u011fru, Berde, Mendeli, Hanekin, Kifri, Tuzhurmatu, Altun K\u00f6pr\u00fc, Erbil, Musul, Telafer gibi \u015fehirlerde ya\u015fayan T\u00fcrkmenlerin konu\u015ftu\u011fu ve yazd\u0131\u011f\u0131 dilleri olan T\u00fcrkmence bu co\u011frafyan\u0131n \u00e2deta h\u00fccrelerine kadar i\u015flemi\u015ftir. Gerek konu\u015fma dili olarak gerekse yaz\u0131 dili \u00f6zelli\u011fiyle Irak\u2019ta T\u00fcrkmen kimli\u011finin varl\u0131\u011f\u0131n\u0131n tescili durumundaki T\u00fcrkmence, son y\u00fczy\u0131lda pek \u00e7ok problemle kar\u015f\u0131 kar\u015f\u0131ya kalm\u0131\u015ft\u0131r. \u00d6zellikle I. D\u00fcnya Sava\u015f\u0131ndan sonra T\u00fcrkmeneli b\u00f6lgesinin Lozan Bar\u0131\u015f Anla\u015fmas\u0131yla Misak-\u0131 Mill\u00ee s\u0131n\u0131rlar\u0131n\u0131n d\u0131\u015f\u0131nda kalmas\u0131yla \u00e2deta \u00f6z yurdunda pek \u00e7ok yasakla kar\u015f\u0131la\u015fm\u0131\u015ft\u0131r. Ancak, ba\u015fta horyatlar\u0131yla\/hoyratlar\u0131yla, t\u00fcrk\u00fcleriyle ve yeti\u015ftirmi\u015f oldu\u011fu \u015fairleri-yazarlar\u0131yla s\u00f6zl\u00fc k\u00fclt\u00fcr miras\u0131n\u0131n \u00e7ok \u00f6nemli de\u011ferlerini b\u00fcnyesinde ta\u015f\u0131yan zengin T\u00fcrkmen edebiyat\u0131n\u0131 yok saymak m\u00fcmk\u00fcn de\u011fildir. <\/p>\n","protected":false},"excerpt":{"rendered":"<p>Ya\u015fayan diller i\u00e7erisinde d\u00fcnyan\u0131n en eski yaz\u0131 dillerinden T\u00fcrk\u00e7enin ye\u015ferdi\u011fi ve y\u00fczy\u0131llarca ya\u015fad\u0131\u011f\u0131 co\u011frafyalardan biri de T\u00fcrkmeneli\u2019dir. T\u00fcrklerin Anadolu\u2019ya geldikleri 11. y\u00fczy\u0131ldan itibaren yurt tuttuklar\u0131 T\u00fcrkmeneli<span class=\"excerpt-hellip\"> [\u2026]<\/span><\/p>\n","protected":false},"featured_media":0,"template":"","meta":{"_monsterinsights_skip_tracking":false,"_monsterinsights_sitenote_active":false,"_monsterinsights_sitenote_note":"","_monsterinsights_sitenote_category":0},"product_brand":[],"product_cat":[13072,12291],"product_tag":[],"class_list":{"0":"post-734675","1":"product","2":"type-product","3":"status-publish","5":"product_cat-arastirma-inceleme-referans","6":"product_cat-edebiyat","7":"pa_cilt-ciltsiz","8":"pa_tur-kitap","9":"pa_yayinevi-altinordu-yayinlari","10":"pa_yazar-ibrahim-dogukan-demirel","12":"first","13":"instock","14":"sale","15":"shipping-taxable","16":"purchasable","17":"product-type-simple"},"_links":{"self":[{"href":"https:\/\/roveyayinevi.com.tr\/index.php\/wp-json\/wp\/v2\/product\/734675","targetHints":{"allow":["GET"]}}],"collection":[{"href":"https:\/\/roveyayinevi.com.tr\/index.php\/wp-json\/wp\/v2\/product"}],"about":[{"href":"https:\/\/roveyayinevi.com.tr\/index.php\/wp-json\/wp\/v2\/types\/product"}],"wp:attachment":[{"href":"https:\/\/roveyayinevi.com.tr\/index.php\/wp-json\/wp\/v2\/media?parent=734675"}],"wp:term":[{"taxonomy":"product_brand","embeddable":true,"href":"https:\/\/roveyayinevi.com.tr\/index.php\/wp-json\/wp\/v2\/product_brand?post=734675"},{"taxonomy":"product_cat","embeddable":true,"href":"https:\/\/roveyayinevi.com.tr\/index.php\/wp-json\/wp\/v2\/product_cat?post=734675"},{"taxonomy":"product_tag","embeddable":true,"href":"https:\/\/roveyayinevi.com.tr\/index.php\/wp-json\/wp\/v2\/product_tag?post=734675"}],"curies":[{"name":"wp","href":"https:\/\/api.w.org\/{rel}","templated":true}]}}