{"id":734670,"date":"2025-08-27T22:32:51","date_gmt":"2025-08-27T19:32:51","guid":{"rendered":"https:\/\/roveyayinevi.com.tr\/index.php\/urun\/puff-the-little-cloud\/"},"modified":"2026-04-16T02:42:45","modified_gmt":"2026-04-15T23:42:45","slug":"puff-the-little-cloud","status":"publish","type":"product","link":"https:\/\/roveyayinevi.com.tr\/index.php\/urun\/puff-the-little-cloud\/","title":{"rendered":"Puff The Little Cloud"},"content":{"rendered":"<p>Are you one of those children who are afraid of lightning? Do you wonder how it rains and how the rainbow appears? Have you ever looked at the clouds and thought they resemble something else? Do you know where the sun sometimes goes or why it suddenly gets dark?   Come on and follow Puff the Little Cloud and his mother through the pages to learn about what happens in the sky.   You will enjoy this story with a lovely happy ending and also remember Puff the Little Cloud whenever it rains.   Kahraman\u0131m\u0131z k\u00fc\u00e7\u00fck bulut Puf\u2019un hik\u00e2yesini Ela El\u00e7i Ba\u015fg\u00fcl yazd\u0131, Cansu Din\u00e7 resimledi. \u201cG\u00f6ky\u00fcz\u00fc ve K\u00fc\u00e7\u00fck Puf\u201d ismiyle T\u00fcrk\u00e7e de yay\u0131nlanan \u201cPuf The Little Cloud\u201d \u00f6yk\u00fcm\u00fcz\u00fc Melis Akdo\u011fan G\u00fcndo\u011fdu, \u0130ngilizceye \u00e7evirdi. <\/p>\n","protected":false},"excerpt":{"rendered":"<p>Are you one of those children who are afraid of lightning? Do you wonder how it rains and how the rainbow appears? Have you ever looked<span class=\"excerpt-hellip\"> [\u2026]<\/span><\/p>\n","protected":false},"featured_media":0,"template":"","meta":{"_monsterinsights_skip_tracking":false,"_monsterinsights_sitenote_active":false,"_monsterinsights_sitenote_note":"","_monsterinsights_sitenote_category":0},"product_brand":[],"product_cat":[12913,12274],"product_tag":[],"class_list":{"0":"post-734670","1":"product","2":"type-product","3":"status-publish","5":"product_cat-3-6-yas-kitaplari","6":"product_cat-cocuk-ve-genclik-kitaplari","7":"pa_cilt-ciltsiz","8":"pa_tur-kitap","9":"pa_yayinevi-potikare-yayincilik","10":"pa_yazar-ela-elci-basgul","12":"first","13":"instock","14":"sale","15":"shipping-taxable","16":"purchasable","17":"product-type-simple"},"_links":{"self":[{"href":"https:\/\/roveyayinevi.com.tr\/index.php\/wp-json\/wp\/v2\/product\/734670","targetHints":{"allow":["GET"]}}],"collection":[{"href":"https:\/\/roveyayinevi.com.tr\/index.php\/wp-json\/wp\/v2\/product"}],"about":[{"href":"https:\/\/roveyayinevi.com.tr\/index.php\/wp-json\/wp\/v2\/types\/product"}],"wp:attachment":[{"href":"https:\/\/roveyayinevi.com.tr\/index.php\/wp-json\/wp\/v2\/media?parent=734670"}],"wp:term":[{"taxonomy":"product_brand","embeddable":true,"href":"https:\/\/roveyayinevi.com.tr\/index.php\/wp-json\/wp\/v2\/product_brand?post=734670"},{"taxonomy":"product_cat","embeddable":true,"href":"https:\/\/roveyayinevi.com.tr\/index.php\/wp-json\/wp\/v2\/product_cat?post=734670"},{"taxonomy":"product_tag","embeddable":true,"href":"https:\/\/roveyayinevi.com.tr\/index.php\/wp-json\/wp\/v2\/product_tag?post=734670"}],"curies":[{"name":"wp","href":"https:\/\/api.w.org\/{rel}","templated":true}]}}