{"id":734655,"date":"2025-08-27T22:32:39","date_gmt":"2025-08-27T19:32:39","guid":{"rendered":"https:\/\/roveyayinevi.com.tr\/index.php\/urun\/degirmen-14\/"},"modified":"2026-04-16T02:42:45","modified_gmt":"2026-04-15T23:42:45","slug":"degirmen-14","status":"publish","type":"product","link":"https:\/\/roveyayinevi.com.tr\/index.php\/urun\/degirmen-14\/","title":{"rendered":"De\u011firmen"},"content":{"rendered":"<p>\u201cBir b\u0131\u00e7ak alarak kolundaki ve baca\u011f\u0131ndaki adalelere saplamak ve b\u00f6ylece bir nehre at\u0131larak y\u00fczmek elinden geliyor mu? Bir \u015fehrin adamlar\u0131n\u0131 \u00f6ld\u00fcrmek cesareti sende var m\u0131? Bir minareye \u00e7\u0131karak b\u00fct\u00fcn d\u00fcnyaya i\u015fittirecek kadar kuvvetle ba\u011f\u0131rabilir misin? A\u015fk sana bunlar\u0131 yapt\u0131rabilir mi? \u0130\u015fte o zaman sana seviyorsun derim\u2026\u201d   Sabahattin Ali\u2019nin 1927 ile 1934 y\u0131llar\u0131 aras\u0131nda, baz\u0131s\u0131 Ats\u0131z Mecmua, Resimli Ay, Varl\u0131k gibi dergilerde kendine yer bulan \u00f6yk\u00fclerinin 1935\u2019te derlendi\u011fi, \u00fc\u00e7 ayr\u0131 k\u0131sma ayr\u0131lan De\u011firmen, gen\u00e7 bir \u015fair ve yazar\u0131n ilk \u00f6yk\u00fc kitab\u0131 olma \u00f6zelli\u011fini ta\u015f\u0131yor.   Yazar\u0131n kitaba ad\u0131n\u0131 da veren ve b\u00fcy\u00fck bir a\u015fk\u0131 anlatan \u201cDe\u011firmen\u201d \u00f6yk\u00fcs\u00fcyle ba\u015flayan bu eserinde, \u201c\u015faheserine\u201d \u00f6vg\u00fc bekleyen bir \u015fairle tan\u0131\u015facak, s\u0131cak bir sonbahar g\u00fcn\u00fcn\u00fcn ak\u015fam\u0131nda ge\u00e7en \u00fcrk\u00fct\u00fcc\u00fc bir sohbetine \u015fahit olacak, Sabahattin Ali\u2019nin Ayd\u0131n Hapishanesi\u2019ndeki mahpusluk d\u00f6neminde tan\u0131\u015ft\u0131\u011f\u0131 ki\u015filerden yola \u00e7\u0131karak kaleme ald\u0131\u011f\u0131 ya\u015famlar\u0131 ve \u00e7ok daha fazlas\u0131n\u0131 okuma \u015fans\u0131 bulacaks\u0131n\u0131z.   Sabahattin Ali\u2019den De\u011firmen edebiyat\u0131m\u0131zda nat\u00fcralizm ak\u0131m\u0131n\u0131n ba\u015far\u0131l\u0131 \u00f6rneklerini i\u00e7eren bir eser. <\/p>\n","protected":false},"excerpt":{"rendered":"<p>\u201cBir b\u0131\u00e7ak alarak kolundaki ve baca\u011f\u0131ndaki adalelere saplamak ve b\u00f6ylece bir nehre at\u0131larak y\u00fczmek elinden geliyor mu? Bir \u015fehrin adamlar\u0131n\u0131 \u00f6ld\u00fcrmek cesareti sende var m\u0131? Bir<span class=\"excerpt-hellip\"> [\u2026]<\/span><\/p>\n","protected":false},"featured_media":0,"template":"","meta":{"_monsterinsights_skip_tracking":false,"_monsterinsights_sitenote_active":false,"_monsterinsights_sitenote_note":"","_monsterinsights_sitenote_category":0},"product_brand":[],"product_cat":[12291,12292],"product_tag":[],"class_list":{"0":"post-734655","1":"product","2":"type-product","3":"status-publish","5":"product_cat-edebiyat","6":"product_cat-turk-edebiyati","7":"pa_cilt-ciltsiz","8":"pa_tur-kitap","9":"pa_yayinevi-ithaki-yayinlari","10":"pa_yazar-sabahattin-ali","12":"first","13":"instock","14":"sale","15":"shipping-taxable","16":"purchasable","17":"product-type-simple"},"_links":{"self":[{"href":"https:\/\/roveyayinevi.com.tr\/index.php\/wp-json\/wp\/v2\/product\/734655","targetHints":{"allow":["GET"]}}],"collection":[{"href":"https:\/\/roveyayinevi.com.tr\/index.php\/wp-json\/wp\/v2\/product"}],"about":[{"href":"https:\/\/roveyayinevi.com.tr\/index.php\/wp-json\/wp\/v2\/types\/product"}],"wp:attachment":[{"href":"https:\/\/roveyayinevi.com.tr\/index.php\/wp-json\/wp\/v2\/media?parent=734655"}],"wp:term":[{"taxonomy":"product_brand","embeddable":true,"href":"https:\/\/roveyayinevi.com.tr\/index.php\/wp-json\/wp\/v2\/product_brand?post=734655"},{"taxonomy":"product_cat","embeddable":true,"href":"https:\/\/roveyayinevi.com.tr\/index.php\/wp-json\/wp\/v2\/product_cat?post=734655"},{"taxonomy":"product_tag","embeddable":true,"href":"https:\/\/roveyayinevi.com.tr\/index.php\/wp-json\/wp\/v2\/product_tag?post=734655"}],"curies":[{"name":"wp","href":"https:\/\/api.w.org\/{rel}","templated":true}]}}