{"id":734635,"date":"2025-08-27T22:32:20","date_gmt":"2025-08-27T19:32:20","guid":{"rendered":"https:\/\/roveyayinevi.com.tr\/index.php\/urun\/gulerken-birdik-aglarken-ayri\/"},"modified":"2026-04-16T02:42:44","modified_gmt":"2026-04-15T23:42:44","slug":"gulerken-birdik-aglarken-ayri","status":"publish","type":"product","link":"https:\/\/roveyayinevi.com.tr\/index.php\/urun\/gulerken-birdik-aglarken-ayri\/","title":{"rendered":"G\u00fclerken Birdik A\u011flarken Ayr\u0131"},"content":{"rendered":"<p>\u00c7ok sevmesin kimse sizi, hatta \u00e7ok fazla de\u011fer de vermesin. Sadece g\u00fczel sevmeyi bilsin, yeter. B\u00f6yle incitmeden, k\u0131rmadan, d\u00f6kmeden, yormadan, yaralamadan&#8230; Emin olun ki o zaman sevgileri daha de\u011ferli k\u0131lacakt\u0131r sizi. Sizi sevecekse biri, siz oldu\u011funuz i\u00e7in sevmeli. Renklerinize, ruhunuza, d\u00fc\u015f\u00fcncelerinize kar\u0131\u015fmadan ve sizi sorgulamadan sevgisini g\u00f6stermeli, beyaz\u0131n\u0131za siyah olmamal\u0131, ruhunuza kelep\u00e7e takmamal\u0131 ve u\u00e7mak i\u00e7in g\u00f6\u011fe do\u011fru a\u00e7t\u0131\u011f\u0131n\u0131z kanatlar\u0131n\u0131z\u0131 k\u0131rmamal\u0131. Sizi seven biri her h\u00fccresini, her h\u00fccrenizde bularak, hissederek sevmeli.Sizi can\u0131 gibi seven, can\u0131na katan g\u00fczel insanlarla kar\u015f\u0131la\u015fman\u0131z dile\u011fiyle&#8230;<\/p>\n","protected":false},"excerpt":{"rendered":"<p>\u00c7ok sevmesin kimse sizi, hatta \u00e7ok fazla de\u011fer de vermesin. Sadece g\u00fczel sevmeyi bilsin, yeter. B\u00f6yle incitmeden, k\u0131rmadan, d\u00f6kmeden, yormadan, yaralamadan&#8230; Emin olun ki o zaman<span class=\"excerpt-hellip\"> [\u2026]<\/span><\/p>\n","protected":false},"featured_media":0,"template":"","meta":{"_monsterinsights_skip_tracking":false,"_monsterinsights_sitenote_active":false,"_monsterinsights_sitenote_note":"","_monsterinsights_sitenote_category":0},"product_brand":[],"product_cat":[12777,12291],"product_tag":[],"class_list":{"0":"post-734635","1":"product","2":"type-product","3":"status-publish","5":"product_cat-deneme","6":"product_cat-edebiyat","7":"pa_cilt-ciltsiz","8":"pa_tur-kitap","9":"pa_yayinevi-karina-yayinevi","10":"pa_yazar-gulben-soysal","12":"first","13":"instock","14":"sale","15":"shipping-taxable","16":"purchasable","17":"product-type-simple"},"_links":{"self":[{"href":"https:\/\/roveyayinevi.com.tr\/index.php\/wp-json\/wp\/v2\/product\/734635","targetHints":{"allow":["GET"]}}],"collection":[{"href":"https:\/\/roveyayinevi.com.tr\/index.php\/wp-json\/wp\/v2\/product"}],"about":[{"href":"https:\/\/roveyayinevi.com.tr\/index.php\/wp-json\/wp\/v2\/types\/product"}],"wp:attachment":[{"href":"https:\/\/roveyayinevi.com.tr\/index.php\/wp-json\/wp\/v2\/media?parent=734635"}],"wp:term":[{"taxonomy":"product_brand","embeddable":true,"href":"https:\/\/roveyayinevi.com.tr\/index.php\/wp-json\/wp\/v2\/product_brand?post=734635"},{"taxonomy":"product_cat","embeddable":true,"href":"https:\/\/roveyayinevi.com.tr\/index.php\/wp-json\/wp\/v2\/product_cat?post=734635"},{"taxonomy":"product_tag","embeddable":true,"href":"https:\/\/roveyayinevi.com.tr\/index.php\/wp-json\/wp\/v2\/product_tag?post=734635"}],"curies":[{"name":"wp","href":"https:\/\/api.w.org\/{rel}","templated":true}]}}