{"id":734628,"date":"2025-08-27T22:31:40","date_gmt":"2025-08-27T19:31:40","guid":{"rendered":"https:\/\/roveyayinevi.com.tr\/index.php\/urun\/kayip-halka\/"},"modified":"2026-04-16T02:42:13","modified_gmt":"2026-04-15T23:42:13","slug":"kayip-halka","status":"publish","type":"product","link":"https:\/\/roveyayinevi.com.tr\/index.php\/urun\/kayip-halka\/","title":{"rendered":"Kay\u0131p Halka"},"content":{"rendered":"<p>Bu topraklarda bizim mensup oldu\u011fumuz k\u00fclt\u00fcr nas\u0131l bir nazar\u00ee d\u00fc\u015f\u00fcnce tecr\u00fcbesi ya\u015fam\u0131\u015ft\u0131r? Bu k\u00fclt\u00fcre mensup insanlar ne d\u00fc\u015f\u00fcn\u00fcyorlard\u0131, nas\u0131l d\u00fc\u015f\u00fcn\u00fcyorlard\u0131, ni\u00e7in d\u00fc\u015f\u00fcn\u00fcyorlard\u0131? Ba\u015fka bir deyi\u015fle, ne t\u00fcr soru ve sorunlara sahiplerdi; dertleri ne idi; bu sorunlar\u0131, dertleri nas\u0131l kavramsalla\u015ft\u0131r\u0131yorlard\u0131; hangi y\u00f6ntemleri kullan\u0131yorlard\u0131 ve \u00e7\u00f6z\u00fcmlerini \u00fcretirken ne t\u00fcr bir kendilik bilincinin i\u00e7inde hareket ediyorlard\u0131? Muhtelif zamanlarda kaleme al\u0131nm\u0131\u015f alt\u0131 makaleden olu\u015fan bu kitap i\u015fte bu sorular\u0131n yan\u0131t\u0131 i\u00e7in genel bir \u00e7er\u00e7eve \u00e7izmeye, bir k\u0131lavuz olu\u015fturmaya \u00e7al\u0131\u015f\u0131yor.<\/p>\n","protected":false},"excerpt":{"rendered":"<p>Bu topraklarda bizim mensup oldu\u011fumuz k\u00fclt\u00fcr nas\u0131l bir nazar\u00ee d\u00fc\u015f\u00fcnce tecr\u00fcbesi ya\u015fam\u0131\u015ft\u0131r? Bu k\u00fclt\u00fcre mensup insanlar ne d\u00fc\u015f\u00fcn\u00fcyorlard\u0131, nas\u0131l d\u00fc\u015f\u00fcn\u00fcyorlard\u0131, ni\u00e7in d\u00fc\u015f\u00fcn\u00fcyorlard\u0131? Ba\u015fka bir deyi\u015fle, ne<span class=\"excerpt-hellip\"> [\u2026]<\/span><\/p>\n","protected":false},"featured_media":0,"template":"","meta":{"_monsterinsights_skip_tracking":false,"_monsterinsights_sitenote_active":false,"_monsterinsights_sitenote_note":"","_monsterinsights_sitenote_category":0},"product_brand":[],"product_cat":[19998,12388],"product_tag":[],"class_list":{"0":"post-734628","1":"product","2":"type-product","3":"status-publish","5":"product_cat-din-felsefesi","6":"product_cat-felsefe","7":"pa_cilt-ciltsiz","8":"pa_tur-kitap","9":"pa_yayinevi-ketebe-yayinlari","10":"pa_yazar-ihsan-fazlioglu","12":"first","13":"instock","14":"sale","15":"shipping-taxable","16":"purchasable","17":"product-type-simple"},"_links":{"self":[{"href":"https:\/\/roveyayinevi.com.tr\/index.php\/wp-json\/wp\/v2\/product\/734628","targetHints":{"allow":["GET"]}}],"collection":[{"href":"https:\/\/roveyayinevi.com.tr\/index.php\/wp-json\/wp\/v2\/product"}],"about":[{"href":"https:\/\/roveyayinevi.com.tr\/index.php\/wp-json\/wp\/v2\/types\/product"}],"wp:attachment":[{"href":"https:\/\/roveyayinevi.com.tr\/index.php\/wp-json\/wp\/v2\/media?parent=734628"}],"wp:term":[{"taxonomy":"product_brand","embeddable":true,"href":"https:\/\/roveyayinevi.com.tr\/index.php\/wp-json\/wp\/v2\/product_brand?post=734628"},{"taxonomy":"product_cat","embeddable":true,"href":"https:\/\/roveyayinevi.com.tr\/index.php\/wp-json\/wp\/v2\/product_cat?post=734628"},{"taxonomy":"product_tag","embeddable":true,"href":"https:\/\/roveyayinevi.com.tr\/index.php\/wp-json\/wp\/v2\/product_tag?post=734628"}],"curies":[{"name":"wp","href":"https:\/\/api.w.org\/{rel}","templated":true}]}}