{"id":734627,"date":"2025-08-27T22:31:39","date_gmt":"2025-08-27T19:31:39","guid":{"rendered":"https:\/\/roveyayinevi.com.tr\/index.php\/urun\/guclu-toplumlar-ve-zayif-devletler\/"},"modified":"2026-04-16T02:42:13","modified_gmt":"2026-04-15T23:42:13","slug":"guclu-toplumlar-ve-zayif-devletler","status":"publish","type":"product","link":"https:\/\/roveyayinevi.com.tr\/index.php\/urun\/guclu-toplumlar-ve-zayif-devletler\/","title":{"rendered":"G\u00fc\u00e7l\u00fc Toplumlar ve Zay\u0131f Devletler"},"content":{"rendered":"<p>Fransa\u2019n\u0131n bir b\u00f6lgesinde k\u00f6yl\u00fclerin ak\u015fam dualar\u0131 uzun zaman \u015fu sat\u0131r\u0131 i\u00e7ermekteydi: \u201cBizi b\u00fct\u00fcn k\u00f6t\u00fcl\u00fcklerden ve adaletten koru.\u201d Elbette Fransa\u2019n\u0131n k\u00f6yl\u00fcleri \u201cadalet\u201d ve adalet kurallar\u0131n\u0131 temsil eden devletle olan belirsiz ve d\u00fc\u015fmanca ili\u015fkilerinde yaln\u0131z de\u011fillerdi. Bu kitab\u0131n sayfalar\u0131nda, insanlar ile onlar\u0131n hayatlar\u0131n\u0131 y\u00f6netmek i\u00e7in adalet kurallar\u0131 olu\u015fturmaya \u00e7al\u0131\u015fan devletler aras\u0131ndaki bir tak\u0131m merkez\u00ee ili\u015fkileri tan\u0131ma f\u0131rsat\u0131n\u0131 yakalayacaks\u0131n\u0131z. Neden baz\u0131 liderlerin vizyonlar\u0131n\u0131 ger\u00e7ekle\u015ftirmede daha \u00e7ok, baz\u0131lar\u0131n\u0131n ise daha az ba\u015far\u0131l\u0131 oldu\u011funa ili\u015fkin doyurucu cevaplar bulacaks\u0131n\u0131z. Bir\u00e7ok Asya, Afrika ve Latin Amerika \u00fclkesi, ellerindeki kaynaklara ra\u011fmen, toplumlar\u0131n\u0131n davran\u0131\u015flar\u0131n\u0131 y\u00f6nlendirmede neden bu kadar zorlan\u0131yor? Buna kar\u015f\u0131l\u0131k, neden \u00e7ok az say\u0131da ba\u015fka devlet b\u00f6yle bir kontrol\u00fc kolayca olu\u015fturabiliyor? Ba\u015far\u0131s\u0131z yasalar\u0131n ve sosyal politikalar\u0131n devletin kendisi \u00fczerinde nas\u0131l bir etkisi var? Bu sorular\u0131 yan\u0131tlarken Migdal, \u00dc\u00e7\u00fcnc\u00fc D\u00fcnya\u2019da devletin rol\u00fcne daha \u00f6nce bak\u0131lmam\u0131\u015f bir perspektiften bak\u0131yor. G\u00fc\u00e7l\u00fc Toplumlar ve Zay\u0131f Devletler, devlet-toplum ili\u015fkilerine ve \u00dc\u00e7\u00fcnc\u00fc D\u00fcnya\u2019daki ekonomik, siyasal reform olanaklar\u0131na y\u00f6nelik yeni bir yakla\u015f\u0131m sunuyor: Devletin di\u011fer sosyal \u00f6rg\u00fctlerle m\u00fccadelesini \u00f6ne \u00e7\u0131karan bir devlet-toplum ili\u015fkileri modeli ve devletlerin bu m\u00fccadelelerde \u00fcst\u00fcnl\u00fck kurmas\u0131n\u0131 sa\u011flayan \u00f6zelliklerini ele alan bir teori. <\/p>\n","protected":false},"excerpt":{"rendered":"<p>Fransa\u2019n\u0131n bir b\u00f6lgesinde k\u00f6yl\u00fclerin ak\u015fam dualar\u0131 uzun zaman \u015fu sat\u0131r\u0131 i\u00e7ermekteydi: \u201cBizi b\u00fct\u00fcn k\u00f6t\u00fcl\u00fcklerden ve adaletten koru.\u201d Elbette Fransa\u2019n\u0131n k\u00f6yl\u00fcleri \u201cadalet\u201d ve adalet kurallar\u0131n\u0131 temsil eden<span class=\"excerpt-hellip\"> [\u2026]<\/span><\/p>\n","protected":false},"featured_media":0,"template":"","meta":{"_monsterinsights_skip_tracking":false,"_monsterinsights_sitenote_active":false,"_monsterinsights_sitenote_note":"","_monsterinsights_sitenote_category":0},"product_brand":[],"product_cat":[12338,12337],"product_tag":[],"class_list":{"0":"post-734627","1":"product","2":"type-product","3":"status-publish","5":"product_cat-dunya-siyaseti-ve-politikasi","6":"product_cat-politika-siyaset","7":"pa_cilt-ciltsiz","8":"pa_tur-kitap","9":"pa_yayinevi-vakifbank-kultur-yayinlari","10":"pa_yazar-joel-s-migdal","12":"first","13":"instock","14":"sale","15":"shipping-taxable","16":"purchasable","17":"product-type-simple"},"_links":{"self":[{"href":"https:\/\/roveyayinevi.com.tr\/index.php\/wp-json\/wp\/v2\/product\/734627","targetHints":{"allow":["GET"]}}],"collection":[{"href":"https:\/\/roveyayinevi.com.tr\/index.php\/wp-json\/wp\/v2\/product"}],"about":[{"href":"https:\/\/roveyayinevi.com.tr\/index.php\/wp-json\/wp\/v2\/types\/product"}],"wp:attachment":[{"href":"https:\/\/roveyayinevi.com.tr\/index.php\/wp-json\/wp\/v2\/media?parent=734627"}],"wp:term":[{"taxonomy":"product_brand","embeddable":true,"href":"https:\/\/roveyayinevi.com.tr\/index.php\/wp-json\/wp\/v2\/product_brand?post=734627"},{"taxonomy":"product_cat","embeddable":true,"href":"https:\/\/roveyayinevi.com.tr\/index.php\/wp-json\/wp\/v2\/product_cat?post=734627"},{"taxonomy":"product_tag","embeddable":true,"href":"https:\/\/roveyayinevi.com.tr\/index.php\/wp-json\/wp\/v2\/product_tag?post=734627"}],"curies":[{"name":"wp","href":"https:\/\/api.w.org\/{rel}","templated":true}]}}