{"id":734619,"date":"2025-08-27T22:31:33","date_gmt":"2025-08-27T19:31:33","guid":{"rendered":"https:\/\/roveyayinevi.com.tr\/index.php\/urun\/sosyal-teoloji\/"},"modified":"2026-04-16T02:42:13","modified_gmt":"2026-04-15T23:42:13","slug":"sosyal-teoloji","status":"publish","type":"product","link":"https:\/\/roveyayinevi.com.tr\/index.php\/urun\/sosyal-teoloji\/","title":{"rendered":"Sosyal Teoloji"},"content":{"rendered":"<p>Dine kar\u015f\u0131tl\u0131\u011f\u0131n zirvesine ula\u015ft\u0131\u011f\u0131 d\u00f6nem olan 19. y\u00fczy\u0131lda varl\u0131\u011f\u0131 salt pozitivist bir bak\u0131\u015f a\u00e7\u0131s\u0131yla de\u011ferlendirme saplant\u0131s\u0131 insanl\u0131\u011f\u0131n \u015fahit oldu\u011fu en b\u00fcy\u00fck k\u0131r\u0131lmalardan birini ger\u00e7ekle\u015ftirdi. Dinlerin resmetti\u011fi \u2018Tanr\u0131\u2019 tasavvurunun yanl\u0131\u015f aktar\u0131lmas\u0131 ve insan\u0131n \u00f6n\u00fcne kendisine rakip bir \u2018Tanr\u0131\u2019n\u0131n konulmas\u0131 da bu k\u0131r\u0131lmay\u0131 \u015fiddetlendirdi. Sosyal teoloji Allah, insan ve bu iki varl\u0131\u011f\u0131n ortak eylem s\u00fcreci olan tarih (toplumsal s\u00fcre\u00e7) aras\u0131ndaki ili\u015fkiyi yeniden kavramsalla\u015ft\u0131rmay\u0131 hedeflemektedir. Elinizdeki kitapta Tanr\u0131\u2019ya, \u0130nsana ve Tarihe\/Topluma bak\u0131\u015f a\u00e7\u0131m\u0131z\u0131 sakatlayan paradigman\u0131n \u00fczerine oturdu\u011fu zeminin kayganl\u0131\u011f\u0131 ve dayand\u0131\u011f\u0131 arg\u00fcmanlar\u0131n tutars\u0131zl\u0131\u011f\u0131 ortaya konulmakta ve bunlar\u0131n yerine geli\u015ftirilecek yeni bir bak\u0131\u015f a\u00e7\u0131s\u0131 teklif edilmektedir.<\/p>\n","protected":false},"excerpt":{"rendered":"<p>Dine kar\u015f\u0131tl\u0131\u011f\u0131n zirvesine ula\u015ft\u0131\u011f\u0131 d\u00f6nem olan 19. y\u00fczy\u0131lda varl\u0131\u011f\u0131 salt pozitivist bir bak\u0131\u015f a\u00e7\u0131s\u0131yla de\u011ferlendirme saplant\u0131s\u0131 insanl\u0131\u011f\u0131n \u015fahit oldu\u011fu en b\u00fcy\u00fck k\u0131r\u0131lmalardan birini ger\u00e7ekle\u015ftirdi. Dinlerin resmetti\u011fi<span class=\"excerpt-hellip\"> [\u2026]<\/span><\/p>\n","protected":false},"featured_media":0,"template":"","meta":{"_monsterinsights_skip_tracking":false,"_monsterinsights_sitenote_active":false,"_monsterinsights_sitenote_note":"","_monsterinsights_sitenote_category":0},"product_brand":[],"product_cat":[12718,12719,13025],"product_tag":[],"class_list":{"0":"post-734619","1":"product","2":"type-product","3":"status-publish","5":"product_cat-din","6":"product_cat-islam","7":"product_cat-islam-ve-gunumuz-islam-dusuncesi","8":"pa_cilt-ciltsiz","9":"pa_tur-kitap","10":"pa_yayinevi-otto-yayinlari","11":"pa_yazar-saban-ali-duzgun","13":"first","14":"instock","15":"sale","16":"shipping-taxable","17":"purchasable","18":"product-type-simple"},"_links":{"self":[{"href":"https:\/\/roveyayinevi.com.tr\/index.php\/wp-json\/wp\/v2\/product\/734619","targetHints":{"allow":["GET"]}}],"collection":[{"href":"https:\/\/roveyayinevi.com.tr\/index.php\/wp-json\/wp\/v2\/product"}],"about":[{"href":"https:\/\/roveyayinevi.com.tr\/index.php\/wp-json\/wp\/v2\/types\/product"}],"wp:attachment":[{"href":"https:\/\/roveyayinevi.com.tr\/index.php\/wp-json\/wp\/v2\/media?parent=734619"}],"wp:term":[{"taxonomy":"product_brand","embeddable":true,"href":"https:\/\/roveyayinevi.com.tr\/index.php\/wp-json\/wp\/v2\/product_brand?post=734619"},{"taxonomy":"product_cat","embeddable":true,"href":"https:\/\/roveyayinevi.com.tr\/index.php\/wp-json\/wp\/v2\/product_cat?post=734619"},{"taxonomy":"product_tag","embeddable":true,"href":"https:\/\/roveyayinevi.com.tr\/index.php\/wp-json\/wp\/v2\/product_tag?post=734619"}],"curies":[{"name":"wp","href":"https:\/\/api.w.org\/{rel}","templated":true}]}}