{"id":734595,"date":"2025-08-27T22:31:10","date_gmt":"2025-08-27T19:31:10","guid":{"rendered":"https:\/\/roveyayinevi.com.tr\/index.php\/urun\/plutonun-dunya-umurunda-degil\/"},"modified":"2026-04-16T02:42:12","modified_gmt":"2026-04-15T23:42:12","slug":"plutonun-dunya-umurunda-degil","status":"publish","type":"product","link":"https:\/\/roveyayinevi.com.tr\/index.php\/urun\/plutonun-dunya-umurunda-degil\/","title":{"rendered":"Pl\u00fcton&#8217;un D\u00fcnya Umurunda De\u011fil"},"content":{"rendered":"<p>G\u00fcne\u015f Sistemi s\u0131n\u0131f\u0131nda Pl\u00fcton bay\u0131l\u0131yor dansa Di\u011ferlerine g\u00f6re hem yava\u015f hem de k\u0131sa Bunu g\u00f6ren D\u00fcnya aniden f\u0131rlad\u0131 aya\u011fa \u201cArt\u0131k gezegen de\u011filsin,\u201d dedi Pl\u00fcton\u2019a.   En yak\u0131n arkada\u015f\u0131 Nept\u00fcn a\u011flamak \u00fczereydi Merk\u00fcr \u00fcz\u00fcnt\u00fcs\u00fcnden o g\u00fcn de gitti geri \u201cHaydi Pl\u00fcton, sen de gayret et, h\u0131zlan,\u201d dediler Ne yapsalar da Pl\u00fcton\u2019u ikna edemediler.   Pl\u00fcton\u2019un D\u00fcnya Umurunda De\u011fil her ya\u015ftan \u00e7ocuk ve yeti\u015fkin i\u00e7in bir fark\u0131ndal\u0131k kitab\u0131, kendimizi oldu\u011fumuz gibi sevmeyi \u00f6\u011frenmenin e\u011flenceli rehberi. <\/p>\n","protected":false},"excerpt":{"rendered":"<p>G\u00fcne\u015f Sistemi s\u0131n\u0131f\u0131nda Pl\u00fcton bay\u0131l\u0131yor dansa Di\u011ferlerine g\u00f6re hem yava\u015f hem de k\u0131sa Bunu g\u00f6ren D\u00fcnya aniden f\u0131rlad\u0131 aya\u011fa \u201cArt\u0131k gezegen de\u011filsin,\u201d dedi Pl\u00fcton\u2019a. En yak\u0131n<span class=\"excerpt-hellip\"> [\u2026]<\/span><\/p>\n","protected":false},"featured_media":0,"template":"","meta":{"_monsterinsights_skip_tracking":false,"_monsterinsights_sitenote_active":false,"_monsterinsights_sitenote_note":"","_monsterinsights_sitenote_category":0},"product_brand":[],"product_cat":[12275,12274],"product_tag":[],"class_list":{"0":"post-734595","1":"product","2":"type-product","3":"status-publish","5":"product_cat-6-12-yas-kitaplari","6":"product_cat-cocuk-ve-genclik-kitaplari","7":"pa_cilt-ciltsiz","8":"pa_tur-kitap","9":"pa_yayinevi-kusurat-yayinlari","10":"pa_yazar-seyma-cekici","12":"first","13":"instock","14":"sale","15":"shipping-taxable","16":"purchasable","17":"product-type-simple"},"_links":{"self":[{"href":"https:\/\/roveyayinevi.com.tr\/index.php\/wp-json\/wp\/v2\/product\/734595","targetHints":{"allow":["GET"]}}],"collection":[{"href":"https:\/\/roveyayinevi.com.tr\/index.php\/wp-json\/wp\/v2\/product"}],"about":[{"href":"https:\/\/roveyayinevi.com.tr\/index.php\/wp-json\/wp\/v2\/types\/product"}],"wp:attachment":[{"href":"https:\/\/roveyayinevi.com.tr\/index.php\/wp-json\/wp\/v2\/media?parent=734595"}],"wp:term":[{"taxonomy":"product_brand","embeddable":true,"href":"https:\/\/roveyayinevi.com.tr\/index.php\/wp-json\/wp\/v2\/product_brand?post=734595"},{"taxonomy":"product_cat","embeddable":true,"href":"https:\/\/roveyayinevi.com.tr\/index.php\/wp-json\/wp\/v2\/product_cat?post=734595"},{"taxonomy":"product_tag","embeddable":true,"href":"https:\/\/roveyayinevi.com.tr\/index.php\/wp-json\/wp\/v2\/product_tag?post=734595"}],"curies":[{"name":"wp","href":"https:\/\/api.w.org\/{rel}","templated":true}]}}