{"id":734593,"date":"2025-08-27T22:31:08","date_gmt":"2025-08-27T19:31:08","guid":{"rendered":"https:\/\/roveyayinevi.com.tr\/index.php\/urun\/yapay-zeka-galaksinin-koruyuculari-paralel-evren-ciltli\/"},"modified":"2026-04-16T02:42:12","modified_gmt":"2026-04-15T23:42:12","slug":"yapay-zeka-galaksinin-koruyuculari-paralel-evren-ciltli","status":"publish","type":"product","link":"https:\/\/roveyayinevi.com.tr\/index.php\/urun\/yapay-zeka-galaksinin-koruyuculari-paralel-evren-ciltli\/","title":{"rendered":"Yapay Zeka Galaksinin Koruyucular\u0131 &#8211; Paralel Evren (Ciltli)"},"content":{"rendered":"<p>Y\u0131l 2189. Yer; evrenin her k\u00f6\u015fesi. Macera \u00fcretimi; \u00e7ocuk zihni. Ya\u015fananlar; heyecan, macera, hareket, spor, \u00e7eki\u015fme, kahramanl\u0131k. Malzemeler; yapay zek\u00e2l\u0131 robot, s\u00fcper bisiklet ve kaykay, s\u00fcper teknoloji \u00fcr\u00fcn\u00fc bir saat, u\u00e7an arabalar, uzay ve \u0131\u015f\u0131k h\u0131z\u0131.   Kahramanlar; b\u00fct\u00fcn \u00e7ocuklar.   Eksikler; v\u00fccut savunma sistemi ve sen\u2026  B\u00fct\u00fcn hayat\u0131n\u0131 odas\u0131ndan \u00e7\u0131kmadan ge\u00e7iren bir \u00e7ocuk. Daha 10 ya\u015f\u0131nda. Canl\u0131 kimseyle temas edemiyor. En b\u00fcy\u00fck zevki camdan d\u0131\u015far\u0131y\u0131 seyretmek. Tek-noloji geli\u015fmi\u015f, \u00e7a\u011flar a\u00e7\u0131l\u0131p kapanm\u0131\u015f, samanyolu galaksisinde koloniler kurul-mu\u015f. Uzayda ayak bas\u0131lmam\u0131\u015f yer yok. Ama bu \u00e7ocuk sadece evde. B\u00fct\u00fcn geli\u015f-meleri hologramdan takip ediyor. Teknoloji son s\u00fcrat ama h\u00e2l\u00e2 hastal\u0131\u011f\u0131na \u00e7are bulunamam\u0131\u015f. \u0130\u015fte, bu benim sevgili dostum. Ya\u015fad\u0131\u011f\u0131m\u0131z evreni art\u0131k tan\u0131yoruz. Fakat paralel evrenler hakk\u0131nda hi\u00e7bir fikrimiz yok!  Teknolojimiz geli\u015fmi\u015f, kendimize g\u00fcvenimiz tam, tak\u0131m ruhumuz harikul\u00e2de.  Anlayaca\u011f\u0131n\u0131z her \u015fey haz\u0131r.  Peki, paralel evrende neler var?  Solucan deli\u011fi ne i\u015fe yarar? Hi\u00e7birisi r\u00fcya de\u011filmi\u015f, hepsi ger\u00e7ekmi\u015f.   Siz, siz olun s\u00f6zlerinize dikkat edin. Astropsikologlar\u0131n tedavi i\u00e7in neden \u00e7ocuklu\u011fumuza indi\u011fini hi\u00e7 d\u00fc\u015f\u00fcnd\u00fcm\u00fcz m\u00fc? \u00c7\u00fcnk\u00fc problemlerin \u00e7\u00f6z\u00fcm\u00fc \u00e7ocuklarda. Di\u011fer galaksiden gelenler bunun fark\u0131nda. O y\u00fczden herkes \u00e7ocuklar\u0131n pe\u015finde. Her zaman dedi\u011fim gibi,  D\u00fcnyay\u0131 \u00c7ocuklar Kurtaracak.<\/p>\n","protected":false},"excerpt":{"rendered":"<p>Y\u0131l 2189. Yer; evrenin her k\u00f6\u015fesi. Macera \u00fcretimi; \u00e7ocuk zihni. Ya\u015fananlar; heyecan, macera, hareket, spor, \u00e7eki\u015fme, kahramanl\u0131k. Malzemeler; yapay zek\u00e2l\u0131 robot, s\u00fcper bisiklet ve kaykay, s\u00fcper<span class=\"excerpt-hellip\"> [\u2026]<\/span><\/p>\n","protected":false},"featured_media":0,"template":"","meta":{"_monsterinsights_skip_tracking":false,"_monsterinsights_sitenote_active":false,"_monsterinsights_sitenote_note":"","_monsterinsights_sitenote_category":0},"product_brand":[],"product_cat":[12275,12274],"product_tag":[],"class_list":{"0":"post-734593","1":"product","2":"type-product","3":"status-publish","5":"product_cat-6-12-yas-kitaplari","6":"product_cat-cocuk-ve-genclik-kitaplari","7":"pa_cilt-ciltli","8":"pa_tur-kitap","9":"pa_yayinevi-timas-cocuk","10":"pa_yazar-kuzey-bulut","12":"first","13":"instock","14":"sale","15":"shipping-taxable","16":"purchasable","17":"product-type-simple"},"_links":{"self":[{"href":"https:\/\/roveyayinevi.com.tr\/index.php\/wp-json\/wp\/v2\/product\/734593","targetHints":{"allow":["GET"]}}],"collection":[{"href":"https:\/\/roveyayinevi.com.tr\/index.php\/wp-json\/wp\/v2\/product"}],"about":[{"href":"https:\/\/roveyayinevi.com.tr\/index.php\/wp-json\/wp\/v2\/types\/product"}],"wp:attachment":[{"href":"https:\/\/roveyayinevi.com.tr\/index.php\/wp-json\/wp\/v2\/media?parent=734593"}],"wp:term":[{"taxonomy":"product_brand","embeddable":true,"href":"https:\/\/roveyayinevi.com.tr\/index.php\/wp-json\/wp\/v2\/product_brand?post=734593"},{"taxonomy":"product_cat","embeddable":true,"href":"https:\/\/roveyayinevi.com.tr\/index.php\/wp-json\/wp\/v2\/product_cat?post=734593"},{"taxonomy":"product_tag","embeddable":true,"href":"https:\/\/roveyayinevi.com.tr\/index.php\/wp-json\/wp\/v2\/product_tag?post=734593"}],"curies":[{"name":"wp","href":"https:\/\/api.w.org\/{rel}","templated":true}]}}