{"id":734591,"date":"2025-08-27T22:31:06","date_gmt":"2025-08-27T19:31:06","guid":{"rendered":"https:\/\/roveyayinevi.com.tr\/index.php\/urun\/ekim-uzun-pazar\/"},"modified":"2026-04-15T02:54:42","modified_gmt":"2026-04-14T23:54:42","slug":"ekim-uzun-pazar","status":"publish","type":"product","link":"https:\/\/roveyayinevi.com.tr\/index.php\/urun\/ekim-uzun-pazar\/","title":{"rendered":"Ekim &#8211; Uzun Pazar"},"content":{"rendered":"<p>Bir adam. Art\u0131k yok&#8230;Yay\u0131nland\u0131\u011f\u0131 g\u00fcnden bu yana b\u00fcy\u00fcl\u00fc ger\u00e7ek\u00e7ili\u011fin ve modern Avrupa edebiyat\u0131n\u0131n gizli ba\u015fyap\u0131tlar\u0131ndan biri olarak kabul edilen Ekim: Uzun Pazar, benli\u011fini ad\u0131m ad\u0131m yitiren bir adam\u0131n \u00f6yk\u00fcs\u00fcd\u00fcr. Kay\u0131p giden ya\u015fant\u0131s\u0131n\u0131 kay\u0131ts\u0131z, dingin bir su gibi izlerken istedi\u011fi tek \u015fey, zaman\u0131n ve kaderin girdab\u0131nda bo\u011fulmamakt\u0131r. Art\u0131k hareket etmeyi de b\u0131rakarak bir \u00e7e\u015fit uyu\u015fuklu\u011fa, belki de Antik Yunan filozoflar\u0131n\u0131n mutluluk diye adland\u0131rd\u0131\u011f\u0131 o edebi istirahate kavu\u015fmay\u0131 bekler ve bu g\u00fcnd\u00fcz d\u00fc\u015flerinin ortas\u0131nda kar\u015f\u0131s\u0131ndakiler ondan kim olmas\u0131n\u0131 isterse ona d\u00f6n\u00fc\u015ferek, &#8220;ya\u015famaktan ziyade ba\u015fkalar\u0131 taraf\u0131ndan ya\u015fan\u0131p ya\u015fanmad\u0131\u011f\u0131n\u0131&#8221; sorgular durur.Cort\u00e1zar&#8217;\u0131n &#8220;Okurken bo\u011fulacak gibi oldum, nefes almaya \u00e7abalarken, ge\u00e7mi\u015fi g\u00f6zlerinin \u00f6n\u00fcnden ge\u00e7en, gelece\u011fiyse un ufak olup k\u00fcle ve sessizli\u011fe b\u00fcr\u00fcnen, neredeyse \u00f6lmek \u00fczere olan birinin ya\u015fayaca\u011f\u0131 nostalji hissinin alt\u0131nda ezildim. Bu his saatlerce beni tutsak etti ve kral kan\u0131 ta\u015f\u0131yan bir yazar ke\u015ffetti\u011fim d\u00fc\u015f\u00fcncesiyle deh\u015fete kap\u0131larak dondum kald\u0131m,&#8221; sat\u0131rlar\u0131yla selamlad\u0131\u011f\u0131 Guy Vaes&#8217;ten, Ulysses&#8217;in, varl\u0131\u011f\u0131n\u0131 ard\u0131nda en ufak iz b\u0131rakmamacas\u0131na ortadan kald\u0131ran o hummal\u0131, i\u00e7sel yolculu\u011funa at\u0131fta bulunan \u00f6d\u00fcll\u00fc bir m\u00fccevher&#8230;&#8221;Ekim d\u00fc\u015f\u00fc\u015f demektir. Baudelaire&#8217;in de korktu\u011fu so\u011fuk karanl\u0131klara dal\u0131\u015f\u0131n habercisidir. Benim gibi iflah olmaz bir tedirgine varl\u0131\u011f\u0131n sars\u0131lmas\u0131n\u0131, benli\u011fin marazi bir \u015fekilde \u00e7\u00f6z\u00fcl\u00fcp da\u011f\u0131lmas\u0131n\u0131 \u00e7a\u011fr\u0131\u015ft\u0131r\u0131r.&#8221;<\/p>\n","protected":false},"excerpt":{"rendered":"<p>Bir adam. Art\u0131k yok&#8230;Yay\u0131nland\u0131\u011f\u0131 g\u00fcnden bu yana b\u00fcy\u00fcl\u00fc ger\u00e7ek\u00e7ili\u011fin ve modern Avrupa edebiyat\u0131n\u0131n gizli ba\u015fyap\u0131tlar\u0131ndan biri olarak kabul edilen Ekim: Uzun Pazar, benli\u011fini ad\u0131m ad\u0131m yitiren<span class=\"excerpt-hellip\"> [\u2026]<\/span><\/p>\n","protected":false},"featured_media":0,"template":"","meta":{"_monsterinsights_skip_tracking":false,"_monsterinsights_sitenote_active":false,"_monsterinsights_sitenote_note":"","_monsterinsights_sitenote_category":0},"product_brand":[],"product_cat":[12291,12711],"product_tag":[],"class_list":{"0":"post-734591","1":"product","2":"type-product","3":"status-publish","5":"product_cat-edebiyat","6":"product_cat-roman-oyku","7":"pa_cilt-ciltsiz","8":"pa_tur-kitap","9":"pa_yayinevi-sel-yayincilik","10":"pa_yazar-guy-vaes","12":"first","13":"instock","14":"sale","15":"shipping-taxable","16":"purchasable","17":"product-type-simple"},"_links":{"self":[{"href":"https:\/\/roveyayinevi.com.tr\/index.php\/wp-json\/wp\/v2\/product\/734591","targetHints":{"allow":["GET"]}}],"collection":[{"href":"https:\/\/roveyayinevi.com.tr\/index.php\/wp-json\/wp\/v2\/product"}],"about":[{"href":"https:\/\/roveyayinevi.com.tr\/index.php\/wp-json\/wp\/v2\/types\/product"}],"wp:attachment":[{"href":"https:\/\/roveyayinevi.com.tr\/index.php\/wp-json\/wp\/v2\/media?parent=734591"}],"wp:term":[{"taxonomy":"product_brand","embeddable":true,"href":"https:\/\/roveyayinevi.com.tr\/index.php\/wp-json\/wp\/v2\/product_brand?post=734591"},{"taxonomy":"product_cat","embeddable":true,"href":"https:\/\/roveyayinevi.com.tr\/index.php\/wp-json\/wp\/v2\/product_cat?post=734591"},{"taxonomy":"product_tag","embeddable":true,"href":"https:\/\/roveyayinevi.com.tr\/index.php\/wp-json\/wp\/v2\/product_tag?post=734591"}],"curies":[{"name":"wp","href":"https:\/\/api.w.org\/{rel}","templated":true}]}}