{"id":734586,"date":"2025-08-27T22:31:02","date_gmt":"2025-08-27T19:31:02","guid":{"rendered":"https:\/\/roveyayinevi.com.tr\/index.php\/urun\/devrim-bir-imdat-frenidir\/"},"modified":"2026-04-16T02:42:12","modified_gmt":"2026-04-15T23:42:12","slug":"devrim-bir-imdat-frenidir","status":"publish","type":"product","link":"https:\/\/roveyayinevi.com.tr\/index.php\/urun\/devrim-bir-imdat-frenidir\/","title":{"rendered":"Devrim Bir \u0130mdat Frenidir"},"content":{"rendered":"<p>Michael L\u00f6wy, Walter Benjamin&#8217;in eserleriyle ilk temas\u0131n\u0131, entelekt\u00fcel g\u00fczerg\u00e2h\u0131na y\u00f6n veren bir milat, Marksizmin Avrupa ve Latin Amerika&#8217;daki heterodoks formlar\u0131 \u00fczerine ara\u015ft\u0131rmalar\u0131n\u0131 derinden sarsan bir ke\u015fif olarak de\u011ferlendirir. Devrimleri, ilerleme ba\u011flam\u0131nda dur durak bilmeden yol alan d\u00fcnya tarihinin lokomotifi olarak g\u00f6ren Marx kar\u015f\u0131s\u0131nda kendi ilerleme ve geli\u015fme ele\u015ftirisini ortaya koyan Benjamin ise &#8220;imdat freni&#8221; olarak tan\u0131mlad\u0131\u011f\u0131 bir devrim modeli sunar. Peki insanl\u0131k, s\u00f6z konusu freni \u00e7ekmeyi ba\u015farabilecek midir?Ekososyalist Manifesto&#8217;nun yazarlar\u0131ndan Michael L\u00f6wy&#8217;nin &#8220;ekososyalizmin \u00f6nc\u00fcs\u00fc&#8221; ilan etti\u011fi Benjamin&#8217;in eserlerinin devrimci boyutuna dikkat \u00e7ekerken, dogmatik olmayan tarihsel materyalizmden ilham alan yakla\u015f\u0131mlarla teolojik kayg\u0131lardan ileri gelen g\u00f6r\u00fc\u015flerini ustal\u0131kla bir araya getirdi\u011fi bir derleme&#8230;<\/p>\n","protected":false},"excerpt":{"rendered":"<p>Michael L\u00f6wy, Walter Benjamin&#8217;in eserleriyle ilk temas\u0131n\u0131, entelekt\u00fcel g\u00fczerg\u00e2h\u0131na y\u00f6n veren bir milat, Marksizmin Avrupa ve Latin Amerika&#8217;daki heterodoks formlar\u0131 \u00fczerine ara\u015ft\u0131rmalar\u0131n\u0131 derinden sarsan bir ke\u015fif<span class=\"excerpt-hellip\"> [\u2026]<\/span><\/p>\n","protected":false},"featured_media":0,"template":"","meta":{"_monsterinsights_skip_tracking":false,"_monsterinsights_sitenote_active":false,"_monsterinsights_sitenote_note":"","_monsterinsights_sitenote_category":0},"product_brand":[],"product_cat":[20351,12388],"product_tag":[],"class_list":{"0":"post-734586","1":"product","2":"type-product","3":"status-publish","5":"product_cat-dusunce","6":"product_cat-felsefe","7":"pa_cilt-ciltsiz","8":"pa_tur-kitap","9":"pa_yayinevi-sel-yayincilik","10":"pa_yazar-michael-lowy","12":"first","13":"instock","14":"sale","15":"shipping-taxable","16":"purchasable","17":"product-type-simple"},"_links":{"self":[{"href":"https:\/\/roveyayinevi.com.tr\/index.php\/wp-json\/wp\/v2\/product\/734586","targetHints":{"allow":["GET"]}}],"collection":[{"href":"https:\/\/roveyayinevi.com.tr\/index.php\/wp-json\/wp\/v2\/product"}],"about":[{"href":"https:\/\/roveyayinevi.com.tr\/index.php\/wp-json\/wp\/v2\/types\/product"}],"wp:attachment":[{"href":"https:\/\/roveyayinevi.com.tr\/index.php\/wp-json\/wp\/v2\/media?parent=734586"}],"wp:term":[{"taxonomy":"product_brand","embeddable":true,"href":"https:\/\/roveyayinevi.com.tr\/index.php\/wp-json\/wp\/v2\/product_brand?post=734586"},{"taxonomy":"product_cat","embeddable":true,"href":"https:\/\/roveyayinevi.com.tr\/index.php\/wp-json\/wp\/v2\/product_cat?post=734586"},{"taxonomy":"product_tag","embeddable":true,"href":"https:\/\/roveyayinevi.com.tr\/index.php\/wp-json\/wp\/v2\/product_tag?post=734586"}],"curies":[{"name":"wp","href":"https:\/\/api.w.org\/{rel}","templated":true}]}}