{"id":734574,"date":"2025-08-27T22:30:50","date_gmt":"2025-08-27T19:30:50","guid":{"rendered":"https:\/\/roveyayinevi.com.tr\/index.php\/urun\/ona-ne-danisacagiz-ki\/"},"modified":"2026-04-16T02:42:12","modified_gmt":"2026-04-15T23:42:12","slug":"ona-ne-danisacagiz-ki","status":"publish","type":"product","link":"https:\/\/roveyayinevi.com.tr\/index.php\/urun\/ona-ne-danisacagiz-ki\/","title":{"rendered":"Ona Ne Dan\u0131\u015faca\u011f\u0131z Ki?"},"content":{"rendered":"<p>Bir \u015eirket Dan\u0131\u015fman\u0131 Ne Yapar&#8230; \u201cProfesyonel y\u00f6neticilik ya\u015fant\u0131m\u0131n ard\u0131ndan dan\u0131\u015fman olarak \u00e7al\u0131\u015fmaya ba\u015flad\u0131\u011f\u0131m ilk \u015firketlerden birinde kar\u015f\u0131la\u015ft\u0131\u011f\u0131m soruydu bu. Oysa boyutlar\u0131 ne olursa olsun, \u015firketlerin bir d\u0131\u015f g\u00f6z\u00fcn bak\u0131\u015f a\u00e7\u0131s\u0131na ihtiya\u00e7lar\u0131 var diye d\u00fc\u015f\u00fcn\u00fcyorum. Elinizdeki kitapta bu d\u0131\u015f g\u00f6z\u00fcn \u015firketlerde neler yapabilece\u011fini, nas\u0131l faydal\u0131 olaca\u011f\u0131n\u0131 anlatmaya \u00e7al\u0131\u015ft\u0131m. Dan\u0131\u015fmanlardan faydalanabilmek i\u00e7in onlar\u0131n ne yapt\u0131klar\u0131n\u0131 bilmek de \u00f6nemli. \u201cOna Ne Dan\u0131\u015faca\u011f\u0131z ki?\u201d deki hemen hemen her konu i\u015f hayat\u0131nda bire bir ya\u015fad\u0131\u011f\u0131m, g\u00f6rd\u00fc\u011f\u00fcm \u015feyler. Bu ger\u00e7ek hayat deneyimlerinin teorik bilgilerle kesi\u015fti\u011fi noktalardan yola \u00e7\u0131karak \u015firket y\u00f6netimiyle ilgili konularda da baz\u0131 yorumlar yap\u0131p \u00f6neriler getirmeye gayret ettim.\u201d -S. Can Kara\u015f\u0131kl\u0131<\/p>\n","protected":false},"excerpt":{"rendered":"<p>Bir \u015eirket Dan\u0131\u015fman\u0131 Ne Yapar&#8230; \u201cProfesyonel y\u00f6neticilik ya\u015fant\u0131m\u0131n ard\u0131ndan dan\u0131\u015fman olarak \u00e7al\u0131\u015fmaya ba\u015flad\u0131\u011f\u0131m ilk \u015firketlerden birinde kar\u015f\u0131la\u015ft\u0131\u011f\u0131m soruydu bu. Oysa boyutlar\u0131 ne olursa olsun, \u015firketlerin bir<span class=\"excerpt-hellip\"> [\u2026]<\/span><\/p>\n","protected":false},"featured_media":0,"template":"","meta":{"_monsterinsights_skip_tracking":false,"_monsterinsights_sitenote_active":false,"_monsterinsights_sitenote_note":"","_monsterinsights_sitenote_category":0},"product_brand":[],"product_cat":[13043,17647],"product_tag":[],"class_list":{"0":"post-734574","1":"product","2":"type-product","3":"status-publish","5":"product_cat-ekonomi","6":"product_cat-is-dunyasi","7":"pa_cilt-ciltsiz","8":"pa_tur-kitap","9":"pa_yayinevi-remzi-kitabevi","10":"pa_yazar-s-can-karasikli","12":"first","13":"instock","14":"sale","15":"shipping-taxable","16":"purchasable","17":"product-type-simple"},"_links":{"self":[{"href":"https:\/\/roveyayinevi.com.tr\/index.php\/wp-json\/wp\/v2\/product\/734574","targetHints":{"allow":["GET"]}}],"collection":[{"href":"https:\/\/roveyayinevi.com.tr\/index.php\/wp-json\/wp\/v2\/product"}],"about":[{"href":"https:\/\/roveyayinevi.com.tr\/index.php\/wp-json\/wp\/v2\/types\/product"}],"wp:attachment":[{"href":"https:\/\/roveyayinevi.com.tr\/index.php\/wp-json\/wp\/v2\/media?parent=734574"}],"wp:term":[{"taxonomy":"product_brand","embeddable":true,"href":"https:\/\/roveyayinevi.com.tr\/index.php\/wp-json\/wp\/v2\/product_brand?post=734574"},{"taxonomy":"product_cat","embeddable":true,"href":"https:\/\/roveyayinevi.com.tr\/index.php\/wp-json\/wp\/v2\/product_cat?post=734574"},{"taxonomy":"product_tag","embeddable":true,"href":"https:\/\/roveyayinevi.com.tr\/index.php\/wp-json\/wp\/v2\/product_tag?post=734574"}],"curies":[{"name":"wp","href":"https:\/\/api.w.org\/{rel}","templated":true}]}}