{"id":734572,"date":"2025-08-27T22:30:48","date_gmt":"2025-08-27T19:30:48","guid":{"rendered":"https:\/\/roveyayinevi.com.tr\/index.php\/urun\/gokturklere-kalan-miras\/"},"modified":"2026-04-16T02:42:12","modified_gmt":"2026-04-15T23:42:12","slug":"gokturklere-kalan-miras","status":"publish","type":"product","link":"https:\/\/roveyayinevi.com.tr\/index.php\/urun\/gokturklere-kalan-miras\/","title":{"rendered":"G\u00f6kt\u00fcrklere Kalan Miras"},"content":{"rendered":"<p>M\u00d6 7 &#8211; MS 7. y\u00fczy\u0131llar aras\u0131nda \u00c7in geleneksel siyaset dilini belirleyen birincil tarih kaynaklar\u0131n\u0131n \u00e7eviri ve de\u011ferlendirmesinden olu\u015fan bu eser, s\u00f6z konusu resm\u00ee dilin \u201ceski \u00c7in\u2019in \u00f6tekisi\u201d olarak g\u00f6rd\u00fc\u011f\u00fc kuzeyli topluluklar\u0131n, Bat\u0131 dillerinde yanl\u0131\u015f bir genellemeyle \u201cbarbar\u201d olarak kar\u015f\u0131lanan yabanc\u0131lar\u0131n, de\u011fi\u015fen tarih\u00ee, siyasi ve k\u00fclt\u00fcrel ko\u015fullar ba\u011flam\u0131nda ger\u00e7ekte ne \u015fekilde alg\u0131land\u0131\u011f\u0131n\u0131 ortaya koymaya, siyaset terminolojisi i\u00e7inde onlar\u0131 tan\u0131mlayan s\u00f6zc\u00fcklerin y\u00fcklendikleri anlamlar\u0131 tasnif etmeye giri\u015fmektedir. \u00c7al\u0131\u015fman\u0131n \u00f6ncelikli de\u011feri, Bat\u0131 biliminin genellemelerinden uzakla\u015farak Uzak Do\u011fu co\u011frafyas\u0131n\u0131n kar\u015f\u0131l\u0131kl\u0131 ili\u015fkilerin a\u011f\u0131nda bi\u00e7imlenen kavramlar\u0131n\u0131 k\u00f6t\u00fc \u00e7a\u011fr\u0131\u015f\u0131mlar\u0131n d\u0131\u015f\u0131nda ele almas\u0131ndan kaynaklanmaktad\u0131r. Bu sofistike bak\u0131\u015f\u0131n haricinde, MS 2. &#8211; 3. y\u00fczy\u0131llardan itibaren G\u00f6kt\u00fcrklere kadar uzanan s\u00fcre\u00e7te T\u00fcrk\u00e7enin ilk formu olarak ele al\u0131nan dil ve tarih malzemesi i\u00e7erisinde \u015fekillenen s\u00f6zc\u00fcklerin de izini s\u00fcren kitap, sadece Sinoloji ara\u015ft\u0131rmalar\u0131 a\u00e7\u0131s\u0131ndan de\u011fil, T\u00fcrkoloji ara\u015ft\u0131rmalar\u0131 a\u00e7\u0131s\u0131ndan da \u00f6zg\u00fcn \u00e7\u0131kar\u0131mlar\u0131yla \u00f6nemli bir akademik verim olarak okurlar\u0131n takdirine sunulmu\u015ftur.<\/p>\n","protected":false},"excerpt":{"rendered":"<p>M\u00d6 7 &#8211; MS 7. y\u00fczy\u0131llar aras\u0131nda \u00c7in geleneksel siyaset dilini belirleyen birincil tarih kaynaklar\u0131n\u0131n \u00e7eviri ve de\u011ferlendirmesinden olu\u015fan bu eser, s\u00f6z konusu resm\u00ee dilin \u201ceski<span class=\"excerpt-hellip\"> [\u2026]<\/span><\/p>\n","protected":false},"featured_media":0,"template":"","meta":{"_monsterinsights_skip_tracking":false,"_monsterinsights_sitenote_active":false,"_monsterinsights_sitenote_note":"","_monsterinsights_sitenote_category":0},"product_brand":[],"product_cat":[12304,13650],"product_tag":[],"class_list":{"0":"post-734572","1":"product","2":"type-product","3":"status-publish","5":"product_cat-tarih","6":"product_cat-turk-tarihi-arastirmalari","7":"pa_cilt-ciltsiz","8":"pa_tur-kitap","9":"pa_yayinevi-otuken-nesriyat","10":"pa_yazar-gurhan-kirilen","12":"first","13":"instock","14":"sale","15":"shipping-taxable","16":"purchasable","17":"product-type-simple"},"_links":{"self":[{"href":"https:\/\/roveyayinevi.com.tr\/index.php\/wp-json\/wp\/v2\/product\/734572","targetHints":{"allow":["GET"]}}],"collection":[{"href":"https:\/\/roveyayinevi.com.tr\/index.php\/wp-json\/wp\/v2\/product"}],"about":[{"href":"https:\/\/roveyayinevi.com.tr\/index.php\/wp-json\/wp\/v2\/types\/product"}],"wp:attachment":[{"href":"https:\/\/roveyayinevi.com.tr\/index.php\/wp-json\/wp\/v2\/media?parent=734572"}],"wp:term":[{"taxonomy":"product_brand","embeddable":true,"href":"https:\/\/roveyayinevi.com.tr\/index.php\/wp-json\/wp\/v2\/product_brand?post=734572"},{"taxonomy":"product_cat","embeddable":true,"href":"https:\/\/roveyayinevi.com.tr\/index.php\/wp-json\/wp\/v2\/product_cat?post=734572"},{"taxonomy":"product_tag","embeddable":true,"href":"https:\/\/roveyayinevi.com.tr\/index.php\/wp-json\/wp\/v2\/product_tag?post=734572"}],"curies":[{"name":"wp","href":"https:\/\/api.w.org\/{rel}","templated":true}]}}