{"id":734571,"date":"2025-08-27T22:30:47","date_gmt":"2025-08-27T19:30:47","guid":{"rendered":"https:\/\/roveyayinevi.com.tr\/index.php\/urun\/yar-pinari\/"},"modified":"2026-04-16T02:42:11","modified_gmt":"2026-04-15T23:42:11","slug":"yar-pinari","status":"publish","type":"product","link":"https:\/\/roveyayinevi.com.tr\/index.php\/urun\/yar-pinari\/","title":{"rendered":"Yar P\u0131nar\u0131"},"content":{"rendered":"<p>Bir ak\u015fam bir sabah gitmezsem olmaz Cana umut olsun y\u00e2rin p\u0131nar\u0131 Su isterim g\u00f6n\u00fcl tas\u0131na dolmaz Cana umut olsun y\u00e2rin p\u0131nar\u0131   G\u00fcc\u00fcm\u00fc toplad\u0131m f\u0131rsat\u0131m sondu U\u00e7tu g\u00f6n\u00fcl yine zirveye kondu Diyemedim a\u015fk\u0131 hayaller dondu Cana umut olsun y\u00e2rin p\u0131nar\u0131   G\u00fcl\u00fc\u015f\u00fcnden belli a\u015fk kokuyorsun Y\u00fcre\u011fe sar\u0131lm\u0131\u015f can dokuyorsun S\u00f6yle g\u00f6zlerimde ne okuyorsun Cana umut olsun y\u00e2rin p\u0131nar\u0131.   Y\u00fcrek senin i\u00e7in yak\u0131yor a\u011f\u0131t Derdimi yazmaya yetmedi k\u00e2\u011f\u0131t G\u00f6ster g\u00fcl y\u00fcz\u00fcn\u00fc derdimi da\u011f\u0131t Cana umut olsun y\u00e2rin p\u0131nar\u0131   Ya\u015fl\u0131 g\u00f6zlerimden a\u011fu akmas\u0131n Hicran ate\u015fini g\u00f6n\u00fcl yakmas\u0131n Ha\u015fim Can p\u0131nara k\u00fcsk\u00fcn bakmas\u0131n Cana umut olsun y\u00e2rin p\u0131nar\u0131<\/p>\n","protected":false},"excerpt":{"rendered":"<p>Bir ak\u015fam bir sabah gitmezsem olmaz Cana umut olsun y\u00e2rin p\u0131nar\u0131 Su isterim g\u00f6n\u00fcl tas\u0131na dolmaz Cana umut olsun y\u00e2rin p\u0131nar\u0131 G\u00fcc\u00fcm\u00fc toplad\u0131m f\u0131rsat\u0131m sondu U\u00e7tu<span class=\"excerpt-hellip\"> [\u2026]<\/span><\/p>\n","protected":false},"featured_media":0,"template":"","meta":{"_monsterinsights_skip_tracking":false,"_monsterinsights_sitenote_active":false,"_monsterinsights_sitenote_note":"","_monsterinsights_sitenote_category":0},"product_brand":[],"product_cat":[12291,12509],"product_tag":[],"class_list":{"0":"post-734571","1":"product","2":"type-product","3":"status-publish","5":"product_cat-edebiyat","6":"product_cat-siir","7":"pa_cilt-ciltsiz","8":"pa_tur-kitap","9":"pa_yayinevi-gulnar-yayinlari","10":"pa_yazar-hasim-can","12":"first","13":"instock","14":"sale","15":"shipping-taxable","16":"purchasable","17":"product-type-simple"},"_links":{"self":[{"href":"https:\/\/roveyayinevi.com.tr\/index.php\/wp-json\/wp\/v2\/product\/734571","targetHints":{"allow":["GET"]}}],"collection":[{"href":"https:\/\/roveyayinevi.com.tr\/index.php\/wp-json\/wp\/v2\/product"}],"about":[{"href":"https:\/\/roveyayinevi.com.tr\/index.php\/wp-json\/wp\/v2\/types\/product"}],"wp:attachment":[{"href":"https:\/\/roveyayinevi.com.tr\/index.php\/wp-json\/wp\/v2\/media?parent=734571"}],"wp:term":[{"taxonomy":"product_brand","embeddable":true,"href":"https:\/\/roveyayinevi.com.tr\/index.php\/wp-json\/wp\/v2\/product_brand?post=734571"},{"taxonomy":"product_cat","embeddable":true,"href":"https:\/\/roveyayinevi.com.tr\/index.php\/wp-json\/wp\/v2\/product_cat?post=734571"},{"taxonomy":"product_tag","embeddable":true,"href":"https:\/\/roveyayinevi.com.tr\/index.php\/wp-json\/wp\/v2\/product_tag?post=734571"}],"curies":[{"name":"wp","href":"https:\/\/api.w.org\/{rel}","templated":true}]}}