{"id":734567,"date":"2025-08-27T22:30:43","date_gmt":"2025-08-27T19:30:43","guid":{"rendered":"https:\/\/roveyayinevi.com.tr\/index.php\/urun\/aslan-ve-maymun\/"},"modified":"2026-03-13T02:42:42","modified_gmt":"2026-03-12T23:42:42","slug":"aslan-ve-maymun","status":"publish","type":"product","link":"https:\/\/roveyayinevi.com.tr\/index.php\/urun\/aslan-ve-maymun\/","title":{"rendered":"Aslan ve Maymun"},"content":{"rendered":"<p>Masal zaman\u0131. Aslan ile maymunun ya\u015fad\u0131klar\u0131n\u0131 tatl\u0131 bir dille masalla\u015ft\u0131ran Erdo\u011fan Car\u2019dan \u00e7ocuklara. Rengarenk resimlerle \u00e7ocuklar\u0131n\u0131za okuyabilece\u011finiz keyifli zaman ge\u00e7irebilece\u011finiz \u00f6zg\u00fcn masal kitab\u0131.<\/p>\n","protected":false},"excerpt":{"rendered":"<p>Masal zaman\u0131. Aslan ile maymunun ya\u015fad\u0131klar\u0131n\u0131 tatl\u0131 bir dille masalla\u015ft\u0131ran Erdo\u011fan Car\u2019dan \u00e7ocuklara. Rengarenk resimlerle \u00e7ocuklar\u0131n\u0131za okuyabilece\u011finiz keyifli zaman ge\u00e7irebilece\u011finiz \u00f6zg\u00fcn masal kitab\u0131.<\/p>\n","protected":false},"featured_media":0,"template":"","meta":{"_monsterinsights_skip_tracking":false,"_monsterinsights_sitenote_active":false,"_monsterinsights_sitenote_note":"","_monsterinsights_sitenote_category":0},"product_brand":[],"product_cat":[12274,12523],"product_tag":[],"class_list":{"0":"post-734567","1":"product","2":"type-product","3":"status-publish","5":"product_cat-cocuk-ve-genclik-kitaplari","6":"product_cat-masallar","7":"pa_cilt-ciltsiz","8":"pa_tur-kitap","9":"pa_yayinevi-kirmizi-cati-yayinlari","10":"pa_yazar-erdogan-car","12":"first","13":"instock","14":"sale","15":"shipping-taxable","16":"purchasable","17":"product-type-simple"},"_links":{"self":[{"href":"https:\/\/roveyayinevi.com.tr\/index.php\/wp-json\/wp\/v2\/product\/734567","targetHints":{"allow":["GET"]}}],"collection":[{"href":"https:\/\/roveyayinevi.com.tr\/index.php\/wp-json\/wp\/v2\/product"}],"about":[{"href":"https:\/\/roveyayinevi.com.tr\/index.php\/wp-json\/wp\/v2\/types\/product"}],"wp:attachment":[{"href":"https:\/\/roveyayinevi.com.tr\/index.php\/wp-json\/wp\/v2\/media?parent=734567"}],"wp:term":[{"taxonomy":"product_brand","embeddable":true,"href":"https:\/\/roveyayinevi.com.tr\/index.php\/wp-json\/wp\/v2\/product_brand?post=734567"},{"taxonomy":"product_cat","embeddable":true,"href":"https:\/\/roveyayinevi.com.tr\/index.php\/wp-json\/wp\/v2\/product_cat?post=734567"},{"taxonomy":"product_tag","embeddable":true,"href":"https:\/\/roveyayinevi.com.tr\/index.php\/wp-json\/wp\/v2\/product_tag?post=734567"}],"curies":[{"name":"wp","href":"https:\/\/api.w.org\/{rel}","templated":true}]}}