{"id":734566,"date":"2025-08-27T22:30:42","date_gmt":"2025-08-27T19:30:42","guid":{"rendered":"https:\/\/roveyayinevi.com.tr\/index.php\/urun\/caresiz-tavuklar\/"},"modified":"2026-03-12T02:52:55","modified_gmt":"2026-03-11T23:52:55","slug":"caresiz-tavuklar","status":"publish","type":"product","link":"https:\/\/roveyayinevi.com.tr\/index.php\/urun\/caresiz-tavuklar\/","title":{"rendered":"\u00c7aresiz Tavuklar"},"content":{"rendered":"<p>Masal zaman\u0131. Tavuklar\u0131n tilkiyle m\u00fccadelesini tatl\u0131 bir dille masalla\u015ft\u0131ran Erdo\u011fan Car\u2019dan \u00e7ocuklara. Rengarenk resimlerle \u00e7ocuklar\u0131n\u0131za okuyabilece\u011finiz keyifli zaman ge\u00e7irebilece\u011finiz \u00f6zg\u00fcn masal kitab\u0131.<\/p>\n","protected":false},"excerpt":{"rendered":"<p>Masal zaman\u0131. Tavuklar\u0131n tilkiyle m\u00fccadelesini tatl\u0131 bir dille masalla\u015ft\u0131ran Erdo\u011fan Car\u2019dan \u00e7ocuklara. Rengarenk resimlerle \u00e7ocuklar\u0131n\u0131za okuyabilece\u011finiz keyifli zaman ge\u00e7irebilece\u011finiz \u00f6zg\u00fcn masal kitab\u0131.<\/p>\n","protected":false},"featured_media":0,"template":"","meta":{"_monsterinsights_skip_tracking":false,"_monsterinsights_sitenote_active":false,"_monsterinsights_sitenote_note":"","_monsterinsights_sitenote_category":0},"product_brand":[],"product_cat":[12274,12523],"product_tag":[],"class_list":{"0":"post-734566","1":"product","2":"type-product","3":"status-publish","5":"product_cat-cocuk-ve-genclik-kitaplari","6":"product_cat-masallar","7":"pa_cilt-ciltsiz","8":"pa_tur-kitap","9":"pa_yayinevi-kirmizi-cati-yayinlari","10":"pa_yazar-erdogan-car","12":"first","13":"instock","14":"sale","15":"shipping-taxable","16":"purchasable","17":"product-type-simple"},"_links":{"self":[{"href":"https:\/\/roveyayinevi.com.tr\/index.php\/wp-json\/wp\/v2\/product\/734566","targetHints":{"allow":["GET"]}}],"collection":[{"href":"https:\/\/roveyayinevi.com.tr\/index.php\/wp-json\/wp\/v2\/product"}],"about":[{"href":"https:\/\/roveyayinevi.com.tr\/index.php\/wp-json\/wp\/v2\/types\/product"}],"wp:attachment":[{"href":"https:\/\/roveyayinevi.com.tr\/index.php\/wp-json\/wp\/v2\/media?parent=734566"}],"wp:term":[{"taxonomy":"product_brand","embeddable":true,"href":"https:\/\/roveyayinevi.com.tr\/index.php\/wp-json\/wp\/v2\/product_brand?post=734566"},{"taxonomy":"product_cat","embeddable":true,"href":"https:\/\/roveyayinevi.com.tr\/index.php\/wp-json\/wp\/v2\/product_cat?post=734566"},{"taxonomy":"product_tag","embeddable":true,"href":"https:\/\/roveyayinevi.com.tr\/index.php\/wp-json\/wp\/v2\/product_tag?post=734566"}],"curies":[{"name":"wp","href":"https:\/\/api.w.org\/{rel}","templated":true}]}}