{"id":734555,"date":"2025-08-27T22:30:32","date_gmt":"2025-08-27T19:30:32","guid":{"rendered":"https:\/\/roveyayinevi.com.tr\/index.php\/urun\/hos-geldin-sinav\/"},"modified":"2026-04-08T02:51:21","modified_gmt":"2026-04-07T23:51:21","slug":"hos-geldin-sinav","status":"publish","type":"product","link":"https:\/\/roveyayinevi.com.tr\/index.php\/urun\/hos-geldin-sinav\/","title":{"rendered":"Ho\u015f Geldin S\u0131nav"},"content":{"rendered":"<p>Yeni bir \u00e7\u00f6z\u00fcm \u00fcretilene kadar, akademik ve meslek\u00ee olarak istedi\u011fimiz hedeflere ula\u015fabilmek i\u00e7in \u00f6ncelikle s\u0131nav a\u015famalar\u0131ndan ge\u00e7memiz gerekiyor. Maalesef farkl\u0131 nedenlerden kaynakl\u0131 olarak; s\u0131navlar, bir korku unsuruna d\u00f6n\u00fc\u015ft\u00fcr\u00fclm\u00fc\u015f durumda. S\u0131navlar\u0131n bunal\u0131m nedeni olarak g\u00f6sterilmesi, a\u015f\u0131r\u0131 kayg\u0131 ve endi\u015fe uyand\u0131r\u0131c\u0131 olarak sunulmas\u0131; \u00f6\u011frencilerin psikolojisini ve hatta fizyolojisini bozuyor. Sadece \u00f6\u011frencilerin mi? Aileleri de olumsuz etkiliyor. S\u0131nav\u0131n yeg\u00e2ne \u00e7are oldu\u011funu zannetmek, kendini s\u00fcrekli ba\u015fkalar\u0131yla k\u0131yaslamak, uzman diye ge\u00e7inen ve fakat alanla al\u00e2kas\u0131 olmayan insanlardan medet ummak, medyan\u0131n abartmas\u0131na kulak vermek, \u00e7al\u0131\u015fma sistemini bilmemek, ger\u00e7ek\u00e7i hedefler belirleyememek, aile i\u00e7i ileti\u015fime \u00f6zen g\u00f6stermemek\u2026 \u00d6\u011frencilerimiz, velilerimiz ve dan\u0131\u015fanlar\u0131m\u0131z yoluyla bu sorunlara tan\u0131k oldu\u011fumuz i\u00e7in kendi tecr\u00fcbe ve bilgilerimizden yola \u00e7\u0131karak b\u00fct\u00fcn bu olgular\u0131 evvela teatral bir bi\u00e7imde sunmak istedik. Ske\u00e7lerin ard\u0131ndan \u201cAnneBabalara Sesleni\u015f\u201d ba\u015fl\u0131\u011f\u0131yla ebeveynlere; \u201cGen\u00e7lere Sesleni\u015f\u201d ba\u015fl\u0131\u011f\u0131yla da \u00f6\u011frencilere seslendik. <\/p>\n","protected":false},"excerpt":{"rendered":"<p>Yeni bir \u00e7\u00f6z\u00fcm \u00fcretilene kadar, akademik ve meslek\u00ee olarak istedi\u011fimiz hedeflere ula\u015fabilmek i\u00e7in \u00f6ncelikle s\u0131nav a\u015famalar\u0131ndan ge\u00e7memiz gerekiyor. Maalesef farkl\u0131 nedenlerden kaynakl\u0131 olarak; s\u0131navlar, bir korku<span class=\"excerpt-hellip\"> [\u2026]<\/span><\/p>\n","protected":false},"featured_media":0,"template":"","meta":{"_monsterinsights_skip_tracking":false,"_monsterinsights_sitenote_active":false,"_monsterinsights_sitenote_note":"","_monsterinsights_sitenote_category":0},"product_brand":[],"product_cat":[12364,12376],"product_tag":[],"class_list":{"0":"post-734555","1":"product","2":"type-product","3":"status-publish","5":"product_cat-genel-konular","6":"product_cat-kisisel-gelisim","7":"pa_cilt-ciltsiz","8":"pa_tur-kitap","9":"pa_yayinevi-cinaralti-yayinlari","10":"pa_yazar-mehmet-konuk","12":"first","13":"instock","14":"sale","15":"shipping-taxable","16":"purchasable","17":"product-type-simple"},"_links":{"self":[{"href":"https:\/\/roveyayinevi.com.tr\/index.php\/wp-json\/wp\/v2\/product\/734555","targetHints":{"allow":["GET"]}}],"collection":[{"href":"https:\/\/roveyayinevi.com.tr\/index.php\/wp-json\/wp\/v2\/product"}],"about":[{"href":"https:\/\/roveyayinevi.com.tr\/index.php\/wp-json\/wp\/v2\/types\/product"}],"wp:attachment":[{"href":"https:\/\/roveyayinevi.com.tr\/index.php\/wp-json\/wp\/v2\/media?parent=734555"}],"wp:term":[{"taxonomy":"product_brand","embeddable":true,"href":"https:\/\/roveyayinevi.com.tr\/index.php\/wp-json\/wp\/v2\/product_brand?post=734555"},{"taxonomy":"product_cat","embeddable":true,"href":"https:\/\/roveyayinevi.com.tr\/index.php\/wp-json\/wp\/v2\/product_cat?post=734555"},{"taxonomy":"product_tag","embeddable":true,"href":"https:\/\/roveyayinevi.com.tr\/index.php\/wp-json\/wp\/v2\/product_tag?post=734555"}],"curies":[{"name":"wp","href":"https:\/\/api.w.org\/{rel}","templated":true}]}}