{"id":734541,"date":"2025-08-27T22:30:19","date_gmt":"2025-08-27T19:30:19","guid":{"rendered":"https:\/\/roveyayinevi.com.tr\/index.php\/urun\/noel-domucu-ile-jackin-muthis-maceralari\/"},"modified":"2026-04-16T02:42:11","modified_gmt":"2026-04-15T23:42:11","slug":"noel-domucu-ile-jackin-muthis-maceralari","status":"publish","type":"product","link":"https:\/\/roveyayinevi.com.tr\/index.php\/urun\/noel-domucu-ile-jackin-muthis-maceralari\/","title":{"rendered":"Noel Domu\u00e7u ile Jack\u2019in M\u00fcthi\u015f Maceralar\u0131"},"content":{"rendered":"<p>Kaybolan \u015feylerin gitti\u011fi bir yer hayal edin, Sevginin nesneleri hayata d\u00f6nd\u00fcrd\u00fc\u011f\u00fc bir yer, Ve kaybolanlar\u0131n her an bulunabildi\u011fi bir yer\u2026 Cesur bir \u00e7ocuk ve oyunca\u011f\u0131 her \u015feyi de\u011fi\u015ftirmek \u00fczere\u2026   D\u00fcnyan\u0131n en iyi hik\u00e2yecilerinden birinin kaleminden, bir \u00e7ocu\u011fun en sevdi\u011fi oyunca\u011f\u0131n\u0131 bulmak i\u00e7in ne kadar ileri gidebilece\u011fine dair, i\u00e7inizi \u0131s\u0131tacak bu s\u00fcr\u00fckleyici maceraya \u00fcnl\u00fc ill\u00fcstrat\u00f6r Jim Field g\u00f6z al\u0131c\u0131 resimleriyle e\u015flik ediyor. Noel Domu\u00e7u ile Jack\u2019in M\u00fcthi\u015f Maceralar\u0131 ailedeki herkesin \u00e7ok sevece\u011fi bir klasik olmaya aday.   Jack \u00e7ocukluk oyunca\u011f\u0131 Domu\u00e7\u2019u \u00e7ok sever. Jack\u2019in iyi g\u00fcn\u00fcnde de k\u00f6t\u00fc g\u00fcn\u00fcnde de Dom hep onun yan\u0131nda olmu\u015ftur. Ta ki bir Noel arifesine dek: Ne yaz\u0131k ki korkun\u00e7 bir \u015fey olmu\u015f ve Dom kaybolmu\u015ftur. Ama Noel arifesi mucizelerin ger\u00e7ekle\u015fip kaybolan umutlar\u0131n geri d\u00f6nd\u00fc\u011f\u00fc, her \u015feyin canlanabildi\u011fi bir gecedir \u2013 oyuncaklar\u0131n bile.   B\u00f6ylelikle Jack ile Noel Domu\u00e7u (Dom\u2019un yerine al\u0131nan sinir bozucu yedek oyuncak) sihirli Kaybolanlar Diyar\u0131\u2019nda nefes kesici bir yolculu\u011fa \u00e7\u0131karlar. Konu\u015fan Beslenme \u00c7antas\u0131\u2019n\u0131n, cesur bir Pusula\u2019n\u0131n ve Umut ad\u0131ndaki kanatl\u0131 bir dostun yard\u0131m\u0131yla, hep beraber Jack\u2019in en yak\u0131n arkada\u015f\u0131n\u0131, oyuncaklar\u0131 hap\u0131r hupur yiyen korkun\u00e7 Kaybeden\u2019in elinden kurtarmak i\u00e7in yola koyulurlar\u2026 <\/p>\n","protected":false},"excerpt":{"rendered":"<p>Kaybolan \u015feylerin gitti\u011fi bir yer hayal edin, Sevginin nesneleri hayata d\u00f6nd\u00fcrd\u00fc\u011f\u00fc bir yer, Ve kaybolanlar\u0131n her an bulunabildi\u011fi bir yer\u2026 Cesur bir \u00e7ocuk ve oyunca\u011f\u0131 her<span class=\"excerpt-hellip\"> [\u2026]<\/span><\/p>\n","protected":false},"featured_media":0,"template":"","meta":{"_monsterinsights_skip_tracking":false,"_monsterinsights_sitenote_active":false,"_monsterinsights_sitenote_note":"","_monsterinsights_sitenote_category":0},"product_brand":[],"product_cat":[12275,12274],"product_tag":[],"class_list":{"0":"post-734541","1":"product","2":"type-product","3":"status-publish","5":"product_cat-6-12-yas-kitaplari","6":"product_cat-cocuk-ve-genclik-kitaplari","7":"pa_cilt-ciltsiz","8":"pa_tur-kitap","9":"pa_yayinevi-yapi-kredi-yayinlari","10":"pa_yazar-j-k-rowling","12":"first","13":"instock","14":"sale","15":"shipping-taxable","16":"purchasable","17":"product-type-simple"},"_links":{"self":[{"href":"https:\/\/roveyayinevi.com.tr\/index.php\/wp-json\/wp\/v2\/product\/734541","targetHints":{"allow":["GET"]}}],"collection":[{"href":"https:\/\/roveyayinevi.com.tr\/index.php\/wp-json\/wp\/v2\/product"}],"about":[{"href":"https:\/\/roveyayinevi.com.tr\/index.php\/wp-json\/wp\/v2\/types\/product"}],"wp:attachment":[{"href":"https:\/\/roveyayinevi.com.tr\/index.php\/wp-json\/wp\/v2\/media?parent=734541"}],"wp:term":[{"taxonomy":"product_brand","embeddable":true,"href":"https:\/\/roveyayinevi.com.tr\/index.php\/wp-json\/wp\/v2\/product_brand?post=734541"},{"taxonomy":"product_cat","embeddable":true,"href":"https:\/\/roveyayinevi.com.tr\/index.php\/wp-json\/wp\/v2\/product_cat?post=734541"},{"taxonomy":"product_tag","embeddable":true,"href":"https:\/\/roveyayinevi.com.tr\/index.php\/wp-json\/wp\/v2\/product_tag?post=734541"}],"curies":[{"name":"wp","href":"https:\/\/api.w.org\/{rel}","templated":true}]}}